{"id":1009,"date":"2018-07-01T12:18:20","date_gmt":"2018-07-01T15:18:20","guid":{"rendered":"https:\/\/ens7-caba.infd.edu.ar\/sitio\/?page_id=1009"},"modified":"2018-07-10T12:52:25","modified_gmt":"2018-07-10T15:52:25","slug":"programas-1o-ano-2015","status":"publish","type":"page","link":"https:\/\/ens7-caba.infd.edu.ar\/sitio\/programas-1o-ano-2015\/","title":{"rendered":"Programas 1\u00ba a\u00f1o 2015"},"content":{"rendered":"<p style=\"text-align: center;\"><span style=\"text-decoration: underline;\"><em><span style=\"font-family: arial, helvetica, sans-serif; font-size: 12pt;\">Importante<\/span><\/em><\/span><\/p>\n<p><em><span style=\"font-family: arial, helvetica, sans-serif; font-size: 12pt;\">Para poder imprimir los programas tienen que utilizar el navegador Mozilla. Buscar el programa e imprimir directamente del boton de impresi\u00f3n que muestra la p\u00e1gina.<\/span><\/em><\/p>\n<p><em><span style=\"font-family: arial, helvetica, sans-serif; font-size: 12pt;\">No podr\u00e1n imprimir el archivo si lo descargan.<\/span><\/em><\/p>\n<table id=\"table1\" style=\"width: 623px; height: 1013px;\" border=\"0\">\n<tbody>\n<tr>\n<td style=\"border: 1px solid #000000; text-align: center; width: 117.841px;\"><span data-mce-mark=\"1\"><strong><span data-mce-mark=\"1\"><a title=\"https:\/\/ens7-caba.infd.edu.ar\/aula\/archivos\/repositorio\/\/2000\/2192\/1a5_Educaci_n_F_sica2015.pdf\" href=\"https:\/\/ens7-caba.infd.edu.ar\/aula\/archivos\/repositorio\/\/2000\/2192\/1a5_Educaci_n_F_sica2015.pdf\" target=\"_NEW\">1\u00ba 1\u00ba<\/a><\/span><\/strong><\/span><\/td>\n<td style=\"border: 1px solid #000000; text-align: center; width: 117.841px;\"><span data-mce-mark=\"1\"><strong><span data-mce-mark=\"1\"><a title=\"https:\/\/ens7-caba.infd.edu.ar\/aula\/archivos\/repositorio\/\/2000\/2192\/1a5_Educaci_n_F_sica2015.pdf\" href=\"https:\/\/ens7-caba.infd.edu.ar\/aula\/archivos\/repositorio\/\/2000\/2192\/1a5_Educaci_n_F_sica2015.pdf\" target=\"_NEW\">1\u00ba 2\u00ba<\/a><\/span><\/strong><\/span><\/td>\n<td style=\"border: 1px solid #000000; text-align: center; width: 118.75px;\"><span data-mce-mark=\"1\"><strong><span data-mce-mark=\"1\"><a title=\"https:\/\/ens7-caba.infd.edu.ar\/aula\/archivos\/repositorio\/\/2000\/2192\/1a5_Educaci_n_F_sica2015.pdf\" href=\"https:\/\/ens7-caba.infd.edu.ar\/aula\/archivos\/repositorio\/\/2000\/2192\/1a5_Educaci_n_F_sica2015.pdf\" target=\"_NEW\">1\u00ba 3\u00ba<\/a><\/span><\/strong><\/span><\/td>\n<td style=\"border: 1px solid #000000; text-align: center; width: 118.75px;\"><span data-mce-mark=\"1\"><strong><span data-mce-mark=\"1\"><a title=\"https:\/\/ens7-caba.infd.edu.ar\/aula\/archivos\/repositorio\/\/2000\/2192\/1a5_Educaci_n_F_sica2015.pdf\" href=\"https:\/\/ens7-caba.infd.edu.ar\/aula\/archivos\/repositorio\/\/2000\/2192\/1a5_Educaci_n_F_sica2015.pdf\" target=\"_NEW\">1\u00ba 4\u00ba<\/a><\/span><\/strong><\/span><\/td>\n<\/tr>\n<tr>\n<td style=\"border: 1px solid #000000; text-align: center; width: 117.841px;\"><span data-mce-mark=\"1\"><span data-mce-mark=\"1\"><a title=\"https:\/\/ens7-caba.infd.edu.ar\/aula\/archivos\/repositorio\/\/2000\/2056\/1_LENGUA_2015.pdf\" href=\"https:\/\/ens7-caba.infd.edu.ar\/aula\/archivos\/repositorio\/\/2000\/2056\/1_LENGUA_2015.pdf\" target=\"_NEW\">Lengua y literatura<\/a><\/span><\/span><\/td>\n<td style=\"border: 1px solid #000000; text-align: center; width: 117.841px;\"><span data-mce-mark=\"1\"><span data-mce-mark=\"1\"><a title=\"https:\/\/ens7-caba.infd.edu.ar\/aula\/archivos\/repositorio\/\/2000\/2056\/1_LENGUA_2015.pdf\" href=\"https:\/\/ens7-caba.infd.edu.ar\/aula\/archivos\/repositorio\/\/2000\/2056\/1_LENGUA_2015.pdf\" target=\"_NEW\">Lengua y literatura<\/a><\/span><\/span><\/td>\n<td style=\"border: 1px solid #000000; text-align: center; width: 118.75px;\"><span data-mce-mark=\"1\"><span data-mce-mark=\"1\"><a title=\"https:\/\/ens7-caba.infd.edu.ar\/aula\/archivos\/repositorio\/\/2000\/2056\/1_LENGUA_2015.pdf\" href=\"https:\/\/ens7-caba.infd.edu.ar\/aula\/archivos\/repositorio\/\/2000\/2056\/1_LENGUA_2015.pdf\" target=\"_NEW\">Lengua y literatura<\/a><\/span><\/span><\/td>\n<td style=\"border: 1px solid #000000; text-align: center; width: 118.75px;\"><span data-mce-mark=\"1\">\u00a0<span data-mce-mark=\"1\"><span data-mce-mark=\"1\"><a title=\"https:\/\/ens7-caba.infd.edu.ar\/aula\/archivos\/repositorio\/\/2000\/2056\/1_LENGUA_2015.pdf\" href=\"https:\/\/ens7-caba.infd.edu.ar\/aula\/archivos\/repositorio\/\/2000\/2056\/1_LENGUA_2015.pdf\" target=\"_NEW\">Lengua y literatura<\/a><\/span><\/span><\/span><\/td>\n<\/tr>\n<tr>\n<td style=\"border: 1px solid #000000; text-align: center; width: 117.841px;\"><span data-mce-mark=\"1\"><span data-mce-mark=\"1\"><a title=\"https:\/\/ens7-caba.infd.edu.ar\/aula\/archivos\/repositorio\/\/2000\/2058\/1_INGLES_2015.pdf\" href=\"https:\/\/ens7-caba.infd.edu.ar\/aula\/archivos\/repositorio\/\/2000\/2058\/1_INGLES_2015.pdf\" target=\"_NEW\">Ingl\u00e9s<\/a><\/span><\/span><\/td>\n<td style=\"border: 1px solid #000000; text-align: center; width: 117.841px;\"><span data-mce-mark=\"1\"><span data-mce-mark=\"1\"><a title=\"https:\/\/ens7-caba.infd.edu.ar\/aula\/archivos\/repositorio\/\/2000\/2052\/1_FRANCES_2015.pdf\" href=\"https:\/\/ens7-caba.infd.edu.ar\/aula\/archivos\/repositorio\/\/2000\/2052\/1_FRANCES_2015.pdf\" target=\"_NEW\">Franc\u00e9s<\/a><\/span><\/span><\/td>\n<td style=\"border: 1px solid #000000; text-align: center; width: 118.75px;\"><a title=\"https:\/\/ens7-caba.infd.edu.ar\/aula\/archivos\/repositorio\/\/2000\/2058\/1_INGLES_2015.pdf\" href=\"https:\/\/ens7-caba.infd.edu.ar\/aula\/archivos\/repositorio\/\/2000\/2058\/1_INGLES_2015.pdf\" target=\"_NEW\">Ingl\u00e9s<\/a><\/td>\n<td style=\"border: 1px solid #000000; text-align: center; width: 118.75px;\"><a title=\"https:\/\/ens7-caba.infd.edu.ar\/aula\/archivos\/repositorio\/\/2000\/2052\/1_FRANCES_2015.pdf\" href=\"https:\/\/ens7-caba.infd.edu.ar\/aula\/archivos\/repositorio\/\/2000\/2052\/1_FRANCES_2015.pdf\" target=\"_NEW\">Franc\u00e9s<\/a><\/td>\n<\/tr>\n<tr>\n<td style=\"border: 1px solid #000000; text-align: center; width: 117.841px;\"><span data-mce-mark=\"1\"><span data-mce-mark=\"1\"><a title=\"https:\/\/ens7-caba.infd.edu.ar\/aula\/archivos\/repositorio\/\/2000\/2107\/1Matem_tica.pdf\" href=\"https:\/\/ens7-caba.infd.edu.ar\/aula\/archivos\/repositorio\/\/2000\/2107\/1Matem_tica.pdf\" target=\"_NEW\">Matem\u00e1tica<\/a><\/span><\/span><\/td>\n<td style=\"border: 1px solid #000000; text-align: center; width: 117.841px;\"><span data-mce-mark=\"1\"><span data-mce-mark=\"1\"><a title=\"https:\/\/ens7-caba.infd.edu.ar\/aula\/archivos\/repositorio\/\/2000\/2107\/1Matem_tica.pdf\" href=\"https:\/\/ens7-caba.infd.edu.ar\/aula\/archivos\/repositorio\/\/2000\/2107\/1Matem_tica.pdf\" target=\"_NEW\">Matem\u00e1tica<\/a><\/span><\/span><\/td>\n<td style=\"border: 1px solid #000000; text-align: center; width: 118.75px;\"><span data-mce-mark=\"1\"><span data-mce-mark=\"1\"><a title=\"https:\/\/ens7-caba.infd.edu.ar\/aula\/archivos\/repositorio\/\/2000\/2107\/1Matem_tica.pdf\" href=\"https:\/\/ens7-caba.infd.edu.ar\/aula\/archivos\/repositorio\/\/2000\/2107\/1Matem_tica.pdf\" target=\"_NEW\">Matem\u00e1tica<\/a><\/span><\/span><\/td>\n<td style=\"border: 1px solid #000000; text-align: center; width: 118.75px;\"><span data-mce-mark=\"1\"><span data-mce-mark=\"1\"><a title=\"https:\/\/ens7-caba.infd.edu.ar\/aula\/archivos\/repositorio\/\/2000\/2107\/1Matem_tica.pdf\" href=\"https:\/\/ens7-caba.infd.edu.ar\/aula\/archivos\/repositorio\/\/2000\/2107\/1Matem_tica.pdf\" target=\"_NEW\">Matem\u00e1tica<\/a><\/span><\/span><\/td>\n<\/tr>\n<tr>\n<td style=\"border: 1px solid #000000; text-align: center; width: 117.841px;\"><span data-mce-mark=\"1\"><span data-mce-mark=\"1\"><a title=\"https:\/\/ens7-caba.infd.edu.ar\/aula\/archivos\/repositorio\/\/2000\/2105\/1Biolog_a.pdf\" href=\"https:\/\/ens7-caba.infd.edu.ar\/aula\/archivos\/repositorio\/\/2000\/2105\/1Biolog_a.pdf\" target=\"_NEW\">Ciencias Biol\u00f3gicas<\/a><\/span><\/span><\/td>\n<td style=\"border: 1px solid #000000; text-align: center; width: 117.841px;\"><span data-mce-mark=\"1\"><span data-mce-mark=\"1\"><a title=\"https:\/\/ens7-caba.infd.edu.ar\/aula\/archivos\/repositorio\/\/2000\/2105\/1Biolog_a.pdf\" href=\"https:\/\/ens7-caba.infd.edu.ar\/aula\/archivos\/repositorio\/\/2000\/2105\/1Biolog_a.pdf\" target=\"_NEW\">Ciencias Biol\u00f3gicas<\/a><\/span><\/span><\/td>\n<td style=\"border: 1px solid #000000; text-align: center; width: 118.75px;\"><span data-mce-mark=\"1\"><span data-mce-mark=\"1\"><a title=\"https:\/\/ens7-caba.infd.edu.ar\/aula\/archivos\/repositorio\/\/2000\/2105\/1Biolog_a.pdf\" href=\"https:\/\/ens7-caba.infd.edu.ar\/aula\/archivos\/repositorio\/\/2000\/2105\/1Biolog_a.pdf\" target=\"_NEW\">Ciencias Biol\u00f3gicas<\/a><\/span><\/span><\/td>\n<td style=\"border: 1px solid #000000; text-align: center; width: 118.75px;\"><span data-mce-mark=\"1\"><span data-mce-mark=\"1\"><a title=\"https:\/\/ens7-caba.infd.edu.ar\/aula\/archivos\/repositorio\/\/2000\/2105\/1Biolog_a.pdf\" href=\"https:\/\/ens7-caba.infd.edu.ar\/aula\/archivos\/repositorio\/\/2000\/2105\/1Biolog_a.pdf\" target=\"_NEW\">Ciencias Biol\u00f3gicas<\/a><\/span><\/span><\/td>\n<\/tr>\n<tr>\n<td style=\"border: 1px solid #000000; text-align: center; width: 117.841px;\"><span data-mce-mark=\"1\"><span data-mce-mark=\"1\"><a title=\"https:\/\/ens7-caba.infd.edu.ar\/aula\/archivos\/repositorio\/\/2000\/2110\/1Geografia.pdf\" href=\"https:\/\/ens7-caba.infd.edu.ar\/aula\/archivos\/repositorio\/\/2000\/2110\/1Geografia.pdf\" target=\"_NEW\">Geograf\u00eda<\/a><\/span><\/span><\/td>\n<td style=\"border: 1px solid #000000; text-align: center; width: 117.841px;\"><span data-mce-mark=\"1\"><span data-mce-mark=\"1\"><a title=\"https:\/\/ens7-caba.infd.edu.ar\/aula\/archivos\/repositorio\/\/2000\/2110\/1Geografia.pdf\" href=\"https:\/\/ens7-caba.infd.edu.ar\/aula\/archivos\/repositorio\/\/2000\/2110\/1Geografia.pdf\" target=\"_NEW\">Geograf\u00eda<\/a><\/span><\/span><\/td>\n<td style=\"border: 1px solid #000000; text-align: center; width: 118.75px;\"><span data-mce-mark=\"1\"><span data-mce-mark=\"1\"><a title=\"https:\/\/ens7-caba.infd.edu.ar\/aula\/archivos\/repositorio\/\/2000\/2110\/1Geografia.pdf\" href=\"https:\/\/ens7-caba.infd.edu.ar\/aula\/archivos\/repositorio\/\/2000\/2110\/1Geografia.pdf\" target=\"_NEW\">Geograf\u00eda<\/a><\/span><\/span><\/td>\n<td style=\"border: 1px solid #000000; text-align: center; width: 118.75px;\"><span data-mce-mark=\"1\"><span data-mce-mark=\"1\"><a title=\"https:\/\/ens7-caba.infd.edu.ar\/aula\/archivos\/repositorio\/\/2000\/2110\/1Geografia.pdf\" href=\"https:\/\/ens7-caba.infd.edu.ar\/aula\/archivos\/repositorio\/\/2000\/2110\/1Geografia.pdf\" target=\"_NEW\">Geograf\u00eda<\/a><\/span><\/span><\/td>\n<\/tr>\n<tr>\n<td style=\"border: 1px solid #000000; text-align: center; width: 117.841px;\"><span data-mce-mark=\"1\"><span data-mce-mark=\"1\"><a title=\"https:\/\/ens7-caba.infd.edu.ar\/aula\/archivos\/repositorio\/\/2000\/2116\/1Historia.pdf\" href=\"https:\/\/ens7-caba.infd.edu.ar\/aula\/archivos\/repositorio\/\/2000\/2116\/1Historia.pdf\" target=\"_NEW\">Historia<\/a><\/span><\/span><\/td>\n<td style=\"border: 1px solid #000000; text-align: center; width: 117.841px;\"><span data-mce-mark=\"1\"><span data-mce-mark=\"1\"><a title=\"https:\/\/ens7-caba.infd.edu.ar\/aula\/archivos\/repositorio\/\/2000\/2116\/1Historia.pdf\" href=\"https:\/\/ens7-caba.infd.edu.ar\/aula\/archivos\/repositorio\/\/2000\/2116\/1Historia.pdf\" target=\"_NEW\">Historia<\/a><\/span><\/span><\/td>\n<td style=\"border: 1px solid #000000; text-align: center; width: 118.75px;\"><span data-mce-mark=\"1\"><span data-mce-mark=\"1\"><a title=\"https:\/\/ens7-caba.infd.edu.ar\/aula\/archivos\/repositorio\/\/2000\/2116\/1Historia.pdf\" href=\"https:\/\/ens7-caba.infd.edu.ar\/aula\/archivos\/repositorio\/\/2000\/2116\/1Historia.pdf\" target=\"_NEW\">Historia<\/a><\/span><\/span><\/td>\n<td style=\"border: 1px solid #000000; text-align: center; width: 118.75px;\"><span data-mce-mark=\"1\"><span data-mce-mark=\"1\"><a title=\"https:\/\/ens7-caba.infd.edu.ar\/aula\/archivos\/repositorio\/\/2000\/2116\/1Historia.pdf\" href=\"https:\/\/ens7-caba.infd.edu.ar\/aula\/archivos\/repositorio\/\/2000\/2116\/1Historia.pdf\" target=\"_NEW\">Historia<\/a><\/span><\/span><\/td>\n<\/tr>\n<tr>\n<td style=\"border: 1px solid #000000; text-align: center; width: 117.841px;\"><span data-mce-mark=\"1\"><span data-mce-mark=\"1\"><a title=\"https:\/\/ens7-caba.infd.edu.ar\/aula\/archivos\/repositorio\/\/2000\/2122\/111213_Educaci_n_Ciudadana.pdf\" href=\"https:\/\/ens7-caba.infd.edu.ar\/aula\/archivos\/repositorio\/\/2000\/2122\/111213_Educaci_n_Ciudadana.pdf\" target=\"_NEW\">Educaci\u00f3n Ciudadana<\/a><\/span><\/span><\/td>\n<td style=\"border: 1px solid #000000; text-align: center; width: 117.841px;\"><span data-mce-mark=\"1\"><span data-mce-mark=\"1\"><a title=\"https:\/\/ens7-caba.infd.edu.ar\/aula\/archivos\/repositorio\/\/2000\/2122\/111213_Educaci_n_Ciudadana.pdf\" href=\"https:\/\/ens7-caba.infd.edu.ar\/aula\/archivos\/repositorio\/\/2000\/2122\/111213_Educaci_n_Ciudadana.pdf\" target=\"_NEW\">Educaci\u00f3n Ciudadana<\/a><\/span><\/span><\/td>\n<td style=\"border: 1px solid #000000; text-align: center; width: 118.75px;\"><span data-mce-mark=\"1\"><span data-mce-mark=\"1\"><a title=\"https:\/\/ens7-caba.infd.edu.ar\/aula\/archivos\/repositorio\/\/2000\/2122\/111213_Educaci_n_Ciudadana.pdf\" href=\"https:\/\/ens7-caba.infd.edu.ar\/aula\/archivos\/repositorio\/\/2000\/2122\/111213_Educaci_n_Ciudadana.pdf\" target=\"_NEW\">Educaci\u00f3n Ciudadana<\/a><\/span><\/span><\/td>\n<td style=\"border: 1px solid #000000; text-align: center; width: 118.75px;\"><span data-mce-mark=\"1\"><span data-mce-mark=\"1\"><a title=\"https:\/\/ens7-caba.infd.edu.ar\/aula\/archivos\/repositorio\/\/2000\/2120\/14_Educacion_Ciudadana.pdf\" href=\"https:\/\/ens7-caba.infd.edu.ar\/aula\/archivos\/repositorio\/\/2000\/2120\/14_Educacion_Ciudadana.pdf\" target=\"_NEW\">Educaci\u00f3n Ciudadana<\/a><\/span><\/span><\/td>\n<\/tr>\n<tr>\n<td style=\"border: 1px solid #000000; text-align: center; width: 117.841px;\"><span data-mce-mark=\"1\"><span data-mce-mark=\"1\"><a title=\"https:\/\/ens7-caba.infd.edu.ar\/aula\/archivos\/repositorio\/\/2000\/2155\/1112y13musica.pdf\" href=\"https:\/\/ens7-caba.infd.edu.ar\/aula\/archivos\/repositorio\/\/2000\/2155\/1112y13musica.pdf\" target=\"_NEW\">Educ. Est. M\u00fasica<\/a><\/span><\/span><\/td>\n<td style=\"border: 1px solid #000000; text-align: center; width: 117.841px;\"><span data-mce-mark=\"1\"><span data-mce-mark=\"1\"><a title=\"https:\/\/ens7-caba.infd.edu.ar\/aula\/archivos\/repositorio\/\/2000\/2155\/1112y13musica.pdf\" href=\"https:\/\/ens7-caba.infd.edu.ar\/aula\/archivos\/repositorio\/\/2000\/2155\/1112y13musica.pdf\" target=\"_NEW\">Educ. Est. M\u00fasica<\/a><\/span><\/span><\/td>\n<td style=\"border: 1px solid #000000; text-align: center; width: 118.75px;\"><span data-mce-mark=\"1\"><span data-mce-mark=\"1\"><a title=\"https:\/\/ens7-caba.infd.edu.ar\/aula\/archivos\/repositorio\/\/2000\/2155\/1112y13musica.pdf\" href=\"https:\/\/ens7-caba.infd.edu.ar\/aula\/archivos\/repositorio\/\/2000\/2155\/1112y13musica.pdf\" target=\"_NEW\">Educ. Est. M\u00fasica<\/a><\/span><\/span><\/td>\n<td style=\"border: 1px solid #000000; text-align: center; width: 118.75px;\"><span data-mce-mark=\"1\"><span data-mce-mark=\"1\"><a title=\"https:\/\/ens7-caba.infd.edu.ar\/aula\/archivos\/repositorio\/\/2000\/2157\/14musica.pdf\" href=\"https:\/\/ens7-caba.infd.edu.ar\/aula\/archivos\/repositorio\/\/2000\/2157\/14musica.pdf\" target=\"_NEW\">Educ. Est. M\u00fasica<\/a><\/span><\/span><\/td>\n<\/tr>\n<tr>\n<td style=\"border: 1px solid #000000; text-align: center; width: 117.841px;\"><span data-mce-mark=\"1\"><span data-mce-mark=\"1\"><a title=\"https:\/\/ens7-caba.infd.edu.ar\/aula\/archivos\/repositorio\/\/2000\/2159\/11y13plastica.pdf\" href=\"https:\/\/ens7-caba.infd.edu.ar\/aula\/archivos\/repositorio\/\/2000\/2159\/11y13plastica.pdf\" target=\"_NEW\">Educ. Est. Pl\u00e1stica<\/a><\/span><\/span><\/td>\n<td style=\"border: 1px solid #000000; text-align: center; width: 117.841px;\"><span data-mce-mark=\"1\"><span data-mce-mark=\"1\"><a title=\"https:\/\/ens7-caba.infd.edu.ar\/aula\/archivos\/repositorio\/\/2000\/2156\/12plastica.pdf\" href=\"https:\/\/ens7-caba.infd.edu.ar\/aula\/archivos\/repositorio\/\/2000\/2156\/12plastica.pdf\" target=\"_NEW\">Educ. Est. Pl\u00e1stica<\/a><\/span><\/span><\/td>\n<td style=\"border: 1px solid #000000; text-align: center; width: 118.75px;\"><a title=\"https:\/\/ens7-caba.infd.edu.ar\/aula\/archivos\/repositorio\/\/2000\/2155\/1112y13musica.pdf\" href=\"https:\/\/ens7-caba.infd.edu.ar\/aula\/archivos\/repositorio\/\/2000\/2155\/1112y13musica.pdf\" target=\"_NEW\">Educ. Est. Pl\u00e1stica<\/a><\/td>\n<td style=\"border: 1px solid #000000; text-align: center; width: 118.75px;\"><span data-mce-mark=\"1\"><span data-mce-mark=\"1\"><a title=\"https:\/\/ens7-caba.infd.edu.ar\/aula\/archivos\/repositorio\/\/2000\/2160\/14plastica.pdf\" href=\"https:\/\/ens7-caba.infd.edu.ar\/aula\/archivos\/repositorio\/\/2000\/2160\/14plastica.pdf\" target=\"_NEW\">Educ. Est. Pl\u00e1stica<\/a><\/span><\/span><\/td>\n<\/tr>\n<tr>\n<td style=\"border: 1px solid #000000; text-align: center; width: 117.841px;\"><span data-mce-mark=\"1\"><span data-mce-mark=\"1\"><span data-mce-mark=\"1\"><a title=\"https:\/\/ens7-caba.infd.edu.ar\/aula\/archivos\/repositorio\/\/2000\/2175\/111213_TECNOLOGIA.pdf\" href=\"https:\/\/ens7-caba.infd.edu.ar\/aula\/archivos\/repositorio\/\/2000\/2175\/111213_TECNOLOGIA.pdf\" target=\"_NEW\">Educ. Tecnol\u00f3gica<\/a><\/span><\/span><\/span><\/td>\n<td style=\"border: 1px solid #000000; text-align: center; width: 117.841px;\"><span data-mce-mark=\"1\"><span data-mce-mark=\"1\"><span data-mce-mark=\"1\"><a title=\"https:\/\/ens7-caba.infd.edu.ar\/aula\/archivos\/repositorio\/\/2000\/2175\/111213_TECNOLOGIA.pdf\" href=\"https:\/\/ens7-caba.infd.edu.ar\/aula\/archivos\/repositorio\/\/2000\/2175\/111213_TECNOLOGIA.pdf\" target=\"_NEW\">Educ. Tecnol\u00f3gica<\/a><\/span><\/span><\/span><\/td>\n<td style=\"border: 1px solid #000000; text-align: center; width: 118.75px;\"><span data-mce-mark=\"1\"><span data-mce-mark=\"1\"><span data-mce-mark=\"1\"><a title=\"https:\/\/ens7-caba.infd.edu.ar\/aula\/archivos\/repositorio\/\/2000\/2175\/111213_TECNOLOGIA.pdf\" href=\"https:\/\/ens7-caba.infd.edu.ar\/aula\/archivos\/repositorio\/\/2000\/2175\/111213_TECNOLOGIA.pdf\" target=\"_NEW\">Educ. Tecnol\u00f3gica<\/a><\/span><\/span><\/span><\/td>\n<td style=\"border: 1px solid #000000; text-align: center; width: 118.75px;\"><span data-mce-mark=\"1\"><span data-mce-mark=\"1\"><span data-mce-mark=\"1\"><a title=\"https:\/\/ens7-caba.infd.edu.ar\/aula\/archivos\/repositorio\/\/2000\/2171\/14_TECNOLOGIA.pdf\" href=\"https:\/\/ens7-caba.infd.edu.ar\/aula\/archivos\/repositorio\/\/2000\/2171\/14_TECNOLOGIA.pdf\" target=\"_NEW\">Educ. Tecnol\u00f3gica<\/a><\/span><\/span><\/span><\/td>\n<\/tr>\n<tr>\n<td style=\"border: 1px solid #000000; text-align: center; width: 117.841px;\"><a title=\"https:\/\/ens7-caba.infd.edu.ar\/aula\/archivos\/repositorio\/\/2000\/2192\/1a5_Educaci_n_F_sica2015.pdf\" href=\"https:\/\/ens7-caba.infd.edu.ar\/aula\/archivos\/repositorio\/\/2000\/2192\/1a5_Educaci_n_F_sica2015.pdf\" target=\"_NEW\">Educ. Est. F\u00edsica<\/a><\/td>\n<td style=\"border: 1px solid #000000; text-align: center; width: 117.841px;\"><a title=\"https:\/\/ens7-caba.infd.edu.ar\/aula\/archivos\/repositorio\/\/2000\/2192\/1a5_Educaci_n_F_sica2015.pdf\" href=\"https:\/\/ens7-caba.infd.edu.ar\/aula\/archivos\/repositorio\/\/2000\/2192\/1a5_Educaci_n_F_sica2015.pdf\" target=\"_NEW\">Educ. Est. F\u00edsica<\/a><\/td>\n<td style=\"border: 1px solid #000000; text-align: center; width: 118.75px;\"><a title=\"https:\/\/ens7-caba.infd.edu.ar\/aula\/archivos\/repositorio\/\/2000\/2192\/1a5_Educaci_n_F_sica2015.pdf\" href=\"https:\/\/ens7-caba.infd.edu.ar\/aula\/archivos\/repositorio\/\/2000\/2192\/1a5_Educaci_n_F_sica2015.pdf\" target=\"_NEW\">Educ. Est. F\u00edsica<\/a><\/td>\n<td style=\"border: 1px solid #000000; text-align: center; width: 118.75px;\"><a title=\"https:\/\/ens7-caba.infd.edu.ar\/aula\/archivos\/repositorio\/\/2000\/2192\/1a5_Educaci_n_F_sica2015.pdf\" href=\"https:\/\/ens7-caba.infd.edu.ar\/aula\/archivos\/repositorio\/\/2000\/2192\/1a5_Educaci_n_F_sica2015.pdf\" target=\"_NEW\">Educ. Est. F\u00edsica<\/a><\/td>\n<\/tr>\n<\/tbody>\n<\/table>\n","protected":false},"excerpt":{"rendered":"<p>Importante Para poder imprimir los programas tienen que utilizar el navegador Mozilla. Buscar el programa e imprimir directamente del boton de impresi\u00f3n que muestra la p\u00e1gina. No podr\u00e1n imprimir el archivo si lo descargan. 1\u00ba 1\u00ba 1\u00ba 2\u00ba 1\u00ba 3\u00ba 1\u00ba 4\u00ba Lengua y literatura Lengua y literatura Lengua y literatura \u00a0Lengua y literatura Ingl\u00e9s &#8230; <a title=\"Programas 1\u00ba a\u00f1o 2015\" class=\"read-more\" href=\"https:\/\/ens7-caba.infd.edu.ar\/sitio\/programas-1o-ano-2015\/\" aria-label=\"More on Programas 1\u00ba a\u00f1o 2015\">[+]<\/a><\/p>\n","protected":false},"author":2274,"featured_media":0,"parent":0,"menu_order":0,"comment_status":"closed","ping_status":"closed","template":"","meta":[],"acf":[],"_links":{"self":[{"href":"https:\/\/ens7-caba.infd.edu.ar\/sitio\/wp-json\/wp\/v2\/pages\/1009"}],"collection":[{"href":"https:\/\/ens7-caba.infd.edu.ar\/sitio\/wp-json\/wp\/v2\/pages"}],"about":[{"href":"https:\/\/ens7-caba.infd.edu.ar\/sitio\/wp-json\/wp\/v2\/types\/page"}],"author":[{"embeddable":true,"href":"https:\/\/ens7-caba.infd.edu.ar\/sitio\/wp-json\/wp\/v2\/users\/2274"}],"replies":[{"embeddable":true,"href":"https:\/\/ens7-caba.infd.edu.ar\/sitio\/wp-json\/wp\/v2\/comments?post=1009"}],"version-history":[{"count":1,"href":"https:\/\/ens7-caba.infd.edu.ar\/sitio\/wp-json\/wp\/v2\/pages\/1009\/revisions"}],"predecessor-version":[{"id":1146,"href":"https:\/\/ens7-caba.infd.edu.ar\/sitio\/wp-json\/wp\/v2\/pages\/1009\/revisions\/1146"}],"wp:attachment":[{"href":"https:\/\/ens7-caba.infd.edu.ar\/sitio\/wp-json\/wp\/v2\/media?parent=1009"}],"curies":[{"name":"wp","href":"https:\/\/api.w.org\/{rel}","templated":true}]}}