{"id":1013,"date":"2018-07-01T22:55:12","date_gmt":"2018-07-02T01:55:12","guid":{"rendered":"https:\/\/ens7-caba.infd.edu.ar\/sitio\/?page_id=1013"},"modified":"2018-07-10T12:52:25","modified_gmt":"2018-07-10T15:52:25","slug":"programas-5o-ano-2015","status":"publish","type":"page","link":"https:\/\/ens7-caba.infd.edu.ar\/sitio\/programas-5o-ano-2015\/","title":{"rendered":"Programas 5\u00ba a\u00f1o 2015"},"content":{"rendered":"<p style=\"text-align: center;\"><span style=\"text-decoration: underline;\"><em><span style=\"font-family: arial, helvetica, sans-serif; font-size: 12pt;\">Importante<\/span><\/em><\/span><\/p>\n<p><em><span style=\"font-family: arial, helvetica, sans-serif; font-size: 12pt;\">Para poder imprimir los programas tienen que utilizar el navegador Mozilla. Buscar el programa e imprimir directamente del boton de impresi\u00f3n que muestra la p\u00e1gina.<\/span><\/em><\/p>\n<p><em><span style=\"font-family: arial, helvetica, sans-serif; font-size: 12pt;\">No podr\u00e1n imprimir el archivo si lo descargan.<\/span><\/em><\/p>\n<table id=\"table1\" border=\"0\">\n<tbody>\n<tr>\n<td style=\"border: 1px solid #0f0000; width: 148px;\">\n<p style=\"text-align: center;\"><strong>5\u00ba 1\u00ba<\/strong><\/p>\n<\/td>\n<td style=\"text-align: center; border: 1px solid #0a0000; width: 24%;\"><strong>5\u00ba 2\u00ba<\/strong><\/td>\n<td style=\"border: 1px solid #000000; text-align: center;\"><strong>5\u00ba 3\u00ba<\/strong><\/td>\n<td style=\"border: 1px solid #000000; text-align: center;\"><strong>5\u00ba 4\u00ba<\/strong><\/td>\n<\/tr>\n<tr>\n<td style=\"border: 1px solid #000000; text-align: center;\"><a class=\"LinkModi\" title=\"https:\/\/ens7-caba.infd.edu.ar\/aula\/archivos\/repositorio\/\/1250\/1408\/5toliteratura2014.pdf\" href=\"https:\/\/ens7-caba.infd.edu.ar\/aula\/archivos\/repositorio\/\/1250\/1408\/5toliteratura2014.pdf\" target=\"_NEW\">\u00a0<\/a><a title=\"https:\/\/ens7-caba.infd.edu.ar\/aula\/archivos\/repositorio\/\/2000\/2098\/51_52_Literatura.pdf\" href=\"https:\/\/ens7-caba.infd.edu.ar\/aula\/archivos\/repositorio\/\/2000\/2098\/51_52_Literatura.pdf\" target=\"_NEW\">Literatura<\/a><\/td>\n<td style=\"border: 1px solid #000000; text-align: center;\"><a title=\"https:\/\/ens7-caba.infd.edu.ar\/aula\/archivos\/repositorio\/\/2000\/2072\/52lengua_2015.pdf\" href=\"https:\/\/ens7-caba.infd.edu.ar\/aula\/archivos\/repositorio\/\/2000\/2072\/52lengua_2015.pdf\" target=\"_NEW\">Literatura<\/a><\/td>\n<td style=\"border: 1px solid #000000; text-align: center;\"><a title=\"https:\/\/ens7-caba.infd.edu.ar\/aula\/archivos\/repositorio\/\/2000\/2150\/53y54lengua.pdf\" href=\"https:\/\/ens7-caba.infd.edu.ar\/aula\/archivos\/repositorio\/\/2000\/2150\/53y54lengua.pdf\" target=\"_NEW\">Lengua<\/a><\/td>\n<td style=\"border: 1px solid #000000; text-align: center;\"><a title=\"https:\/\/ens7-caba.infd.edu.ar\/aula\/archivos\/repositorio\/\/2000\/2150\/53y54lengua.pdf\" href=\"https:\/\/ens7-caba.infd.edu.ar\/aula\/archivos\/repositorio\/\/2000\/2150\/53y54lengua.pdf\" target=\"_NEW\">Lengua<\/a><\/td>\n<\/tr>\n<tr>\n<td style=\"border: 1px solid #000000; text-align: center;\">\u00a0<a title=\"https:\/\/ens7-caba.infd.edu.ar\/aula\/archivos\/repositorio\/\/2000\/2094\/51_52_53_54_Matem_tica.pdf\" href=\"https:\/\/ens7-caba.infd.edu.ar\/aula\/archivos\/repositorio\/\/2000\/2094\/51_52_53_54_Matem_tica.pdf\" target=\"_NEW\">Matem\u00e1tica<\/a><\/td>\n<td style=\"border: 1px solid #000000; text-align: center;\"><a title=\"https:\/\/ens7-caba.infd.edu.ar\/aula\/archivos\/repositorio\/\/2000\/2094\/51_52_53_54_Matem_tica.pdf\" href=\"https:\/\/ens7-caba.infd.edu.ar\/aula\/archivos\/repositorio\/\/2000\/2094\/51_52_53_54_Matem_tica.pdf\" target=\"_NEW\">Matem\u00e1tica<\/a><\/td>\n<td style=\"border: 1px solid #000000; text-align: center;\"><a title=\"https:\/\/ens7-caba.infd.edu.ar\/aula\/archivos\/repositorio\/\/2000\/2094\/51_52_53_54_Matem_tica.pdf\" href=\"https:\/\/ens7-caba.infd.edu.ar\/aula\/archivos\/repositorio\/\/2000\/2094\/51_52_53_54_Matem_tica.pdf\" target=\"_NEW\">Matem\u00e1tica<\/a><\/td>\n<td style=\"border: 1px solid #000000; text-align: center;\"><a title=\"https:\/\/ens7-caba.infd.edu.ar\/aula\/archivos\/repositorio\/\/2000\/2094\/51_52_53_54_Matem_tica.pdf\" href=\"https:\/\/ens7-caba.infd.edu.ar\/aula\/archivos\/repositorio\/\/2000\/2094\/51_52_53_54_Matem_tica.pdf\" target=\"_NEW\">Matem\u00e1tica<\/a><\/td>\n<\/tr>\n<tr>\n<td style=\"border: 1px solid #000000; text-align: center;\"><a title=\"https:\/\/ens7-caba.infd.edu.ar\/aula\/archivos\/repositorio\/\/2000\/2093\/51_52_53_54_Franc_s.pdf\" href=\"https:\/\/ens7-caba.infd.edu.ar\/aula\/archivos\/repositorio\/\/2000\/2093\/51_52_53_54_Franc_s.pdf\" target=\"_NEW\">Franc\u00e9s<\/a>\/<a title=\"https:\/\/ens7-caba.infd.edu.ar\/aula\/archivos\/repositorio\/\/2000\/2095\/51_52_Ingl_s.pdf\" href=\"https:\/\/ens7-caba.infd.edu.ar\/aula\/archivos\/repositorio\/\/2000\/2095\/51_52_Ingl_s.pdf\" target=\"_NEW\">Ingl\u00e9s<\/a><\/td>\n<td style=\"border: 1px solid #000000; text-align: center;\">\u00a0<a title=\"https:\/\/ens7-caba.infd.edu.ar\/aula\/archivos\/repositorio\/\/2000\/2070\/52fraces2015.pdf\" href=\"https:\/\/ens7-caba.infd.edu.ar\/aula\/archivos\/repositorio\/\/2000\/2070\/52fraces2015.pdf\" target=\"_NEW\">Franc\u00e9s<\/a>\/<a title=\"https:\/\/ens7-caba.infd.edu.ar\/aula\/archivos\/repositorio\/\/2000\/2074\/52_INGL_S2015.pdf\" href=\"https:\/\/ens7-caba.infd.edu.ar\/aula\/archivos\/repositorio\/\/2000\/2074\/52_INGL_S2015.pdf\" target=\"_NEW\">Ingl\u00e9s<\/a><\/td>\n<td style=\"border: 1px solid #000000; text-align: center;\"><a title=\"https:\/\/ens7-caba.infd.edu.ar\/aula\/archivos\/repositorio\/\/2000\/2093\/51_52_53_54_Franc_s.pdf\" href=\"https:\/\/ens7-caba.infd.edu.ar\/aula\/archivos\/repositorio\/\/2000\/2093\/51_52_53_54_Franc_s.pdf\" target=\"_NEW\">Franc\u00e9s<\/a>\/<a title=\"https:\/\/ens7-caba.infd.edu.ar\/aula\/archivos\/repositorio\/\/2000\/2132\/5ingl_s.pdf\" href=\"https:\/\/ens7-caba.infd.edu.ar\/aula\/archivos\/repositorio\/\/2000\/2132\/5ingl_s.pdf\" target=\"_NEW\">Ingl\u00e9s<\/a><\/td>\n<td style=\"border: 1px solid #000000; text-align: center;\"><a title=\"https:\/\/ens7-caba.infd.edu.ar\/aula\/archivos\/repositorio\/\/2000\/2093\/51_52_53_54_Franc_s.pdf\" href=\"https:\/\/ens7-caba.infd.edu.ar\/aula\/archivos\/repositorio\/\/2000\/2093\/51_52_53_54_Franc_s.pdf\" target=\"_NEW\">Franc\u00e9s<\/a>\/<a title=\"https:\/\/ens7-caba.infd.edu.ar\/aula\/archivos\/repositorio\/\/2000\/2132\/5ingl_s.pdf\" href=\"https:\/\/ens7-caba.infd.edu.ar\/aula\/archivos\/repositorio\/\/2000\/2132\/5ingl_s.pdf\" target=\"_NEW\">Ingl\u00e9s<\/a><\/td>\n<\/tr>\n<tr>\n<td style=\"border: 1px solid #000000; text-align: center;\"><a title=\"https:\/\/ens7-caba.infd.edu.ar\/aula\/archivos\/repositorio\/\/2000\/2091\/51_52_F_sica.pdf\" href=\"https:\/\/ens7-caba.infd.edu.ar\/aula\/archivos\/repositorio\/\/2000\/2091\/51_52_F_sica.pdf\" target=\"_NEW\">F\u00edsica<\/a><\/td>\n<td style=\"border: 1px solid #000000; text-align: center;\"><a title=\"https:\/\/ens7-caba.infd.edu.ar\/aula\/archivos\/repositorio\/\/2000\/2075\/52ifisica.2015.pdf\" href=\"https:\/\/ens7-caba.infd.edu.ar\/aula\/archivos\/repositorio\/\/2000\/2075\/52ifisica.2015.pdf\" target=\"_NEW\">F\u00edsica<\/a><\/td>\n<td style=\"border: 1px solid #000000; text-align: center;\"><a title=\"https:\/\/ens7-caba.infd.edu.ar\/aula\/archivos\/repositorio\/\/2000\/2153\/53qu_mica.pdf\" href=\"https:\/\/ens7-caba.infd.edu.ar\/aula\/archivos\/repositorio\/\/2000\/2153\/53qu_mica.pdf\" target=\"_NEW\">Qu\u00edmica<\/a><\/td>\n<td style=\"border: 1px solid #000000; text-align: center;\"><a title=\"https:\/\/ens7-caba.infd.edu.ar\/aula\/archivos\/repositorio\/\/2000\/2145\/54qu_mica.pdf\" href=\"https:\/\/ens7-caba.infd.edu.ar\/aula\/archivos\/repositorio\/\/2000\/2145\/54qu_mica.pdf\" target=\"_NEW\">Qu\u00edmica<\/a><\/td>\n<\/tr>\n<tr>\n<td style=\"border: 1px solid #000000; text-align: center;\">\n<p style=\"text-align: center;\"><a title=\"https:\/\/ens7-caba.infd.edu.ar\/aula\/archivos\/repositorio\/\/2000\/2100\/51_Qu_mica.pdf\" href=\"https:\/\/ens7-caba.infd.edu.ar\/aula\/archivos\/repositorio\/\/2000\/2100\/51_Qu_mica.pdf\" target=\"_NEW\">Qu\u00edmica<\/a><\/p>\n<\/td>\n<td style=\"border: 1px solid #000000; text-align: center;\"><a title=\"https:\/\/ens7-caba.infd.edu.ar\/aula\/archivos\/repositorio\/\/2000\/2073\/52Qu_mica_-2015__1.pdf\" href=\"https:\/\/ens7-caba.infd.edu.ar\/aula\/archivos\/repositorio\/\/2000\/2073\/52Qu_mica_-2015__1.pdf\" target=\"_NEW\">Qu\u00edmica<\/a><\/td>\n<td style=\"border: 1px solid #000000; text-align: center;\"><a title=\"https:\/\/ens7-caba.infd.edu.ar\/aula\/archivos\/repositorio\/\/2000\/2146\/53y54geograf_a.pdf\" href=\"https:\/\/ens7-caba.infd.edu.ar\/aula\/archivos\/repositorio\/\/2000\/2146\/53y54geograf_a.pdf\" target=\"_NEW\">Geograf\u00eda<\/a><\/td>\n<td style=\"border: 1px solid #000000; text-align: center;\"><a title=\"https:\/\/ens7-caba.infd.edu.ar\/aula\/archivos\/repositorio\/\/2000\/2146\/53y54geograf_a.pdf\" href=\"https:\/\/ens7-caba.infd.edu.ar\/aula\/archivos\/repositorio\/\/2000\/2146\/53y54geograf_a.pdf\" target=\"_NEW\">\u00a0Geograf\u00eda<\/a><\/td>\n<\/tr>\n<tr>\n<td style=\"border: 1px solid #000000; text-align: center;\"><a title=\"https:\/\/ens7-caba.infd.edu.ar\/aula\/archivos\/repositorio\/\/2000\/2097\/51_Ciencias_Biol_gicas.pdf\" href=\"https:\/\/ens7-caba.infd.edu.ar\/aula\/archivos\/repositorio\/\/2000\/2097\/51_Ciencias_Biol_gicas.pdf\" target=\"_NEW\">Ciencias Biol\u00f3gicas<\/a><\/td>\n<td style=\"border: 1px solid #000000; text-align: center;\"><a title=\"https:\/\/ens7-caba.infd.edu.ar\/aula\/archivos\/repositorio\/\/2000\/2069\/52_biologia2015.pdf\" href=\"https:\/\/ens7-caba.infd.edu.ar\/aula\/archivos\/repositorio\/\/2000\/2069\/52_biologia2015.pdf\" target=\"_NEW\">Biolog\u00eda<\/a><\/td>\n<td style=\"border: 1px solid #000000; text-align: center;\"><a title=\"https:\/\/ens7-caba.infd.edu.ar\/aula\/archivos\/repositorio\/\/2000\/2152\/5354historia_social_de_la_educaci_n.pdf\" href=\"https:\/\/ens7-caba.infd.edu.ar\/aula\/archivos\/repositorio\/\/2000\/2152\/5354historia_social_de_la_educaci_n.pdf\" target=\"_NEW\">Hist. Social de la Ed.<\/a><\/td>\n<td style=\"border: 1px solid #000000; text-align: center;\"><a title=\"https:\/\/ens7-caba.infd.edu.ar\/aula\/archivos\/repositorio\/\/2000\/2152\/5354historia_social_de_la_educaci_n.pdf\" href=\"https:\/\/ens7-caba.infd.edu.ar\/aula\/archivos\/repositorio\/\/2000\/2152\/5354historia_social_de_la_educaci_n.pdf\" target=\"_NEW\">\u00a0Hist. Social de la Ed.<\/a><\/td>\n<\/tr>\n<tr>\n<td style=\"border: 1px solid #000000; text-align: center;\"><a title=\"https:\/\/ens7-caba.infd.edu.ar\/aula\/archivos\/repositorio\/\/2000\/2092\/51_52_Geograf_a.pdf\" href=\"https:\/\/ens7-caba.infd.edu.ar\/aula\/archivos\/repositorio\/\/2000\/2092\/51_52_Geograf_a.pdf\" target=\"_NEW\">Geograf\u00eda<\/a><\/td>\n<td style=\"border: 1px solid #000000; text-align: center;\">\u00a0<a title=\"https:\/\/ens7-caba.infd.edu.ar\/aula\/archivos\/repositorio\/\/2000\/2077\/52GEOGRAF_A2015.pdf\" href=\"https:\/\/ens7-caba.infd.edu.ar\/aula\/archivos\/repositorio\/\/2000\/2077\/52GEOGRAF_A2015.pdf\" target=\"_NEW\">Geograf\u00eda<\/a><\/td>\n<td style=\"border: 1px solid #000000; text-align: center;\"><a title=\"https:\/\/ens7-caba.infd.edu.ar\/aula\/archivos\/repositorio\/\/2000\/2149\/53psicolog_a_educacional.pdf\" href=\"https:\/\/ens7-caba.infd.edu.ar\/aula\/archivos\/repositorio\/\/2000\/2149\/53psicolog_a_educacional.pdf\" target=\"_NEW\">Psicolog\u00eda Educacional<\/a><\/td>\n<td style=\"border: 1px solid #000000; text-align: center;\">\u00a0<a title=\"https:\/\/ens7-caba.infd.edu.ar\/aula\/archivos\/repositorio\/\/2000\/2189\/53y54psicolog_a_educacional.pdf\" href=\"https:\/\/ens7-caba.infd.edu.ar\/aula\/archivos\/repositorio\/\/2000\/2189\/53y54psicolog_a_educacional.pdf\" target=\"_NEW\">Psicolog\u00eda Educacional<\/a><\/td>\n<\/tr>\n<tr>\n<td style=\"border: 1px solid #000000; text-align: center;\"><a title=\"https:\/\/ens7-caba.infd.edu.ar\/aula\/archivos\/repositorio\/\/2000\/2096\/51_Historia.pdf\" href=\"https:\/\/ens7-caba.infd.edu.ar\/aula\/archivos\/repositorio\/\/2000\/2096\/51_Historia.pdf\" target=\"_NEW\">Historia<\/a><\/td>\n<td style=\"border: 1px solid #000000; text-align: center;\"><a title=\"https:\/\/ens7-caba.infd.edu.ar\/aula\/archivos\/repositorio\/\/2000\/2078\/52_historia_2015.pdf\" href=\"https:\/\/ens7-caba.infd.edu.ar\/aula\/archivos\/repositorio\/\/2000\/2078\/52_historia_2015.pdf\" target=\"_NEW\">Historia<\/a><\/td>\n<td style=\"border: 1px solid #000000; text-align: center;\"><a title=\"https:\/\/ens7-caba.infd.edu.ar\/aula\/archivos\/repositorio\/\/2000\/2148\/53y54l_gica.pdf\" href=\"https:\/\/ens7-caba.infd.edu.ar\/aula\/archivos\/repositorio\/\/2000\/2148\/53y54l_gica.pdf\" target=\"_NEW\">L\u00f3gica<\/a><\/td>\n<td style=\"border: 1px solid #000000; text-align: center;\"><a title=\"https:\/\/ens7-caba.infd.edu.ar\/aula\/archivos\/repositorio\/\/2000\/2148\/53y54l_gica.pdf\" href=\"https:\/\/ens7-caba.infd.edu.ar\/aula\/archivos\/repositorio\/\/2000\/2148\/53y54l_gica.pdf\" target=\"_NEW\">\u00a0L\u00f3gica<\/a><\/td>\n<\/tr>\n<tr>\n<td style=\"border: 1px solid #000000; text-align: center;\"><a title=\"https:\/\/ens7-caba.infd.edu.ar\/aula\/archivos\/repositorio\/\/2000\/2099\/51_Filosof_a.pdf\" href=\"https:\/\/ens7-caba.infd.edu.ar\/aula\/archivos\/repositorio\/\/2000\/2099\/51_Filosof_a.pdf\" target=\"_NEW\">Filosof\u00eda<\/a><\/td>\n<td style=\"border: 1px solid #000000; text-align: center;\"><a title=\"https:\/\/ens7-caba.infd.edu.ar\/aula\/archivos\/repositorio\/\/2000\/2076\/52L_gica_y_Metodolog_a_de_las_Ciencias2015.pdf\" href=\"https:\/\/ens7-caba.infd.edu.ar\/aula\/archivos\/repositorio\/\/2000\/2076\/52L_gica_y_Metodolog_a_de_las_Ciencias2015.pdf\" target=\"_NEW\">L\u00f3gica<\/a><\/td>\n<td style=\"border: 1px solid #000000; text-align: center;\"><a title=\"https:\/\/ens7-caba.infd.edu.ar\/aula\/archivos\/repositorio\/\/2000\/2143\/53instrucci_n_c_vica.pdf\" href=\"https:\/\/ens7-caba.infd.edu.ar\/aula\/archivos\/repositorio\/\/2000\/2143\/53instrucci_n_c_vica.pdf\" target=\"_NEW\">Instrucci\u00f3n C\u00edvica<\/a><\/td>\n<td style=\"border: 1px solid #000000; text-align: center;\"><a title=\"https:\/\/ens7-caba.infd.edu.ar\/aula\/archivos\/repositorio\/\/2000\/2151\/54instrucci_n_c_vica.pdf\" href=\"https:\/\/ens7-caba.infd.edu.ar\/aula\/archivos\/repositorio\/\/2000\/2151\/54instrucci_n_c_vica.pdf\" target=\"_NEW\">Instrucci\u00f3n C\u00edvica<\/a><\/td>\n<\/tr>\n<tr>\n<td style=\"border: 1px solid #000000; text-align: center;\"><a title=\"https:\/\/ens7-caba.infd.edu.ar\/aula\/archivos\/repositorio\/\/2000\/2090\/51_Instrucci_n_C_vica.pdf\" href=\"https:\/\/ens7-caba.infd.edu.ar\/aula\/archivos\/repositorio\/\/2000\/2090\/51_Instrucci_n_C_vica.pdf\" target=\"_NEW\">Instrucci\u00f3n C\u00edvica<\/a><\/td>\n<td style=\"border: 1px solid #000000; text-align: center;\"><a title=\"https:\/\/ens7-caba.infd.edu.ar\/aula\/archivos\/repositorio\/\/2000\/2071\/52PLANIFICACION_DE_ESEA_2015.pdf\" href=\"https:\/\/ens7-caba.infd.edu.ar\/aula\/archivos\/repositorio\/\/2000\/2071\/52PLANIFICACION_DE_ESEA_2015.pdf\" target=\"_NEW\">ESEA<\/a><\/td>\n<td style=\"border: 1px solid #000000; text-align: center;\"><a title=\"https:\/\/ens7-caba.infd.edu.ar\/aula\/archivos\/repositorio\/\/2000\/2138\/52y53m_sica.pdf\" href=\"https:\/\/ens7-caba.infd.edu.ar\/aula\/archivos\/repositorio\/\/2000\/2138\/52y53m_sica.pdf\" target=\"_NEW\">Educaci\u00f3n Musical<\/a><\/td>\n<td style=\"border: 1px solid #000000; text-align: center;\"><a title=\"https:\/\/ens7-caba.infd.edu.ar\/aula\/archivos\/repositorio\/\/2000\/2147\/54m_sica.pdf\" href=\"https:\/\/ens7-caba.infd.edu.ar\/aula\/archivos\/repositorio\/\/2000\/2147\/54m_sica.pdf\" target=\"_NEW\">Educaci\u00f3n Musical<\/a><\/td>\n<\/tr>\n<tr>\n<td style=\"border: 1px solid #000000; text-align: center;\"><a title=\"https:\/\/ens7-caba.infd.edu.ar\/aula\/archivos\/repositorio\/\/2000\/2192\/1a5_Educaci_n_F_sica2015.pdf\" href=\"https:\/\/ens7-caba.infd.edu.ar\/aula\/archivos\/repositorio\/\/2000\/2192\/1a5_Educaci_n_F_sica2015.pdf\" target=\"_NEW\">Educ. Est. F\u00edsica<\/a><\/td>\n<td style=\"border: 1px solid #000000; text-align: center;\"><a title=\"https:\/\/ens7-caba.infd.edu.ar\/aula\/archivos\/repositorio\/\/2000\/2138\/52y53m_sica.pdf\" href=\"https:\/\/ens7-caba.infd.edu.ar\/aula\/archivos\/repositorio\/\/2000\/2138\/52y53m_sica.pdf\" target=\"_NEW\">M\u00fasica<\/a><\/td>\n<td style=\"border: 1px solid #000000; text-align: center;\"><a title=\"https:\/\/ens7-caba.infd.edu.ar\/aula\/archivos\/repositorio\/\/2000\/2192\/1a5_Educaci_n_F_sica2015.pdf\" href=\"https:\/\/ens7-caba.infd.edu.ar\/aula\/archivos\/repositorio\/\/2000\/2192\/1a5_Educaci_n_F_sica2015.pdf\" target=\"_NEW\">Educ. Est. F\u00edsica<\/a><\/td>\n<td style=\"border: 1px solid #000000; text-align: center;\">\u00a0<a title=\"https:\/\/ens7-caba.infd.edu.ar\/aula\/archivos\/repositorio\/\/2000\/2192\/1a5_Educaci_n_F_sica2015.pdf\" href=\"https:\/\/ens7-caba.infd.edu.ar\/aula\/archivos\/repositorio\/\/2000\/2192\/1a5_Educaci_n_F_sica2015.pdf\" target=\"_NEW\">Educ. Est. F\u00edsica<\/a><\/td>\n<\/tr>\n<tr>\n<td style=\"border: 1px solid #000000; text-align: center;\"><\/td>\n<td style=\"border: 1px solid #000000; text-align: center;\"><a title=\"https:\/\/ens7-caba.infd.edu.ar\/aula\/archivos\/repositorio\/\/2000\/2192\/1a5_Educaci_n_F_sica2015.pdf\" href=\"https:\/\/ens7-caba.infd.edu.ar\/aula\/archivos\/repositorio\/\/2000\/2192\/1a5_Educaci_n_F_sica2015.pdf\" target=\"_NEW\">Educ. Est. F\u00edsica<\/a><\/td>\n<td style=\"border: 1px solid #000000; text-align: center;\"><\/td>\n<td style=\"border: 1px solid #000000; text-align: center;\"><\/td>\n<\/tr>\n<\/tbody>\n<\/table>\n","protected":false},"excerpt":{"rendered":"<p>Importante Para poder imprimir los programas tienen que utilizar el navegador Mozilla. Buscar el programa e imprimir directamente del boton de impresi\u00f3n que muestra la p\u00e1gina. No podr\u00e1n imprimir el archivo si lo descargan. 5\u00ba 1\u00ba 5\u00ba 2\u00ba 5\u00ba 3\u00ba 5\u00ba 4\u00ba \u00a0Literatura Literatura Lengua Lengua \u00a0Matem\u00e1tica Matem\u00e1tica Matem\u00e1tica Matem\u00e1tica Franc\u00e9s\/Ingl\u00e9s \u00a0Franc\u00e9s\/Ingl\u00e9s Franc\u00e9s\/Ingl\u00e9s Franc\u00e9s\/Ingl\u00e9s F\u00edsica &#8230; <a title=\"Programas 5\u00ba a\u00f1o 2015\" class=\"read-more\" href=\"https:\/\/ens7-caba.infd.edu.ar\/sitio\/programas-5o-ano-2015\/\" aria-label=\"More on Programas 5\u00ba a\u00f1o 2015\">[+]<\/a><\/p>\n","protected":false},"author":2274,"featured_media":0,"parent":0,"menu_order":0,"comment_status":"closed","ping_status":"closed","template":"","meta":[],"acf":[],"_links":{"self":[{"href":"https:\/\/ens7-caba.infd.edu.ar\/sitio\/wp-json\/wp\/v2\/pages\/1013"}],"collection":[{"href":"https:\/\/ens7-caba.infd.edu.ar\/sitio\/wp-json\/wp\/v2\/pages"}],"about":[{"href":"https:\/\/ens7-caba.infd.edu.ar\/sitio\/wp-json\/wp\/v2\/types\/page"}],"author":[{"embeddable":true,"href":"https:\/\/ens7-caba.infd.edu.ar\/sitio\/wp-json\/wp\/v2\/users\/2274"}],"replies":[{"embeddable":true,"href":"https:\/\/ens7-caba.infd.edu.ar\/sitio\/wp-json\/wp\/v2\/comments?post=1013"}],"version-history":[{"count":1,"href":"https:\/\/ens7-caba.infd.edu.ar\/sitio\/wp-json\/wp\/v2\/pages\/1013\/revisions"}],"predecessor-version":[{"id":1194,"href":"https:\/\/ens7-caba.infd.edu.ar\/sitio\/wp-json\/wp\/v2\/pages\/1013\/revisions\/1194"}],"wp:attachment":[{"href":"https:\/\/ens7-caba.infd.edu.ar\/sitio\/wp-json\/wp\/v2\/media?parent=1013"}],"curies":[{"name":"wp","href":"https:\/\/api.w.org\/{rel}","templated":true}]}}