{"id":1029,"date":"2018-07-01T22:18:03","date_gmt":"2018-07-02T01:18:03","guid":{"rendered":"https:\/\/ens7-caba.infd.edu.ar\/sitio\/?page_id=1029"},"modified":"2018-07-10T12:52:25","modified_gmt":"2018-07-10T15:52:25","slug":"programas-3er-ano-2012","status":"publish","type":"page","link":"https:\/\/ens7-caba.infd.edu.ar\/sitio\/programas-3er-ano-2012\/","title":{"rendered":"Programas 3er A\u00f1o 2012"},"content":{"rendered":"<p style=\"text-align: center;\"><strong> <span style=\"color: #800000; font-family: 'MS Sans Serif'; font-size: medium;\"><br \/>\n<\/span><\/strong><\/p>\n<div>\n<table id=\"table1\" style=\"width: 604px; height: 990px;\" border=\"0\">\n<tbody>\n<tr>\n<td style=\"border: 1px solid #990000;\">\n<p style=\"text-align: center;\"><strong><span style=\"font-family: 'MS Sans Serif';\">3\u00ba 1\u00ba<\/span><\/strong><\/p>\n<\/td>\n<td style=\"border: 1px solid #990000; text-align: center;\"><strong><span style=\"font-family: 'MS Sans Serif';\">3\u00ba 2\u00ba<\/span><\/strong><\/td>\n<td style=\"border: 1px solid #990000; text-align: center;\"><strong><span style=\"font-family: 'MS Sans Serif';\">3\u00ba 3\u00ba<\/span><\/strong><\/td>\n<td style=\"border: 1px solid #990000; text-align: center;\"><strong><span style=\"font-family: 'MS Sans Serif';\">3\u00ba 4\u00ba<\/span><\/strong><\/td>\n<\/tr>\n<tr>\n<td style=\"border: 1px solid #990000;\"><span style=\"font-family: 'MS Sans Serif'; font-size: small;\"><a href=\"https:\/\/drive.google.com\/open?id=0BxM0x8iu1auxMmVmTVdWVXg2cm8\"> Lengua y literatura<\/a><\/span><\/td>\n<td style=\"border: 1px solid #990000;\"><span style=\"font-family: 'MS Sans Serif'; font-size: small;\"><a href=\"https:\/\/drive.google.com\/open?id=0BxM0x8iu1auxMmVmTVdWVXg2cm8\"> Lengua y literatura<\/a><\/span><\/td>\n<td style=\"border: 1px solid #990000;\"><span style=\"font-family: 'MS Sans Serif'; font-size: small;\"><a href=\"https:\/\/drive.google.com\/open?id=0BxM0x8iu1auxMmVmTVdWVXg2cm8\"> Lengua y literatura<\/a><\/span><\/td>\n<td style=\"border: 1px solid #990000;\"><span style=\"font-family: 'MS Sans Serif'; font-size: small;\"><a href=\"https:\/\/drive.google.com\/open?id=0BxM0x8iu1auxMmVmTVdWVXg2cm8\"> Lengua y literatura<\/a><\/span><\/td>\n<\/tr>\n<tr>\n<td style=\"border: 1px solid #990000;\"><span style=\"font-family: 'MS Sans Serif'; font-size: small;\"> Ingl\u00e9s<\/span><\/td>\n<td style=\"border: 1px solid #990000;\"><span style=\"font-family: 'MS Sans Serif'; font-size: small;\"><a href=\"https:\/\/drive.google.com\/open?id=0BxM0x8iu1auxVWhPVGhRWGNrNlk\"> Franc\u00e9s<\/a><\/span><\/td>\n<td style=\"border: 1px solid #990000;\"><span style=\"font-family: 'MS Sans Serif'; font-size: small;\"> Ingl\u00e9s<\/span><\/td>\n<td style=\"border: 1px solid #990000;\"><span style=\"font-family: 'MS Sans Serif'; font-size: small;\"><a href=\"https:\/\/drive.google.com\/open?id=0BxM0x8iu1auxVWhPVGhRWGNrNlk\"> Franc\u00e9s<\/a><\/span><\/td>\n<\/tr>\n<tr>\n<td style=\"border: 1px solid #990000;\"><span style=\"font-family: 'MS Sans Serif'; font-size: small;\"><a href=\"https:\/\/drive.google.com\/open?id=0BxM0x8iu1auxNjN0VEhwWk45ejA\"> Matem\u00e1tica<\/a><\/span><\/td>\n<td style=\"border: 1px solid #990000;\"><span style=\"font-family: 'MS Sans Serif'; font-size: small;\"><a href=\"https:\/\/drive.google.com\/open?id=0BxM0x8iu1auxNjN0VEhwWk45ejA\"> Matem\u00e1tica<\/a><\/span><\/td>\n<td style=\"border: 1px solid #990000;\"><span style=\"font-family: 'MS Sans Serif'; font-size: small;\"><a href=\"https:\/\/drive.google.com\/open?id=0BxM0x8iu1auxNjN0VEhwWk45ejA\"> Matem\u00e1tica<\/a><\/span><\/td>\n<td style=\"border: 1px solid #990000;\"><span style=\"font-family: 'MS Sans Serif'; font-size: small;\"><a href=\"https:\/\/drive.google.com\/open?id=0BxM0x8iu1auxNjN0VEhwWk45ejA\"> Matem\u00e1tica<\/a><\/span><\/td>\n<\/tr>\n<tr>\n<td style=\"border: 1px solid #990000;\"><span style=\"font-family: 'MS Sans Serif'; font-size: small;\"><a href=\"https:\/\/drive.google.com\/open?id=0BxM0x8iu1auxUjI1Rm8tMnVzMnM\"> Cs. Biol\u00f3gicas<\/a><\/span><\/td>\n<td style=\"border: 1px solid #990000;\"><span style=\"font-family: 'MS Sans Serif'; font-size: small;\"><a href=\"https:\/\/drive.google.com\/open?id=0BxM0x8iu1auxUjI1Rm8tMnVzMnM\"> Cs. Biol\u00f3gicas<\/a><\/span><\/td>\n<td style=\"border: 1px solid #990000;\"><span style=\"font-family: 'MS Sans Serif'; font-size: small;\"><a href=\"https:\/\/drive.google.com\/open?id=0BxM0x8iu1auxUjI1Rm8tMnVzMnM\"> Cs. Biol\u00f3gicas<\/a><\/span><\/td>\n<td style=\"border: 1px solid #990000;\"><span style=\"font-family: 'MS Sans Serif'; font-size: small;\"><a href=\"https:\/\/drive.google.com\/open?id=0BxM0x8iu1auxUjI1Rm8tMnVzMnM\"> Cs. Biol\u00f3gicas<\/a><\/span><\/td>\n<\/tr>\n<tr>\n<td style=\"border: 1px solid #990000;\"><span style=\"font-family: 'MS Sans Serif'; font-size: small;\"><a href=\"https:\/\/drive.google.com\/open?id=0BxM0x8iu1auxQl9YZ0RUQm5Dams\"> Geograf\u00eda<\/a><\/span><\/td>\n<td style=\"border: 1px solid #990000;\"><span style=\"font-family: 'MS Sans Serif'; font-size: small;\"><a href=\"https:\/\/drive.google.com\/open?id=0BxM0x8iu1auxREpWbmJ5bm1XLWc\"> Geograf\u00eda<\/a><\/span><\/td>\n<td style=\"border: 1px solid #990000;\"><span style=\"font-family: 'MS Sans Serif'; font-size: small;\"><a href=\"https:\/\/drive.google.com\/open?id=0BxM0x8iu1auxREpWbmJ5bm1XLWc\"> Geograf\u00eda<\/a><\/span><\/td>\n<td style=\"border: 1px solid #990000;\"><span style=\"font-family: 'MS Sans Serif'; font-size: small;\"><a href=\"https:\/\/drive.google.com\/open?id=0BxM0x8iu1auxREpWbmJ5bm1XLWc\"> Geograf\u00eda<\/a><\/span><\/td>\n<\/tr>\n<tr>\n<td style=\"border: 1px solid #990000;\"><span style=\"font-family: 'MS Sans Serif'; font-size: small;\"><a href=\"https:\/\/drive.google.com\/open?id=0BxM0x8iu1auxR19zVW9GLS1CZHc\"> Historia<\/a><\/span><\/td>\n<td style=\"border: 1px solid #990000;\"><span style=\"font-family: 'MS Sans Serif'; font-size: small;\"><a href=\"https:\/\/drive.google.com\/open?id=0BxM0x8iu1auxR19zVW9GLS1CZHc\"> Historia<\/a><\/span><\/td>\n<td style=\"border: 1px solid #990000;\"><span style=\"font-family: 'MS Sans Serif'; font-size: small;\"><a href=\"https:\/\/drive.google.com\/open?id=0BxM0x8iu1auxR19zVW9GLS1CZHc\"> Historia<\/a><\/span><\/td>\n<td style=\"border: 1px solid #990000;\"><span style=\"font-family: 'MS Sans Serif'; font-size: small;\"><a href=\"https:\/\/drive.google.com\/open?id=0BxM0x8iu1auxR19zVW9GLS1CZHc\"> Historia<\/a><\/span><\/td>\n<\/tr>\n<tr>\n<td style=\"border: 1px solid #990000;\"><span style=\"font-family: 'MS Sans Serif'; font-size: small;\"><a href=\"https:\/\/drive.google.com\/open?id=0BxM0x8iu1auxcWFtQ0pLcEVNYUE\"> Ed. C\u00edvica<\/a><\/span><\/td>\n<td style=\"border: 1px solid #990000;\"><span style=\"font-family: 'MS Sans Serif'; font-size: small;\"><a href=\"https:\/\/drive.google.com\/open?id=0BxM0x8iu1auxU3pjWTBHR0ttclk\"> Ed. C\u00edvica<\/a><\/span><\/td>\n<td style=\"border: 1px solid #990000;\"><span style=\"font-family: 'MS Sans Serif'; font-size: small;\"><a href=\"https:\/\/drive.google.com\/open?id=0BxM0x8iu1auxcWFtQ0pLcEVNYUE\"> Ed. C\u00edvica<\/a><\/span><\/td>\n<td style=\"border: 1px solid #990000;\"><span style=\"font-family: 'MS Sans Serif'; font-size: small;\"><a href=\"https:\/\/drive.google.com\/open?id=0BxM0x8iu1auxcWFtQ0pLcEVNYUE\"> Ed. C\u00edvica<\/a><\/span><\/td>\n<\/tr>\n<tr>\n<td style=\"border: 1px solid #990000;\"><span style=\"font-family: 'MS Sans Serif'; font-size: small;\"><a href=\"https:\/\/drive.google.com\/open?id=0BxM0x8iu1auxYURiZU43blR5bDA\"> F\u00edsico-Qu\u00edmica<\/a><\/span><\/td>\n<td style=\"border: 1px solid #990000;\"><span style=\"font-family: 'MS Sans Serif'; font-size: small;\"><a href=\"https:\/\/drive.google.com\/open?id=0BxM0x8iu1auxMm9uTkRuQWNFV1E\"> F\u00edsico-Qu\u00edmica<\/a><\/span><\/td>\n<td style=\"border: 1px solid #990000;\"><span style=\"font-family: 'MS Sans Serif'; font-size: small;\"><a href=\"https:\/\/drive.google.com\/open?id=0BxM0x8iu1auxYURiZU43blR5bDA\"> F\u00edsico-Qu\u00edmica<\/a><\/span><\/td>\n<td style=\"border: 1px solid #990000;\"><span style=\"font-family: 'MS Sans Serif'; font-size: small;\"><a href=\"https:\/\/drive.google.com\/open?id=0BxM0x8iu1auxYURiZU43blR5bDA\"> F\u00edsico-Qu\u00edmica<\/a><\/span><\/td>\n<\/tr>\n<tr>\n<td style=\"border: 1px solid #990000;\"><span style=\"font-family: 'MS Sans Serif'; font-size: small;\"><a href=\"https:\/\/drive.google.com\/open?id=0BxM0x8iu1auxWk10YlJFMDN0czA\">M\u00fasica<\/a><\/span><\/td>\n<td style=\"border: 1px solid #990000;\"><span style=\"font-family: 'MS Sans Serif'; font-size: small;\"><a href=\"https:\/\/drive.google.com\/open?id=0BxM0x8iu1auxQkFsVjU1cWxVaGc\">M\u00fasica<\/a><\/span><\/td>\n<td style=\"border: 1px solid #990000;\"><span style=\"font-family: 'MS Sans Serif'; font-size: small;\"><a href=\"https:\/\/drive.google.com\/open?id=0BxM0x8iu1auxQkFsVjU1cWxVaGc\">M\u00fasica<\/a><\/span><\/td>\n<td style=\"border: 1px solid #990000;\"><span style=\"font-family: 'MS Sans Serif'; font-size: small;\"><a href=\"https:\/\/drive.google.com\/open?id=0BxM0x8iu1auxWHUwMlNrdHlycTQ\">M\u00fasica<\/a><\/span><\/td>\n<\/tr>\n<tr>\n<td style=\"border: 1px solid #990000;\"><span style=\"font-family: 'MS Sans Serif'; font-size: small;\"><a href=\"https:\/\/drive.google.com\/open?id=0BxM0x8iu1auxdXF6ZERqM3VrT3M\"> Econom\u00eda y Contabilidad<\/a><\/span><\/td>\n<td style=\"border: 1px solid #990000;\"><span style=\"font-family: 'MS Sans Serif'; font-size: small;\"><a href=\"https:\/\/drive.google.com\/open?id=0BxM0x8iu1auxdXF6ZERqM3VrT3M\"> Econom\u00eda y Contabilidad<\/a><\/span><\/td>\n<td style=\"border: 1px solid #990000;\"><span style=\"font-family: 'MS Sans Serif'; font-size: small;\"><a href=\"https:\/\/drive.google.com\/open?id=0BxM0x8iu1auxdXF6ZERqM3VrT3M\"> Econom\u00eda y Contabilidad<\/a><\/span><\/td>\n<td style=\"border: 1px solid #990000;\"><span style=\"font-family: 'MS Sans Serif'; font-size: small;\"><a href=\"https:\/\/drive.google.com\/open?id=0BxM0x8iu1auxdXF6ZERqM3VrT3M\"> Econom\u00eda y Contabilidad<\/a><\/span><\/td>\n<\/tr>\n<tr>\n<td style=\"border: 1px solid #990000;\"><span style=\"font-family: 'MS Sans Serif'; font-size: small;\"><a href=\"https:\/\/drive.google.com\/open?id=0BxM0x8iu1auxQ1p2SzF1ZjdLc3M\"> Ed. Pl\u00e1stica<\/a><\/span><\/td>\n<td style=\"border: 1px solid #990000;\"><span style=\"font-family: 'MS Sans Serif'; font-size: small;\"><a href=\"https:\/\/drive.google.com\/open?id=0BxM0x8iu1auxT0FMOU1mVEV0VkE\"> Ed. Pl\u00e1stica<\/a><\/span><\/td>\n<td style=\"border: 1px solid #990000;\"><span style=\"font-family: 'MS Sans Serif'; font-size: small;\"><a href=\"https:\/\/drive.google.com\/open?id=0BxM0x8iu1auxb1pEZW04cWhieUk\"> Ed. Pl\u00e1stica<\/a><\/span><\/td>\n<td style=\"border: 1px solid #990000;\"><span style=\"font-family: 'MS Sans Serif'; font-size: small;\"><a href=\"https:\/\/drive.google.com\/open?id=0BxM0x8iu1auxdElKVXJhSWpVMDg\"> Ed. Pl\u00e1stica<\/a><\/span><\/td>\n<\/tr>\n<tr>\n<td style=\"border: 1px solid #990000; text-align: left;\"><span style=\"font-family: 'MS Sans Serif'; font-size: small;\"><a href=\"https:\/\/drive.google.com\/open?id=0BxM0x8iu1auxSmxJM05BZWlReEE\">Ed. F\u00edsica<\/a><\/span><\/td>\n<td style=\"border: 1px solid #990000; text-align: left;\"><span style=\"font-family: 'MS Sans Serif'; font-size: small;\"><a href=\"https:\/\/drive.google.com\/open?id=0BxM0x8iu1auxSmxJM05BZWlReEE\"> Ed. F\u00edsica<\/a><\/span><\/td>\n<td style=\"border: 1px solid #990000; text-align: left;\"><span style=\"font-family: 'MS Sans Serif'; font-size: small;\"><a href=\"https:\/\/drive.google.com\/open?id=0BxM0x8iu1auxSmxJM05BZWlReEE\"> Ed. F\u00edsica<\/a><\/span><\/td>\n<td style=\"border: 1px solid #990000; text-align: left;\"><span style=\"font-family: 'MS Sans Serif'; font-size: small;\"><a href=\"https:\/\/drive.google.com\/open?id=0BxM0x8iu1auxSmxJM05BZWlReEE\"> Ed. F\u00edsica<\/a><\/span><\/td>\n<\/tr>\n<\/tbody>\n<\/table>\n<\/div>\n","protected":false},"excerpt":{"rendered":"<p>3\u00ba 1\u00ba 3\u00ba 2\u00ba 3\u00ba 3\u00ba 3\u00ba 4\u00ba Lengua y literatura Lengua y literatura Lengua y literatura Lengua y literatura Ingl\u00e9s Franc\u00e9s Ingl\u00e9s Franc\u00e9s Matem\u00e1tica Matem\u00e1tica Matem\u00e1tica Matem\u00e1tica Cs. Biol\u00f3gicas Cs. Biol\u00f3gicas Cs. Biol\u00f3gicas Cs. Biol\u00f3gicas Geograf\u00eda Geograf\u00eda Geograf\u00eda Geograf\u00eda Historia Historia Historia Historia Ed. C\u00edvica Ed. C\u00edvica Ed. C\u00edvica Ed. C\u00edvica F\u00edsico-Qu\u00edmica F\u00edsico-Qu\u00edmica F\u00edsico-Qu\u00edmica &#8230; <a title=\"Programas 3er A\u00f1o 2012\" class=\"read-more\" href=\"https:\/\/ens7-caba.infd.edu.ar\/sitio\/programas-3er-ano-2012\/\" aria-label=\"More on Programas 3er A\u00f1o 2012\">[+]<\/a><\/p>\n","protected":false},"author":2274,"featured_media":0,"parent":0,"menu_order":0,"comment_status":"closed","ping_status":"closed","template":"","meta":[],"acf":[],"_links":{"self":[{"href":"https:\/\/ens7-caba.infd.edu.ar\/sitio\/wp-json\/wp\/v2\/pages\/1029"}],"collection":[{"href":"https:\/\/ens7-caba.infd.edu.ar\/sitio\/wp-json\/wp\/v2\/pages"}],"about":[{"href":"https:\/\/ens7-caba.infd.edu.ar\/sitio\/wp-json\/wp\/v2\/types\/page"}],"author":[{"embeddable":true,"href":"https:\/\/ens7-caba.infd.edu.ar\/sitio\/wp-json\/wp\/v2\/users\/2274"}],"replies":[{"embeddable":true,"href":"https:\/\/ens7-caba.infd.edu.ar\/sitio\/wp-json\/wp\/v2\/comments?post=1029"}],"version-history":[{"count":1,"href":"https:\/\/ens7-caba.infd.edu.ar\/sitio\/wp-json\/wp\/v2\/pages\/1029\/revisions"}],"predecessor-version":[{"id":1168,"href":"https:\/\/ens7-caba.infd.edu.ar\/sitio\/wp-json\/wp\/v2\/pages\/1029\/revisions\/1168"}],"wp:attachment":[{"href":"https:\/\/ens7-caba.infd.edu.ar\/sitio\/wp-json\/wp\/v2\/media?parent=1029"}],"curies":[{"name":"wp","href":"https:\/\/api.w.org\/{rel}","templated":true}]}}