{"id":2710,"date":"2021-09-03T23:28:05","date_gmt":"2021-09-04T02:28:05","guid":{"rendered":"https:\/\/ens7-caba.infd.edu.ar\/sitio\/?page_id=2710"},"modified":"2022-04-19T10:37:02","modified_gmt":"2022-04-19T13:37:02","slug":"asignaciones-familiares","status":"publish","type":"page","link":"https:\/\/ens7-caba.infd.edu.ar\/sitio\/asignaciones-familiares\/","title":{"rendered":"Asignaciones familiares"},"content":{"rendered":"\n<p><strong>Presentar<\/strong><\/p>\n\n\n\n<p>-Constancia de alumno regular<br>-Recibo de sueldo<\/p>\n\n\n\n<p><strong>Prenatal<\/strong><\/p>\n\n\n\n<p>-Certificado m\u00e9dico con FPP<br>-Datos completos del docente<\/p>\n\n\n\n<p><strong>Nacimiento<\/strong><\/p>\n\n\n\n<p class=\"has-normal-font-size\">Consiste en el pago de una suma de dinero que se abona en el mes que se acredite el nacimiento, a\u00fan cuando la hija\/o naciere sin vida, con un periodo m\u00ednimo de gestaci\u00f3n de 180 d\u00edas.<\/p>\n\n\n\n<p class=\"has-normal-font-size\">En caso de nacimiento m\u00faltiple se cobra por cada hija\/o.<\/p>\n\n\n\n<p class=\"has-normal-font-size\">Se paga a uno solo de los progenitores.&nbsp;<strong><u>El docente tiene 90 d\u00edas corridos desde ocurrido el hecho para presentar la documentaci\u00f3n<\/u><\/strong>.<\/p>\n\n\n\n<p class=\"has-normal-font-size\">En caso de nacimiento de hijo\/a con discapacidad el monto se triplica, debi\u00e9ndose acreditar la discapacidad.<\/p>\n\n\n\n<p class=\"has-normal-font-size\"><strong><u>Documentaci\u00f3n a presentar<\/u><\/strong><strong>:<\/strong><\/p>\n\n\n\n<p class=\"has-normal-font-size\">&#8211;\u00a0\u00a0\u00a0\u00a0\u00a0\u00a0\u00a0\u00a0\u00a0\u00a0Formulario &#8211; Declaraci\u00f3n Jurada de Subsidios Familiares.<\/p>\n\n\n\n<p class=\"has-normal-font-size\">&#8211;\u00a0\u00a0\u00a0\u00a0\u00a0\u00a0\u00a0\u00a0\u00a0\u00a0Formulario de Declaraci\u00f3n Jurada Anual \u2013Ley 1208.- (c\u00f3nyuge)<\/p>\n\n\n\n<p class=\"has-normal-font-size\">&#8211;&nbsp;&nbsp;&nbsp;&nbsp;&nbsp;&nbsp;&nbsp;&nbsp;&nbsp;&nbsp;Documentaci\u00f3n que acredite la no percepci\u00f3n de la asignaci\u00f3n por parte del otro progenitor (seg\u00fan lo indicado en el formulario de Declaraci\u00f3n jurada Anual)<\/p>\n\n\n\n<p class=\"has-normal-font-size\">&#8211;&nbsp;&nbsp;&nbsp;&nbsp;&nbsp;&nbsp;&nbsp;&nbsp;&nbsp;&nbsp;Copia del acta de nacimiento de cada hija\/o<\/p>\n\n\n\n<p><\/p>\n","protected":false},"excerpt":{"rendered":"<p>Presentar -Constancia de alumno regular-Recibo de sueldo Prenatal -Certificado m\u00e9dico con FPP-Datos completos del docente Nacimiento Consiste en el pago de una suma de dinero que se abona en el mes que se acredite el nacimiento, a\u00fan cuando la hija\/o naciere sin vida, con un periodo m\u00ednimo de gestaci\u00f3n de 180 d\u00edas. En caso de &#8230; <a title=\"Asignaciones familiares\" class=\"read-more\" href=\"https:\/\/ens7-caba.infd.edu.ar\/sitio\/asignaciones-familiares\/\" aria-label=\"More on Asignaciones familiares\">[+]<\/a><\/p>\n","protected":false},"author":2274,"featured_media":0,"parent":0,"menu_order":0,"comment_status":"closed","ping_status":"closed","template":"","meta":[],"acf":[],"_links":{"self":[{"href":"https:\/\/ens7-caba.infd.edu.ar\/sitio\/wp-json\/wp\/v2\/pages\/2710"}],"collection":[{"href":"https:\/\/ens7-caba.infd.edu.ar\/sitio\/wp-json\/wp\/v2\/pages"}],"about":[{"href":"https:\/\/ens7-caba.infd.edu.ar\/sitio\/wp-json\/wp\/v2\/types\/page"}],"author":[{"embeddable":true,"href":"https:\/\/ens7-caba.infd.edu.ar\/sitio\/wp-json\/wp\/v2\/users\/2274"}],"replies":[{"embeddable":true,"href":"https:\/\/ens7-caba.infd.edu.ar\/sitio\/wp-json\/wp\/v2\/comments?post=2710"}],"version-history":[{"count":2,"href":"https:\/\/ens7-caba.infd.edu.ar\/sitio\/wp-json\/wp\/v2\/pages\/2710\/revisions"}],"predecessor-version":[{"id":3100,"href":"https:\/\/ens7-caba.infd.edu.ar\/sitio\/wp-json\/wp\/v2\/pages\/2710\/revisions\/3100"}],"wp:attachment":[{"href":"https:\/\/ens7-caba.infd.edu.ar\/sitio\/wp-json\/wp\/v2\/media?parent=2710"}],"curies":[{"name":"wp","href":"https:\/\/api.w.org\/{rel}","templated":true}]}}