{"id":3124,"date":"2022-04-23T17:43:49","date_gmt":"2022-04-23T20:43:49","guid":{"rendered":"https:\/\/ens7-caba.infd.edu.ar\/sitio\/?page_id=3124"},"modified":"2022-06-28T22:42:11","modified_gmt":"2022-06-29T01:42:11","slug":"programas-5o-ano-2022","status":"publish","type":"page","link":"https:\/\/ens7-caba.infd.edu.ar\/sitio\/programas-5o-ano-2022\/","title":{"rendered":"Programas 5\u00ba A\u00f1o 2022"},"content":{"rendered":"\n<figure class=\"wp-block-table\"><table><tbody><tr><td class=\"has-text-align-center\" data-align=\"center\"><strong>5\u00ba 1\u00ba&nbsp;<\/strong><\/td><td class=\"has-text-align-center\" data-align=\"center\"><strong>5\u00ba 2\u00ba<\/strong><\/td><td class=\"has-text-align-center\" data-align=\"center\"><strong>5\u00ba 3\u00ba<\/strong><\/td><td class=\"has-text-align-center\" data-align=\"center\"><strong>5\u00ba 4\u00ba<\/strong><\/td><\/tr><tr><td class=\"has-text-align-center\" data-align=\"center\"><a href=\"https:\/\/ens7-caba.infd.edu.ar\/aula\/archivos\/repositorio\/\/4750\/4974\/2022_-_52_53_54_-_Mellis_-_Matematica.pdf\" target=\"_blank\" rel=\"noreferrer noopener\">Matem\u00e1tica<\/a><\/td><td class=\"has-text-align-center\" data-align=\"center\"><a href=\"https:\/\/ens7-caba.infd.edu.ar\/aula\/archivos\/repositorio\/\/4750\/4974\/2022_-_52_53_54_-_Mellis_-_Matematica.pdf\" target=\"_blank\" rel=\"noreferrer noopener\">Matem\u00e1tica<\/a><\/td><td class=\"has-text-align-center\" data-align=\"center\"><a href=\"https:\/\/ens7-caba.infd.edu.ar\/aula\/archivos\/repositorio\/\/4750\/4974\/2022_-_52_53_54_-_Mellis_-_Matematica.pdf\" target=\"_blank\" rel=\"noreferrer noopener\">Matem\u00e1tica<\/a><\/td><td class=\"has-text-align-center\" data-align=\"center\"><a href=\"https:\/\/ens7-caba.infd.edu.ar\/aula\/archivos\/repositorio\/\/4750\/4974\/2022_-_52_53_54_-_Mellis_-_Matematica.pdf\" target=\"_blank\" rel=\"noreferrer noopener\">Matem\u00e1tica<\/a><\/td><\/tr><tr><td class=\"has-text-align-center\" data-align=\"center\"><a href=\"https:\/\/ens7-caba.infd.edu.ar\/aula\/archivos\/repositorio\/\/4750\/4972\/2022_51_52_53_54_-Anselmo-Romero_Lamas-Lengua_y_Literatura.pdf\" target=\"_blank\" rel=\"noreferrer noopener\">Lengua y Literatura<\/a><\/td><td class=\"has-text-align-center\" data-align=\"center\"><a href=\"https:\/\/ens7-caba.infd.edu.ar\/aula\/archivos\/repositorio\/\/4750\/4972\/2022_51_52_53_54_-Anselmo-Romero_Lamas-Lengua_y_Literatura.pdf\" target=\"_blank\" rel=\"noreferrer noopener\">Lengua y Literatura<\/a><\/td><td class=\"has-text-align-center\" data-align=\"center\"><a href=\"https:\/\/ens7-caba.infd.edu.ar\/aula\/archivos\/repositorio\/\/4750\/4972\/2022_51_52_53_54_-Anselmo-Romero_Lamas-Lengua_y_Literatura.pdf\" target=\"_blank\" rel=\"noreferrer noopener\">Lengua&nbsp;y Literatura<\/a><\/td><td class=\"has-text-align-center\" data-align=\"center\"><a href=\"https:\/\/ens7-caba.infd.edu.ar\/aula\/archivos\/repositorio\/\/4750\/4972\/2022_51_52_53_54_-Anselmo-Romero_Lamas-Lengua_y_Literatura.pdf\" target=\"_blank\" rel=\"noreferrer noopener\">Lengua&nbsp;y Literatura<\/a><\/td><\/tr><tr><td class=\"has-text-align-center\" data-align=\"center\"><a href=\"https:\/\/ens7-caba.infd.edu.ar\/aula\/archivos\/repositorio\/\/4750\/4969\/51_FERRON_FRANCES.pdf\" target=\"_blank\" rel=\"noreferrer noopener\">Franc\u00e9s<\/a>\/<a href=\"https:\/\/ens7-caba.infd.edu.ar\/aula\/archivos\/repositorio\/\/4750\/4973\/51-52-53-54_-GUILLEN-SEBASTIANO-CANEPA-GIUSTI_Ingles_2022.pdf\" target=\"_blank\" rel=\"noreferrer noopener\">Ingl\u00e9s<\/a><\/td><td class=\"has-text-align-center\" data-align=\"center\"><a href=\"https:\/\/ens7-caba.infd.edu.ar\/aula\/archivos\/repositorio\/\/4750\/4969\/51_FERRON_FRANCES.pdf\" target=\"_blank\" rel=\"noreferrer noopener\">Franc\u00e9s<\/a>\/<a href=\"https:\/\/ens7-caba.infd.edu.ar\/aula\/archivos\/repositorio\/\/4750\/4973\/51-52-53-54_-GUILLEN-SEBASTIANO-CANEPA-GIUSTI_Ingles_2022.pdf\" target=\"_blank\" rel=\"noreferrer noopener\">Ingl\u00e9s<\/a><\/td><td class=\"has-text-align-center\" data-align=\"center\"><a href=\"https:\/\/ens7-caba.infd.edu.ar\/aula\/archivos\/repositorio\/\/4750\/4969\/51_FERRON_FRANCES.pdf\" target=\"_blank\" rel=\"noreferrer noopener\">Franc\u00e9s<\/a>\/<a href=\"https:\/\/ens7-caba.infd.edu.ar\/aula\/archivos\/repositorio\/\/4750\/4973\/51-52-53-54_-GUILLEN-SEBASTIANO-CANEPA-GIUSTI_Ingles_2022.pdf\" target=\"_blank\" rel=\"noreferrer noopener\">Ingl\u00e9s<\/a><\/td><td class=\"has-text-align-center\" data-align=\"center\"><a href=\"https:\/\/ens7-caba.infd.edu.ar\/aula\/archivos\/repositorio\/\/4750\/4969\/51_FERRON_FRANCES.pdf\" target=\"_blank\" rel=\"noreferrer noopener\">Franc\u00e9s<\/a>\/<a href=\"https:\/\/ens7-caba.infd.edu.ar\/aula\/archivos\/repositorio\/\/4750\/4973\/51-52-53-54_-GUILLEN-SEBASTIANO-CANEPA-GIUSTI_Ingles_2022.pdf\" target=\"_blank\" rel=\"noreferrer noopener\">Ingl\u00e9s<\/a><\/td><\/tr><tr><td class=\"has-text-align-center\" data-align=\"center\"><a href=\"https:\/\/ens7-caba.infd.edu.ar\/aula\/archivos\/repositorio\/\/4750\/4966\/DI_BENEDETTO-Geografia_Ambiental_y_Politica_51.docx.pdf\" target=\"_blank\" rel=\"noreferrer noopener\">Geograf\u00eda ambiental y pol\u00edtica<\/a><\/td><td class=\"has-text-align-center\" data-align=\"center\"><a href=\"https:\/\/ens7-caba.infd.edu.ar\/aula\/archivos\/repositorio\/\/4750\/4983\/2022_-_52_-_Santillan_-_Ecologia.pdf\" target=\"_blank\" rel=\"noreferrer noopener\">Ecolog\u00eda<\/a><\/td><td class=\"has-text-align-center\" data-align=\"center\">\u00a0<a href=\"https:\/\/ens7-caba.infd.edu.ar\/aula\/archivos\/repositorio\/\/5000\/5049\/EDUCACION_Y_GLOBALIZACION_5to_3era_y_4ta.pdf\" target=\"_blank\" rel=\"noreferrer noopener\">Educaci\u00f3n y Globalizaci\u00f3n<\/a><\/td><td class=\"has-text-align-center\" data-align=\"center\">\u00a0<a href=\"https:\/\/ens7-caba.infd.edu.ar\/aula\/archivos\/repositorio\/\/5000\/5049\/EDUCACION_Y_GLOBALIZACION_5to_3era_y_4ta.pdf\" target=\"_blank\" rel=\"noreferrer noopener\">Educaci\u00f3n y Globalizaci\u00f3n<\/a><\/td><\/tr><tr><td class=\"has-text-align-center\" data-align=\"center\"><a href=\"https:\/\/ens7-caba.infd.edu.ar\/aula\/archivos\/repositorio\/\/4750\/4968\/DI_BENEDETTO-5_1-Proyecto_en_Ciencias_Sociales_y_Humanidades.docx.pdf\" target=\"_blank\" rel=\"noreferrer noopener\">Proyecto de Investigaci\u00f3n en Cs. Sociales<\/a><\/td><td class=\"has-text-align-center\" data-align=\"center\"><a href=\"https:\/\/ens7-caba.infd.edu.ar\/aula\/archivos\/repositorio\/\/4750\/4982\/2022_-_52_-_Frunzi_-_Energia_Radiacion_y_Vida.pdf\" target=\"_blank\" rel=\"noreferrer noopener\">Energ\u00eda, radiaci\u00f3n y Vida<\/a><\/td><td class=\"has-text-align-center\" data-align=\"center\"><a href=\"https:\/\/ens7-caba.infd.edu.ar\/aula\/archivos\/repositorio\/\/5000\/5035\/Quastler-Mantagliati.53-54_Planif._Educa_y_cultura_2022.pdf\">Educaci\u00f3n y cultura<\/a><\/td><td class=\"has-text-align-center\" data-align=\"center\"><a href=\"https:\/\/ens7-caba.infd.edu.ar\/aula\/archivos\/repositorio\/\/5000\/5035\/Quastler-Mantagliati.53-54_Planif._Educa_y_cultura_2022.pdf\">Educaci\u00f3n y cultura<\/a><\/td><\/tr><tr><td class=\"has-text-align-center\" data-align=\"center\"><a href=\"https:\/\/ens7-caba.infd.edu.ar\/aula\/archivos\/repositorio\/\/4750\/4971\/51-HOLTZ-SOCIEDADyESTADO.pdf\" target=\"_blank\" rel=\"noreferrer noopener\">Sociedad y Estado<\/a><\/td><td class=\"has-text-align-center\" data-align=\"center\"><a href=\"https:\/\/ens7-caba.infd.edu.ar\/aula\/archivos\/repositorio\/\/4750\/4975\/2022_-_52_-_Santillan_-_Problematicas_Cientificas.pdf\" target=\"_blank\" rel=\"noreferrer noopener\">Problem\u00e1ticas Cient\u00edficas con Impacto Social<\/a><\/td><td class=\"has-text-align-center\" data-align=\"center\"><a href=\"https:\/\/ens7-caba.infd.edu.ar\/aula\/archivos\/repositorio\/\/5000\/5027\/53_54_MURUA_Proyecto_2022.pdf\">Proyecto final de inv. inicial e intervenci\u00f3n educativa<\/a><\/td><td class=\"has-text-align-center\" data-align=\"center\"><a href=\"https:\/\/ens7-caba.infd.edu.ar\/aula\/archivos\/repositorio\/\/5000\/5027\/53_54_MURUA_Proyecto_2022.pdf\">Proyecto&nbsp;final de inv. inicial e intervenci\u00f3n educativa<\/a><\/td><\/tr><tr><td class=\"has-text-align-center\" data-align=\"center\"><a href=\"https:\/\/ens7-caba.infd.edu.ar\/aula\/archivos\/repositorio\/\/4750\/4978\/2022_-_51_52_53_54_-_Morfes_-Trillo_-_Tec._de_la_Informacion.pdf\" target=\"_blank\" rel=\"noreferrer noopener\">Tecnolog\u00edas de la Informaci\u00f3n<\/a><\/td><td class=\"has-text-align-center\" data-align=\"center\"><a href=\"https:\/\/ens7-caba.infd.edu.ar\/aula\/archivos\/repositorio\/\/4750\/4978\/2022_-_51_52_53_54_-_Morfes_-Trillo_-_Tec._de_la_Informacion.pdf\" target=\"_blank\" rel=\"noreferrer noopener\">Tecnolog\u00edas de la Informaci\u00f3n<\/a><\/td><td class=\"has-text-align-center\" data-align=\"center\"><a href=\"https:\/\/ens7-caba.infd.edu.ar\/aula\/archivos\/repositorio\/\/4750\/4978\/2022_-_51_52_53_54_-_Morfes_-Trillo_-_Tec._de_la_Informacion.pdf\" target=\"_blank\" rel=\"noreferrer noopener\">Tecnolog\u00edas de la Informaci\u00f3n<\/a><\/td><td class=\"has-text-align-center\" data-align=\"center\"><a href=\"https:\/\/ens7-caba.infd.edu.ar\/aula\/archivos\/repositorio\/\/4750\/4978\/2022_-_51_52_53_54_-_Morfes_-Trillo_-_Tec._de_la_Informacion.pdf\" target=\"_blank\" rel=\"noreferrer noopener\">Tecnolog\u00edas de la Informaci\u00f3n<\/a><\/td><\/tr><tr><td class=\"has-text-align-center\" data-align=\"center\">Historia<\/td><td class=\"has-text-align-center\" data-align=\"center\">Historia<\/td><td class=\"has-text-align-center\" data-align=\"center\"><a href=\"https:\/\/ens7-caba.infd.edu.ar\/aula\/archivos\/repositorio\/\/4750\/4967\/5123_y_54_-_Di_Benedetto-Holtz-Aquino-HISTORIA_ORIENTADA.docx.pdf\" target=\"_blank\" rel=\"noreferrer noopener\">&nbsp;Historia<\/a><\/td><td class=\"has-text-align-center\" data-align=\"center\"><a href=\"https:\/\/ens7-caba.infd.edu.ar\/aula\/archivos\/repositorio\/\/4750\/4967\/5123_y_54_-_Di_Benedetto-Holtz-Aquino-HISTORIA_ORIENTADA.docx.pdf\" target=\"_blank\" rel=\"noreferrer noopener\">Historia<\/a><\/td><\/tr><tr><td class=\"has-text-align-center\" data-align=\"center\">EDI<\/td><td class=\"has-text-align-center\" data-align=\"center\"><a href=\"https:\/\/ens7-caba.infd.edu.ar\/aula\/archivos\/repositorio\/\/4750\/4980\/2022_-_52_-_Cen_al_-_EDI.pdf\" target=\"_blank\" rel=\"noreferrer noopener\">EDI<\/a><\/td><td class=\"has-text-align-center\" data-align=\"center\">EDI<\/td><td class=\"has-text-align-center\" data-align=\"center\">EDI<\/td><\/tr><tr><td class=\"has-text-align-center\" data-align=\"center\"><a href=\"https:\/\/ens7-caba.infd.edu.ar\/aula\/archivos\/repositorio\/\/4750\/4970\/51-52-CUBERLI-FILOSOFIA.docx.pdf\" target=\"_blank\" rel=\"noreferrer noopener\">Filosof\u00eda<\/a><\/td><td class=\"has-text-align-center\" data-align=\"center\"><a href=\"https:\/\/ens7-caba.infd.edu.ar\/aula\/archivos\/repositorio\/\/4750\/4970\/51-52-CUBERLI-FILOSOFIA.docx.pdf\" target=\"_blank\" rel=\"noreferrer noopener\">Filosof\u00eda<\/a><\/td><td class=\"has-text-align-center\" data-align=\"center\"><a href=\"https:\/\/ens7-caba.infd.edu.ar\/aula\/archivos\/repositorio\/\/5000\/5028\/Filosofia_5_3_y_5_4_FERNANDEZ.pdf\">Filosof\u00eda<\/a><\/td><td class=\"has-text-align-center\" data-align=\"center\"><a href=\"https:\/\/ens7-caba.infd.edu.ar\/aula\/archivos\/repositorio\/\/5000\/5028\/Filosofia_5_3_y_5_4_FERNANDEZ.pdf\">Filosof\u00eda<\/a><\/td><\/tr><tr><td class=\"has-text-align-center\" data-align=\"center\"><a href=\"https:\/\/ens7-caba.infd.edu.ar\/aula\/archivos\/repositorio\/\/4750\/4970\/51-52-CUBERLI-FILOSOFIA.docx.pdf\" target=\"_blank\" rel=\"noreferrer noopener\">Qu\u00edmica<\/a><\/td><td class=\"has-text-align-center\" data-align=\"center\"><a href=\"https:\/\/ens7-caba.infd.edu.ar\/aula\/archivos\/repositorio\/\/4750\/4977\/2022_-_52_-_Alcalde_-_Quimica_Alimentacion_y_Salud.pdf\" target=\"_blank\" rel=\"noreferrer noopener\">Qu\u00edmica, Alimentaci\u00f3n&nbsp; y salud<\/a><\/td><td class=\"has-text-align-center\" data-align=\"center\"><a href=\"https:\/\/ens7-caba.infd.edu.ar\/aula\/archivos\/repositorio\/\/4750\/4970\/51-52-CUBERLI-FILOSOFIA.docx.pdf\" target=\"_blank\" rel=\"noreferrer noopener\">Qu\u00edmica<\/a><\/td><td class=\"has-text-align-center\" data-align=\"center\"><a href=\"https:\/\/ens7-caba.infd.edu.ar\/aula\/archivos\/repositorio\/\/4750\/4970\/51-52-CUBERLI-FILOSOFIA.docx.pdf\" target=\"_blank\" rel=\"noreferrer noopener\">Qu\u00edmica<\/a><\/td><\/tr><tr><td class=\"has-text-align-center\" data-align=\"center\"><a href=\"https:\/\/ens7-caba.infd.edu.ar\/aula\/archivos\/repositorio\/\/5000\/5033\/51-RODRIGUEZ_LUPO-Historia_Cultural_Latinoamericana.pdf\">Historia Cultural Latinoamericana<\/a><\/td><td class=\"has-text-align-center\" data-align=\"center\"><a href=\"https:\/\/ens7-caba.infd.edu.ar\/aula\/archivos\/repositorio\/\/4750\/4976\/2022_-_52_-_Roldan_-_Arte_y_Ciencia.pdf\">Arte y Ciencia<\/a><\/td><td class=\"has-text-align-center\" data-align=\"center\"><a href=\"https:\/\/ens7-caba.infd.edu.ar\/aula\/archivos\/repositorio\/\/5000\/5023\/NIETO_ZUCCONI__Progr_Educ_y_Psi_2022_5to_3era_4ta_ENS_7.pdf\">Educaci\u00f3n y Psicolog\u00eda<\/a><\/td><td class=\"has-text-align-center\" data-align=\"center\"><a href=\"https:\/\/ens7-caba.infd.edu.ar\/aula\/archivos\/repositorio\/\/5000\/5023\/NIETO_ZUCCONI__Progr_Educ_y_Psi_2022_5to_3era_4ta_ENS_7.pdf\">Educaci\u00f3n y Psicolog\u00eda<\/a><\/td><\/tr><tr><td class=\"has-text-align-center\" data-align=\"center\"><a href=\"https:\/\/ens7-caba.infd.edu.ar\/aula\/archivos\/repositorio\/\/4750\/4936\/5oDiaz.EdFisica.pdf\" target=\"_blank\" rel=\"noreferrer noopener\">Ed. F\u00edsica<\/a><\/td><td class=\"has-text-align-center\" data-align=\"center\"><a href=\"https:\/\/ens7-caba.infd.edu.ar\/aula\/archivos\/repositorio\/\/4750\/4936\/5oDiaz.EdFisica.pdf\" target=\"_blank\" rel=\"noreferrer noopener\">Ed. F\u00edsica<\/a><\/td><td class=\"has-text-align-center\" data-align=\"center\"><a href=\"https:\/\/ens7-caba.infd.edu.ar\/aula\/archivos\/repositorio\/\/4750\/4936\/5oDiaz.EdFisica.pdf\" target=\"_blank\" rel=\"noreferrer noopener\">Ed. F\u00edsica<\/a><\/td><td class=\"has-text-align-center\" data-align=\"center\"><a href=\"https:\/\/ens7-caba.infd.edu.ar\/aula\/archivos\/repositorio\/\/4750\/4936\/5oDiaz.EdFisica.pdf\" target=\"_blank\" rel=\"noreferrer noopener\">Ed. F\u00edsica<\/a><\/td><\/tr><\/tbody><\/table><\/figure>\n\n\n\n<p><\/p>\n","protected":false},"excerpt":{"rendered":"<p>5\u00ba 1\u00ba&nbsp; 5\u00ba 2\u00ba 5\u00ba 3\u00ba 5\u00ba 4\u00ba Matem\u00e1tica Matem\u00e1tica Matem\u00e1tica Matem\u00e1tica Lengua y Literatura Lengua y Literatura Lengua&nbsp;y Literatura Lengua&nbsp;y Literatura Franc\u00e9s\/Ingl\u00e9s Franc\u00e9s\/Ingl\u00e9s Franc\u00e9s\/Ingl\u00e9s Franc\u00e9s\/Ingl\u00e9s Geograf\u00eda ambiental y pol\u00edtica Ecolog\u00eda \u00a0Educaci\u00f3n y Globalizaci\u00f3n \u00a0Educaci\u00f3n y Globalizaci\u00f3n Proyecto de Investigaci\u00f3n en Cs. Sociales Energ\u00eda, radiaci\u00f3n y Vida Educaci\u00f3n y cultura Educaci\u00f3n y cultura Sociedad y &#8230; <a title=\"Programas 5\u00ba A\u00f1o 2022\" class=\"read-more\" href=\"https:\/\/ens7-caba.infd.edu.ar\/sitio\/programas-5o-ano-2022\/\" aria-label=\"More on Programas 5\u00ba A\u00f1o 2022\">[+]<\/a><\/p>\n","protected":false},"author":2274,"featured_media":0,"parent":0,"menu_order":0,"comment_status":"closed","ping_status":"closed","template":"","meta":[],"acf":[],"_links":{"self":[{"href":"https:\/\/ens7-caba.infd.edu.ar\/sitio\/wp-json\/wp\/v2\/pages\/3124"}],"collection":[{"href":"https:\/\/ens7-caba.infd.edu.ar\/sitio\/wp-json\/wp\/v2\/pages"}],"about":[{"href":"https:\/\/ens7-caba.infd.edu.ar\/sitio\/wp-json\/wp\/v2\/types\/page"}],"author":[{"embeddable":true,"href":"https:\/\/ens7-caba.infd.edu.ar\/sitio\/wp-json\/wp\/v2\/users\/2274"}],"replies":[{"embeddable":true,"href":"https:\/\/ens7-caba.infd.edu.ar\/sitio\/wp-json\/wp\/v2\/comments?post=3124"}],"version-history":[{"count":8,"href":"https:\/\/ens7-caba.infd.edu.ar\/sitio\/wp-json\/wp\/v2\/pages\/3124\/revisions"}],"predecessor-version":[{"id":3239,"href":"https:\/\/ens7-caba.infd.edu.ar\/sitio\/wp-json\/wp\/v2\/pages\/3124\/revisions\/3239"}],"wp:attachment":[{"href":"https:\/\/ens7-caba.infd.edu.ar\/sitio\/wp-json\/wp\/v2\/media?parent=3124"}],"curies":[{"name":"wp","href":"https:\/\/api.w.org\/{rel}","templated":true}]}}