{"id":3587,"date":"2023-03-31T20:23:53","date_gmt":"2023-03-31T23:23:53","guid":{"rendered":"https:\/\/ens7-caba.infd.edu.ar\/sitio\/?page_id=3587"},"modified":"2023-06-08T20:38:38","modified_gmt":"2023-06-08T23:38:38","slug":"programas-4o-ano-2023","status":"publish","type":"page","link":"https:\/\/ens7-caba.infd.edu.ar\/sitio\/programas-4o-ano-2023\/","title":{"rendered":"Programas 4\u00ba A\u00f1o 2023"},"content":{"rendered":"\n<figure class=\"wp-block-table\"><table><tbody><tr><td class=\"has-text-align-center\" data-align=\"center\"><strong>4\u00ba 1\u00ba&nbsp;<\/strong><\/td><td class=\"has-text-align-center\" data-align=\"center\"><strong>4\u00ba 2\u00ba<\/strong><\/td><td class=\"has-text-align-center\" data-align=\"center\"><strong>4\u00ba 3\u00ba<\/strong><\/td><td class=\"has-text-align-center\" data-align=\"center\"><strong>4\u00ba 4\u00ba<\/strong><\/td><\/tr><tr><td class=\"has-text-align-center\" data-align=\"center\"><a href=\"https:\/\/ens7-caba.infd.edu.ar\/aula\/archivos\/repositorio\/\/5000\/5197\/4tos-_MATEMATICA_2023.pdf\" target=\"_blank\" rel=\"noreferrer noopener\">Matem\u00e1tica<\/a><\/td><td class=\"has-text-align-center\" data-align=\"center\"><a href=\"https:\/\/ens7-caba.infd.edu.ar\/aula\/archivos\/repositorio\/\/5000\/5197\/4tos-_MATEMATICA_2023.pdf\" target=\"_blank\" rel=\"noreferrer noopener\">Matem\u00e1tica<\/a><\/td><td class=\"has-text-align-center\" data-align=\"center\"><a href=\"https:\/\/ens7-caba.infd.edu.ar\/aula\/archivos\/repositorio\/\/5000\/5197\/4tos-_MATEMATICA_2023.pdf\" target=\"_blank\" rel=\"noreferrer noopener\">Matem\u00e1tica<\/a><\/td><td class=\"has-text-align-center\" data-align=\"center\"><a href=\"https:\/\/ens7-caba.infd.edu.ar\/aula\/archivos\/repositorio\/\/5000\/5197\/4tos-_MATEMATICA_2023.pdf\" target=\"_blank\" rel=\"noreferrer noopener\">Matem\u00e1tica<\/a><\/td><\/tr><tr><td class=\"has-text-align-center\" data-align=\"center\"><a href=\"https:\/\/ens7-caba.infd.edu.ar\/aula\/archivos\/repositorio\/\/5000\/5205\/41-42-43-44_Lengua_y_Literatura_2023.pdf\" target=\"_blank\" rel=\"noreferrer noopener\">Lengua y Literatura<\/a><\/td><td class=\"has-text-align-center\" data-align=\"center\"><a href=\"https:\/\/ens7-caba.infd.edu.ar\/aula\/archivos\/repositorio\/\/5000\/5205\/41-42-43-44_Lengua_y_Literatura_2023.pdf\" target=\"_blank\" rel=\"noreferrer noopener\">Lengua y Literatura<\/a><\/td><td class=\"has-text-align-center\" data-align=\"center\"><a href=\"https:\/\/ens7-caba.infd.edu.ar\/aula\/archivos\/repositorio\/\/5000\/5205\/41-42-43-44_Lengua_y_Literatura_2023.pdf\" target=\"_blank\" rel=\"noreferrer noopener\">Lengua&nbsp;y Literatura<\/a><\/td><td class=\"has-text-align-center\" data-align=\"center\"><a href=\"https:\/\/ens7-caba.infd.edu.ar\/aula\/archivos\/repositorio\/\/5000\/5205\/41-42-43-44_Lengua_y_Literatura_2023.pdf\" target=\"_blank\" rel=\"noreferrer noopener\">Lengua&nbsp;y Literatura<\/a><\/td><\/tr><tr><td class=\"has-text-align-center\" data-align=\"center\"><a href=\"https:\/\/ens7-caba.infd.edu.ar\/aula\/archivos\/repositorio\/\/5000\/5194\/4tos_an_os-FRANCES_2023.pdf\" target=\"_blank\" rel=\"noreferrer noopener\">Franc\u00e9s<\/a>\/<a href=\"https:\/\/ens7-caba.infd.edu.ar\/aula\/archivos\/repositorio\/\/5000\/5203\/41-42-43-44-Ingles-2023.pdf\" target=\"_blank\" rel=\"noreferrer noopener\">Ingl\u00e9s<\/a><\/td><td class=\"has-text-align-center\" data-align=\"center\"><a href=\"https:\/\/ens7-caba.infd.edu.ar\/aula\/archivos\/repositorio\/\/5000\/5194\/4tos_an_os-FRANCES_2023.pdf\" target=\"_blank\" rel=\"noreferrer noopener\">Franc\u00e9s<\/a>\/<a href=\"https:\/\/ens7-caba.infd.edu.ar\/aula\/archivos\/repositorio\/\/5000\/5203\/41-42-43-44-Ingles-2023.pdf\" target=\"_blank\" rel=\"noreferrer noopener\">Ingl\u00e9s<\/a><\/td><td class=\"has-text-align-center\" data-align=\"center\"><a href=\"https:\/\/ens7-caba.infd.edu.ar\/aula\/archivos\/repositorio\/\/5000\/5194\/4tos_an_os-FRANCES_2023.pdf\" target=\"_blank\" rel=\"noreferrer noopener\">Franc\u00e9s<\/a>\/<a href=\"https:\/\/ens7-caba.infd.edu.ar\/aula\/archivos\/repositorio\/\/5000\/5203\/41-42-43-44-Ingles-2023.pdf\" target=\"_blank\" rel=\"noreferrer noopener\">Ingl\u00e9s<\/a><\/td><td class=\"has-text-align-center\" data-align=\"center\"><a href=\"https:\/\/ens7-caba.infd.edu.ar\/aula\/archivos\/repositorio\/\/5000\/5194\/4tos_an_os-FRANCES_2023.pdf\" target=\"_blank\" rel=\"noreferrer noopener\">Franc\u00e9s<\/a>\/<a rel=\"noreferrer noopener\" href=\"https:\/\/ens7-caba.infd.edu.ar\/aula\/archivos\/repositorio\/\/5000\/5203\/41-42-43-44-Ingles-2023.pdf\" target=\"_blank\">Ingl\u00e9s<\/a><\/td><\/tr><tr><td class=\"has-text-align-center\" data-align=\"center\"><a href=\"https:\/\/ens7-caba.infd.edu.ar\/aula\/archivos\/repositorio\/\/5000\/5204\/41424344-cen_al-fisica.pdf\" target=\"_blank\" rel=\"noreferrer noopener\">F\u00edsica<\/a><\/td><td class=\"has-text-align-center\" data-align=\"center\"><a href=\"https:\/\/ens7-caba.infd.edu.ar\/aula\/archivos\/repositorio\/\/5000\/5204\/41424344-cen_al-fisica.pdf\" target=\"_blank\" rel=\"noreferrer noopener\">F\u00edsica<\/a><\/td><td class=\"has-text-align-center\" data-align=\"center\"><a href=\"https:\/\/ens7-caba.infd.edu.ar\/aula\/archivos\/repositorio\/\/5000\/5204\/41424344-cen_al-fisica.pdf\" target=\"_blank\" rel=\"noreferrer noopener\">F\u00edsica<\/a><\/td><td class=\"has-text-align-center\" data-align=\"center\"><a href=\"https:\/\/ens7-caba.infd.edu.ar\/aula\/archivos\/repositorio\/\/5000\/5204\/41424344-cen_al-fisica.pdf\" target=\"_blank\" rel=\"noreferrer noopener\">F\u00edsica<\/a><\/td><\/tr><tr><td class=\"has-text-align-center\" data-align=\"center\"><a href=\"https:\/\/ens7-caba.infd.edu.ar\/aula\/archivos\/repositorio\/\/5000\/5195\/4TOS_AN_OS-CENTRANGOLO-CANEPA-CID-CRAVACOURE-HISTORIA.pdf\" target=\"_blank\" rel=\"noreferrer noopener\">Historia<\/a><\/td><td class=\"has-text-align-center\" data-align=\"center\"><a href=\"https:\/\/ens7-caba.infd.edu.ar\/aula\/archivos\/repositorio\/\/5000\/5195\/4TOS_AN_OS-CENTRANGOLO-CANEPA-CID-CRAVACOURE-HISTORIA.pdf\" target=\"_blank\" rel=\"noreferrer noopener\">Historia<\/a><\/td><td class=\"has-text-align-center\" data-align=\"center\"><a href=\"https:\/\/ens7-caba.infd.edu.ar\/aula\/archivos\/repositorio\/\/5000\/5195\/4TOS_AN_OS-CENTRANGOLO-CANEPA-CID-CRAVACOURE-HISTORIA.pdf\" target=\"_blank\" rel=\"noreferrer noopener\">Historia<\/a><\/td><td class=\"has-text-align-center\" data-align=\"center\"><a href=\"https:\/\/ens7-caba.infd.edu.ar\/aula\/archivos\/repositorio\/\/5000\/5195\/4TOS_AN_OS-CENTRANGOLO-CANEPA-CID-CRAVACOURE-HISTORIA.pdf\" target=\"_blank\" rel=\"noreferrer noopener\">Historia<\/a><\/td><\/tr><tr><td class=\"has-text-align-center\" data-align=\"center\"><a href=\"https:\/\/ens7-caba.infd.edu.ar\/aula\/archivos\/repositorio\/\/5000\/5200\/4tos_Geografia__2023.pdf\" target=\"_blank\" rel=\"noreferrer noopener\">Geograf\u00eda<\/a><\/td><td class=\"has-text-align-center\" data-align=\"center\"><a href=\"https:\/\/ens7-caba.infd.edu.ar\/aula\/archivos\/repositorio\/\/5000\/5200\/4tos_Geografia__2023.pdf\" target=\"_blank\" rel=\"noreferrer noopener\">Geograf\u00eda<\/a><\/td><td class=\"has-text-align-center\" data-align=\"center\"><a href=\"https:\/\/ens7-caba.infd.edu.ar\/aula\/archivos\/repositorio\/\/5000\/5200\/4tos_Geografia__2023.pdf\" target=\"_blank\" rel=\"noreferrer noopener\">Geograf\u00eda<\/a><\/td><td class=\"has-text-align-center\" data-align=\"center\"><a href=\"https:\/\/ens7-caba.infd.edu.ar\/aula\/archivos\/repositorio\/\/5000\/5200\/4tos_Geografia__2023.pdf\" target=\"_blank\" rel=\"noreferrer noopener\">Geograf\u00eda<\/a><\/td><\/tr><tr><td class=\"has-text-align-center\" data-align=\"center\"><a href=\"https:\/\/ens7-caba.infd.edu.ar\/aula\/archivos\/repositorio\/\/5000\/5207\/41_BEIZA_FEyC.pdf\" target=\"_blank\" rel=\"noreferrer noopener\">Formaci\u00f3n \u00c9tica y Ciudadana<\/a><\/td><td class=\"has-text-align-center\" data-align=\"center\"><a href=\"https:\/\/ens7-caba.infd.edu.ar\/aula\/archivos\/repositorio\/\/5000\/5207\/41_BEIZA_FEyC.pdf\" target=\"_blank\" rel=\"noreferrer noopener\">Formaci\u00f3n \u00c9tica y Ciudadana<\/a><\/td><td class=\"has-text-align-center\" data-align=\"center\"><a href=\"https:\/\/ens7-caba.infd.edu.ar\/aula\/archivos\/repositorio\/\/5000\/5207\/41_BEIZA_FEyC.pdf\" target=\"_blank\" rel=\"noreferrer noopener\">Formaci\u00f3n \u00c9tica y Ciudadana<\/a><\/td><td class=\"has-text-align-center\" data-align=\"center\"><a href=\"https:\/\/ens7-caba.infd.edu.ar\/aula\/archivos\/repositorio\/\/5000\/5206\/44_FEYC_2023.pdf\" target=\"_blank\" rel=\"noreferrer noopener\">Formaci\u00f3n \u00c9tica y Ciudadana<\/a><\/td><\/tr><tr><td class=\"has-text-align-center\" data-align=\"center\"><a href=\"https:\/\/ens7-caba.infd.edu.ar\/aula\/archivos\/repositorio\/\/5000\/5192\/41_42_43_44-TESTA-GOLATO-BLAZQUEN-Tec_de_la_informacion.pdf\" target=\"_blank\" rel=\"noreferrer noopener\">Tecnolog\u00edas de la Informaci\u00f3n<\/a><\/td><td class=\"has-text-align-center\" data-align=\"center\"><a href=\"https:\/\/ens7-caba.infd.edu.ar\/aula\/archivos\/repositorio\/\/5000\/5192\/41_42_43_44-TESTA-GOLATO-BLAZQUEN-Tec_de_la_informacion.pdf\" target=\"_blank\" rel=\"noreferrer noopener\">Tecnolog\u00edas de la Informaci\u00f3n<\/a><\/td><td class=\"has-text-align-center\" data-align=\"center\"><a href=\"https:\/\/ens7-caba.infd.edu.ar\/aula\/archivos\/repositorio\/\/5000\/5192\/41_42_43_44-TESTA-GOLATO-BLAZQUEN-Tec_de_la_informacion.pdf\" target=\"_blank\" rel=\"noreferrer noopener\">Tecnolog\u00edas de la informaci\u00f3n<\/a><\/td><td class=\"has-text-align-center\" data-align=\"center\"><a href=\"https:\/\/ens7-caba.infd.edu.ar\/aula\/archivos\/repositorio\/\/5000\/5192\/41_42_43_44-TESTA-GOLATO-BLAZQUEN-Tec_de_la_informacion.pdf\" target=\"_blank\" rel=\"noreferrer noopener\">Tecnolog\u00edas de la Informaci\u00f3n<\/a><\/td><\/tr><tr><td class=\"has-text-align-center\" data-align=\"center\"><a href=\"https:\/\/ens7-caba.infd.edu.ar\/aula\/archivos\/repositorio\/\/5000\/5198\/4tos_MUSICA_2023.pdf\" target=\"_blank\" rel=\"noreferrer noopener\">Artes M\u00fasica<\/a><\/td><td class=\"has-text-align-center\" data-align=\"center\"><a href=\"https:\/\/ens7-caba.infd.edu.ar\/aula\/archivos\/repositorio\/\/5000\/5198\/4tos_MUSICA_2023.pdf\" target=\"_blank\" rel=\"noreferrer noopener\">Artes M\u00fasica<\/a><\/td><td class=\"has-text-align-center\" data-align=\"center\"><a href=\"https:\/\/ens7-caba.infd.edu.ar\/aula\/archivos\/repositorio\/\/5000\/5198\/4tos_MUSICA_2023.pdf\" target=\"_blank\" rel=\"noreferrer noopener\">Artes M\u00fasica<\/a><\/td><td class=\"has-text-align-center\" data-align=\"center\"><a href=\"https:\/\/ens7-caba.infd.edu.ar\/aula\/archivos\/repositorio\/\/5000\/5198\/4tos_MUSICA_2023.pdf\" target=\"_blank\" rel=\"noreferrer noopener\">Artes M\u00fasica<\/a><\/td><\/tr><tr><td class=\"has-text-align-center\" data-align=\"center\"><a href=\"https:\/\/ens7-caba.infd.edu.ar\/aula\/archivos\/repositorio\/\/5000\/5236\/Artes_visuales_4tos_2023.pdf\" target=\"_blank\" rel=\"noreferrer noopener\">Artes Visuales<\/a><\/td><td class=\"has-text-align-center\" data-align=\"center\"><a href=\"https:\/\/ens7-caba.infd.edu.ar\/aula\/archivos\/repositorio\/\/5000\/5236\/Artes_visuales_4tos_2023.pdf\" target=\"_blank\" rel=\"noreferrer noopener\">Artes Visuales<\/a><\/td><td class=\"has-text-align-center\" data-align=\"center\"><a href=\"https:\/\/ens7-caba.infd.edu.ar\/aula\/archivos\/repositorio\/\/5000\/5236\/Artes_visuales_4tos_2023.pdf\" target=\"_blank\" rel=\"noreferrer noopener\">Artes Visuales<\/a><\/td><td class=\"has-text-align-center\" data-align=\"center\"><a href=\"https:\/\/ens7-caba.infd.edu.ar\/aula\/archivos\/repositorio\/\/5000\/5236\/Artes_visuales_4tos_2023.pdf\" target=\"_blank\" rel=\"noreferrer noopener\">Artes Visuales<\/a><\/td><\/tr><tr><td class=\"has-text-align-center\" data-align=\"center\">EDI<\/td><td class=\"has-text-align-center\" data-align=\"center\">EDI<\/td><td class=\"has-text-align-center\" data-align=\"center\"><a href=\"https:\/\/ens7-caba.infd.edu.ar\/aula\/archivos\/repositorio\/\/5250\/5265\/43_44_EDI_Proyecto_acompan_amiento_escritura_2023.pdf\">EDI<\/a><\/td><td class=\"has-text-align-center\" data-align=\"center\"><a href=\"https:\/\/ens7-caba.infd.edu.ar\/aula\/archivos\/repositorio\/\/5250\/5265\/43_44_EDI_Proyecto_acompan_amiento_escritura_2023.pdf\" target=\"_blank\" rel=\"noreferrer noopener\">EDI<\/a><\/td><\/tr><tr><td class=\"has-text-align-center\" data-align=\"center\"><a href=\"https:\/\/ens7-caba.infd.edu.ar\/aula\/archivos\/repositorio\/\/5000\/5240\/Ed_Fisica_4tos_2023.pdf\" target=\"_blank\" rel=\"noreferrer noopener\">Ed. F\u00edsica<\/a><\/td><td class=\"has-text-align-center\" data-align=\"center\"><a href=\"https:\/\/ens7-caba.infd.edu.ar\/aula\/archivos\/repositorio\/\/5000\/5240\/Ed_Fisica_4tos_2023.pdf\" target=\"_blank\" rel=\"noreferrer noopener\">Ed. F\u00edsica<\/a><\/td><td class=\"has-text-align-center\" data-align=\"center\"><a href=\"https:\/\/ens7-caba.infd.edu.ar\/aula\/archivos\/repositorio\/\/5000\/5240\/Ed_Fisica_4tos_2023.pdf\" target=\"_blank\" rel=\"noreferrer noopener\">Ed.F\u00edsica<\/a><\/td><td class=\"has-text-align-center\" data-align=\"center\"><a href=\"https:\/\/ens7-caba.infd.edu.ar\/aula\/archivos\/repositorio\/\/5000\/5240\/Ed_Fisica_4tos_2023.pdf\" target=\"_blank\" rel=\"noreferrer noopener\">Ed. F\u00edsica<\/a><\/td><\/tr><tr><td class=\"has-text-align-center\" data-align=\"center\"><a href=\"https:\/\/ens7-caba.infd.edu.ar\/aula\/archivos\/repositorio\/\/5000\/5191\/41_Arabia_Psicologia.pdf\" target=\"_blank\" rel=\"noreferrer noopener\">Psicolog\u00eda<\/a><\/td><td class=\"has-text-align-center\" data-align=\"center\"><a href=\"https:\/\/ens7-caba.infd.edu.ar\/aula\/archivos\/repositorio\/\/5000\/5208\/42_51_53_GUTIERREZ_QUIMICA.pdf\" target=\"_blank\" rel=\"noreferrer noopener\">Qu\u00edmica<\/a><\/td><td class=\"has-text-align-center\" data-align=\"center\"><a href=\"https:\/\/ens7-caba.infd.edu.ar\/aula\/archivos\/repositorio\/\/5250\/5262\/4344_MURUA_Educacion_y_Estado_2023.pdf\" target=\"_blank\" rel=\"noreferrer noopener\">Educaci\u00f3n y Estado<\/a><\/td><td class=\"has-text-align-center\" data-align=\"center\"><a href=\"https:\/\/ens7-caba.infd.edu.ar\/aula\/archivos\/repositorio\/\/5250\/5262\/4344_MURUA_Educacion_y_Estado_2023.pdf\" target=\"_blank\" rel=\"noreferrer noopener\">Educaci\u00f3n y Estado<\/a><\/td><\/tr><tr><td class=\"has-text-align-center\" data-align=\"center\"><a href=\"https:\/\/ens7-caba.infd.edu.ar\/aula\/archivos\/repositorio\/\/5250\/5267\/4_1-_Antropologia_cultural-Cetrangolo.pdf\" target=\"_blank\" rel=\"noreferrer noopener\">Antropolog\u00eda Cultural<\/a><\/td><td class=\"has-text-align-center\" data-align=\"center\"><a href=\"https:\/\/ens7-caba.infd.edu.ar\/aula\/archivos\/repositorio\/\/5000\/5201\/42-cen_al-Estructura_del_Universo.pdf\" target=\"_blank\" rel=\"noreferrer noopener\">Estructura del Universo<\/a><\/td><td class=\"has-text-align-center\" data-align=\"center\"><a href=\"https:\/\/ens7-caba.infd.edu.ar\/aula\/archivos\/repositorio\/\/5250\/5264\/43_44_Sujetos_de_la_educacion_2023_-Murua.pdf\" data-type=\"URL\" data-id=\"https:\/\/ens7-caba.infd.edu.ar\/aula\/archivos\/repositorio\/\/5250\/5264\/43_44_Sujetos_de_la_educacion_2023_-Murua.pdf\" target=\"_blank\" rel=\"noreferrer noopener\">Sujetos de la Educaci\u00f3n<\/a><\/td><td class=\"has-text-align-center\" data-align=\"center\"><a href=\"https:\/\/ens7-caba.infd.edu.ar\/aula\/archivos\/repositorio\/\/5250\/5264\/43_44_Sujetos_de_la_educacion_2023_-Murua.pdf\" target=\"_blank\" rel=\"noreferrer noopener\">Sujetos de la Educaci\u00f3n<\/a><\/td><\/tr><tr><td class=\"has-text-align-center\" data-align=\"center\"><a href=\"https:\/\/ens7-caba.infd.edu.ar\/aula\/archivos\/repositorio\/\/5000\/5199\/41-RODRIGUEZ_LUPO-SOCIOLOGIA.pdf\" target=\"_blank\" rel=\"noreferrer noopener\">Sociolog\u00eda<\/a><\/td><td class=\"has-text-align-center\" data-align=\"center\"><a href=\"https:\/\/ens7-caba.infd.edu.ar\/aula\/archivos\/repositorio\/\/5250\/5277\/42-Alcalde-_FILOSOFIA_DE_LA_CIENCIA_Y_LA_TECNOLOGIA.pdf\" target=\"_blank\" rel=\"noreferrer noopener\">Filosof\u00eda de la Ciencia y&nbsp;la Tecnolog\u00eda<\/a><\/td><td class=\"has-text-align-center\" data-align=\"center\"><a href=\"https:\/\/ens7-caba.infd.edu.ar\/aula\/archivos\/repositorio\/\/5250\/5263\/43_44_PERSPECTIVAS_PEDAGOGICAS-2023_-_Murua.pdf\" target=\"_blank\" rel=\"noreferrer noopener\">Perspectivas Pedag\u00f3gicas<\/a><\/td><td class=\"has-text-align-center\" data-align=\"center\"><a href=\"https:\/\/ens7-caba.infd.edu.ar\/aula\/archivos\/repositorio\/\/5250\/5263\/43_44_PERSPECTIVAS_PEDAGOGICAS-2023_-_Murua.pdf\" target=\"_blank\" rel=\"noreferrer noopener\">Perspectivas Pedag\u00f3gicas<\/a><\/td><\/tr><\/tbody><\/table><\/figure>\n","protected":false},"excerpt":{"rendered":"<p>4\u00ba 1\u00ba&nbsp; 4\u00ba 2\u00ba 4\u00ba 3\u00ba 4\u00ba 4\u00ba Matem\u00e1tica Matem\u00e1tica Matem\u00e1tica Matem\u00e1tica Lengua y Literatura Lengua y Literatura Lengua&nbsp;y Literatura Lengua&nbsp;y Literatura Franc\u00e9s\/Ingl\u00e9s Franc\u00e9s\/Ingl\u00e9s Franc\u00e9s\/Ingl\u00e9s Franc\u00e9s\/Ingl\u00e9s F\u00edsica F\u00edsica F\u00edsica F\u00edsica Historia Historia Historia Historia Geograf\u00eda Geograf\u00eda Geograf\u00eda Geograf\u00eda Formaci\u00f3n \u00c9tica y Ciudadana Formaci\u00f3n \u00c9tica y Ciudadana Formaci\u00f3n \u00c9tica y Ciudadana Formaci\u00f3n \u00c9tica y Ciudadana Tecnolog\u00edas &#8230; <a title=\"Programas 4\u00ba A\u00f1o 2023\" class=\"read-more\" href=\"https:\/\/ens7-caba.infd.edu.ar\/sitio\/programas-4o-ano-2023\/\" aria-label=\"More on Programas 4\u00ba A\u00f1o 2023\">[+]<\/a><\/p>\n","protected":false},"author":2274,"featured_media":0,"parent":0,"menu_order":0,"comment_status":"closed","ping_status":"closed","template":"","meta":[],"acf":[],"_links":{"self":[{"href":"https:\/\/ens7-caba.infd.edu.ar\/sitio\/wp-json\/wp\/v2\/pages\/3587"}],"collection":[{"href":"https:\/\/ens7-caba.infd.edu.ar\/sitio\/wp-json\/wp\/v2\/pages"}],"about":[{"href":"https:\/\/ens7-caba.infd.edu.ar\/sitio\/wp-json\/wp\/v2\/types\/page"}],"author":[{"embeddable":true,"href":"https:\/\/ens7-caba.infd.edu.ar\/sitio\/wp-json\/wp\/v2\/users\/2274"}],"replies":[{"embeddable":true,"href":"https:\/\/ens7-caba.infd.edu.ar\/sitio\/wp-json\/wp\/v2\/comments?post=3587"}],"version-history":[{"count":9,"href":"https:\/\/ens7-caba.infd.edu.ar\/sitio\/wp-json\/wp\/v2\/pages\/3587\/revisions"}],"predecessor-version":[{"id":3709,"href":"https:\/\/ens7-caba.infd.edu.ar\/sitio\/wp-json\/wp\/v2\/pages\/3587\/revisions\/3709"}],"wp:attachment":[{"href":"https:\/\/ens7-caba.infd.edu.ar\/sitio\/wp-json\/wp\/v2\/media?parent=3587"}],"curies":[{"name":"wp","href":"https:\/\/api.w.org\/{rel}","templated":true}]}}