{"id":3589,"date":"2023-03-31T20:33:06","date_gmt":"2023-03-31T23:33:06","guid":{"rendered":"https:\/\/ens7-caba.infd.edu.ar\/sitio\/?page_id=3589"},"modified":"2023-06-08T20:37:17","modified_gmt":"2023-06-08T23:37:17","slug":"programas-5o-ano-2023","status":"publish","type":"page","link":"https:\/\/ens7-caba.infd.edu.ar\/sitio\/programas-5o-ano-2023\/","title":{"rendered":"Programas 5\u00ba A\u00f1o 2023"},"content":{"rendered":"\n<figure class=\"wp-block-table\"><table><tbody><tr><td class=\"has-text-align-center\" data-align=\"center\"><strong>5\u00ba 1\u00ba&nbsp;<\/strong><\/td><td class=\"has-text-align-center\" data-align=\"center\"><strong>5\u00ba 2\u00ba<\/strong><\/td><td class=\"has-text-align-center\" data-align=\"center\"><strong>5\u00ba 3\u00ba<\/strong><\/td><td class=\"has-text-align-center\" data-align=\"center\"><strong>5\u00ba 4\u00ba<\/strong><\/td><\/tr><tr><td class=\"has-text-align-center\" data-align=\"center\"><a href=\"https:\/\/ens7-caba.infd.edu.ar\/aula\/archivos\/repositorio\/\/5000\/5211\/5tos_Matematica_2023.pdf\" target=\"_blank\" rel=\"noreferrer noopener\">Matem\u00e1tica<\/a><\/td><td class=\"has-text-align-center\" data-align=\"center\"><a href=\"https:\/\/ens7-caba.infd.edu.ar\/aula\/archivos\/repositorio\/\/5000\/5211\/5tos_Matematica_2023.pdf\" target=\"_blank\" rel=\"noreferrer noopener\">Matem\u00e1tica<\/a><\/td><td class=\"has-text-align-center\" data-align=\"center\"><a href=\"https:\/\/ens7-caba.infd.edu.ar\/aula\/archivos\/repositorio\/\/5000\/5211\/5tos_Matematica_2023.pdf\" target=\"_blank\" rel=\"noreferrer noopener\">Matem\u00e1tica<\/a><\/td><td class=\"has-text-align-center\" data-align=\"center\"><a href=\"https:\/\/ens7-caba.infd.edu.ar\/aula\/archivos\/repositorio\/\/5000\/5211\/5tos_Matematica_2023.pdf\" target=\"_blank\" rel=\"noreferrer noopener\">Matem\u00e1tica<\/a><\/td><\/tr><tr><td class=\"has-text-align-center\" data-align=\"center\"><a href=\"https:\/\/ens7-caba.infd.edu.ar\/aula\/archivos\/repositorio\/\/5000\/5209\/51-52-53-54_Lengua_y_Literatura_2023.pdf\" target=\"_blank\" rel=\"noreferrer noopener\">Lengua y Literatura<\/a><\/td><td class=\"has-text-align-center\" data-align=\"center\"><a href=\"https:\/\/ens7-caba.infd.edu.ar\/aula\/archivos\/repositorio\/\/5000\/5209\/51-52-53-54_Lengua_y_Literatura_2023.pdf\" target=\"_blank\" rel=\"noreferrer noopener\">Lengua y Literatura<\/a><\/td><td class=\"has-text-align-center\" data-align=\"center\"><a href=\"https:\/\/ens7-caba.infd.edu.ar\/aula\/archivos\/repositorio\/\/5000\/5209\/51-52-53-54_Lengua_y_Literatura_2023.pdf\" target=\"_blank\" rel=\"noreferrer noopener\">Lengua&nbsp;y Literatura<\/a><\/td><td class=\"has-text-align-center\" data-align=\"center\"><a href=\"https:\/\/ens7-caba.infd.edu.ar\/aula\/archivos\/repositorio\/\/5000\/5209\/51-52-53-54_Lengua_y_Literatura_2023.pdf\" target=\"_blank\" rel=\"noreferrer noopener\">Lengua&nbsp;y Literatura<\/a><\/td><\/tr><tr><td class=\"has-text-align-center\" data-align=\"center\"><a href=\"https:\/\/ens7-caba.infd.edu.ar\/aula\/archivos\/repositorio\/\/5000\/5215\/51_FERRON_FRANCES.pdf\" target=\"_blank\" rel=\"noreferrer noopener\">Franc\u00e9s<\/a>\/<a rel=\"noreferrer noopener\" href=\"https:\/\/ens7-caba.infd.edu.ar\/aula\/archivos\/repositorio\/\/5000\/5213\/51-52-53-54_-Ingles_2023.pdf\" target=\"_blank\">Ingl\u00e9s<\/a><\/td><td class=\"has-text-align-center\" data-align=\"center\"><a href=\"https:\/\/ens7-caba.infd.edu.ar\/aula\/archivos\/repositorio\/\/5250\/5260\/52_FERRON_FRANCES_.pdf\" target=\"_blank\" rel=\"noreferrer noopener\">Franc\u00e9s<\/a>\/<a rel=\"noreferrer noopener\" href=\"https:\/\/ens7-caba.infd.edu.ar\/aula\/archivos\/repositorio\/\/5000\/5213\/51-52-53-54_-Ingles_2023.pdf\" target=\"_blank\">Ingl\u00e9s<\/a><\/td><td class=\"has-text-align-center\" data-align=\"center\"><a href=\"https:\/\/ens7-caba.infd.edu.ar\/aula\/archivos\/repositorio\/\/5250\/5260\/52_FERRON_FRANCES_.pdf\" target=\"_blank\" rel=\"noreferrer noopener\">Franc\u00e9s<\/a>\/<a rel=\"noreferrer noopener\" href=\"https:\/\/ens7-caba.infd.edu.ar\/aula\/archivos\/repositorio\/\/5000\/5213\/51-52-53-54_-Ingles_2023.pdf\" target=\"_blank\">Ingl\u00e9s<\/a><\/td><td class=\"has-text-align-center\" data-align=\"center\"><a href=\"https:\/\/ens7-caba.infd.edu.ar\/aula\/archivos\/repositorio\/\/5250\/5260\/52_FERRON_FRANCES_.pdf\" target=\"_blank\" rel=\"noreferrer noopener\">Franc\u00e9s<\/a>\/<a rel=\"noreferrer noopener\" href=\"https:\/\/ens7-caba.infd.edu.ar\/aula\/archivos\/repositorio\/\/5000\/5213\/51-52-53-54_-Ingles_2023.pdf\" target=\"_blank\">Ingl\u00e9s<\/a><\/td><\/tr><tr><td class=\"has-text-align-center\" data-align=\"center\"><a href=\"https:\/\/ens7-caba.infd.edu.ar\/aula\/archivos\/repositorio\/\/5000\/5217\/51_DI_BENEDETTO-Geografia_Ambiental_y_Politica_2023.pdf\" target=\"_blank\" rel=\"noreferrer noopener\">Geograf\u00eda ambiental y pol\u00edtica<\/a><\/td><td class=\"has-text-align-center\" data-align=\"center\"><a href=\"https:\/\/ens7-caba.infd.edu.ar\/aula\/archivos\/repositorio\/\/5250\/5321\/ECOLOGIA_5TO_2DA.pdf\" data-type=\"URL\" data-id=\"https:\/\/ens7-caba.infd.edu.ar\/aula\/archivos\/repositorio\/\/5250\/5321\/ECOLOGIA_5TO_2DA.pdf\" target=\"_blank\" rel=\"noreferrer noopener\">Ecolog\u00eda<\/a><\/td><td class=\"has-text-align-center\" data-align=\"center\"><a href=\"https:\/\/ens7-caba.infd.edu.ar\/aula\/archivos\/repositorio\/\/5000\/5223\/53_54_EDUCACION_Y_GLOBALIZACION_2023.pdf\" target=\"_blank\" rel=\"noreferrer noopener\">&nbsp;Educaci\u00f3n y Globalizaci\u00f3n<\/a><\/td><td class=\"has-text-align-center\" data-align=\"center\">&nbsp;<a href=\"https:\/\/ens7-caba.infd.edu.ar\/aula\/archivos\/repositorio\/\/5000\/5223\/53_54_EDUCACION_Y_GLOBALIZACION_2023.pdf\" target=\"_blank\" rel=\"noreferrer noopener\">Educaci\u00f3n y Globalizaci\u00f3n<\/a><\/td><\/tr><tr><td class=\"has-text-align-center\" data-align=\"center\"><a href=\"https:\/\/ens7-caba.infd.edu.ar\/aula\/archivos\/repositorio\/\/5000\/5218\/5_1-Proyecto_en_Cs_Soc_y_H_DI_BENEDETTO-2023.pdf\" target=\"_blank\" rel=\"noreferrer noopener\">Proyecto de Investigaci\u00f3n en Cs. Sociales<\/a><\/td><td class=\"has-text-align-center\" data-align=\"center\"><a href=\"https:\/\/ens7-caba.infd.edu.ar\/aula\/archivos\/repositorio\/\/5250\/5283\/52-Alcalde-_ENERGIA_RADIACION_Y_VIDA.pdf\" target=\"_blank\" rel=\"noreferrer noopener\">Energ\u00eda, radiaci\u00f3n y Vida<\/a><\/td><td class=\"has-text-align-center\" data-align=\"center\"><a href=\"https:\/\/ens7-caba.infd.edu.ar\/aula\/archivos\/repositorio\/\/5000\/5219\/53-54_Educacion_y_Cultura_2023.pdf\" target=\"_blank\" rel=\"noreferrer noopener\">Educaci\u00f3n y cultura<\/a><\/td><td class=\"has-text-align-center\" data-align=\"center\"><a href=\"https:\/\/ens7-caba.infd.edu.ar\/aula\/archivos\/repositorio\/\/5000\/5219\/53-54_Educacion_y_Cultura_2023.pdf\" target=\"_blank\" rel=\"noreferrer noopener\">Educaci\u00f3n y cultura<\/a><\/td><\/tr><tr><td class=\"has-text-align-center\" data-align=\"center\"><a href=\"https:\/\/ens7-caba.infd.edu.ar\/aula\/archivos\/repositorio\/\/5000\/5224\/51-HOLTZ-SOCIEDADyESTADO.pdf\" target=\"_blank\" rel=\"noreferrer noopener\">Sociedad y Estado<\/a><\/td><td class=\"has-text-align-center\" data-align=\"center\"><a href=\"https:\/\/ens7-caba.infd.edu.ar\/aula\/archivos\/repositorio\/\/5250\/5316\/2023_Santillan_Problematicas_Cientificas.pdf\" target=\"_blank\" rel=\"noreferrer noopener\">Problem\u00e1ticas Cient\u00edficas con Impacto Social<\/a><\/td><td class=\"has-text-align-center\" data-align=\"center\"><a href=\"https:\/\/ens7-caba.infd.edu.ar\/aula\/archivos\/repositorio\/\/5250\/5276\/53_54_Proyecto_2023.pdf\" target=\"_blank\" rel=\"noreferrer noopener\">Proyecto final de inv. inicial e intervenci\u00f3n educativa<\/a><\/td><td class=\"has-text-align-center\" data-align=\"center\"><a href=\"https:\/\/ens7-caba.infd.edu.ar\/aula\/archivos\/repositorio\/\/5250\/5276\/53_54_Proyecto_2023.pdf\" target=\"_blank\" rel=\"noreferrer noopener\">Proyecto&nbsp;final de inv. inicial e intervenci\u00f3n educativa<\/a><\/td><\/tr><tr><td class=\"has-text-align-center\" data-align=\"center\"><a href=\"https:\/\/ens7-caba.infd.edu.ar\/aula\/archivos\/repositorio\/\/5250\/5281\/51_TIC_2023.pdf\" target=\"_blank\" rel=\"noreferrer noopener\">Tecnolog\u00edas de la Informaci\u00f3n<\/a><\/td><td class=\"has-text-align-center\" data-align=\"center\"><a href=\"https:\/\/ens7-caba.infd.edu.ar\/aula\/archivos\/repositorio\/\/5000\/5220\/52_53_54_Trillo-Tec_de_la_informacion_2023.pdf\" target=\"_blank\" rel=\"noreferrer noopener\">Tecnolog\u00edas de la Informaci\u00f3n<\/a><\/td><td class=\"has-text-align-center\" data-align=\"center\"><a href=\"https:\/\/ens7-caba.infd.edu.ar\/aula\/archivos\/repositorio\/\/5000\/5220\/52_53_54_Trillo-Tec_de_la_informacion_2023.pdf\" target=\"_blank\" rel=\"noreferrer noopener\">Tecnolog\u00edas de la Informaci\u00f3n<\/a><\/td><td class=\"has-text-align-center\" data-align=\"center\"><a href=\"https:\/\/ens7-caba.infd.edu.ar\/aula\/archivos\/repositorio\/\/5000\/5220\/52_53_54_Trillo-Tec_de_la_informacion_2023.pdf\" target=\"_blank\" rel=\"noreferrer noopener\">Tecnolog\u00edas de la Informaci\u00f3n<\/a><\/td><\/tr><tr><td class=\"has-text-align-center\" data-align=\"center\"><a href=\"https:\/\/ens7-caba.infd.edu.ar\/aula\/archivos\/repositorio\/\/5000\/5212\/5tos_Historia_Orientada_2023.pdf\" target=\"_blank\" rel=\"noreferrer noopener\">Historia<\/a><\/td><td class=\"has-text-align-center\" data-align=\"center\"><a href=\"https:\/\/ens7-caba.infd.edu.ar\/aula\/archivos\/repositorio\/\/5000\/5212\/5tos_Historia_Orientada_2023.pdf\" target=\"_blank\" rel=\"noreferrer noopener\">Historia<\/a><\/td><td class=\"has-text-align-center\" data-align=\"center\"><a href=\"https:\/\/ens7-caba.infd.edu.ar\/aula\/archivos\/repositorio\/\/5000\/5212\/5tos_Historia_Orientada_2023.pdf\" target=\"_blank\" rel=\"noreferrer noopener\">&nbsp;Historia<\/a><\/td><td class=\"has-text-align-center\" data-align=\"center\"><a href=\"https:\/\/ens7-caba.infd.edu.ar\/aula\/archivos\/repositorio\/\/5000\/5212\/5tos_Historia_Orientada_2023.pdf\" target=\"_blank\" rel=\"noreferrer noopener\">Historia<\/a><\/td><\/tr><tr><td class=\"has-text-align-center\" data-align=\"center\">EDI<\/td><td class=\"has-text-align-center\" data-align=\"center\">EDI<\/td><td class=\"has-text-align-center\" data-align=\"center\">EDI<\/td><td class=\"has-text-align-center\" data-align=\"center\">EDI<\/td><\/tr><tr><td class=\"has-text-align-center\" data-align=\"center\"><a href=\"https:\/\/ens7-caba.infd.edu.ar\/aula\/archivos\/repositorio\/\/5000\/5210\/51-52-CUBERLI-FILOSOFIA.pdf\" target=\"_blank\" rel=\"noreferrer noopener\">Filosof\u00eda<\/a><\/td><td class=\"has-text-align-center\" data-align=\"center\"><a href=\"https:\/\/ens7-caba.infd.edu.ar\/aula\/archivos\/repositorio\/\/5000\/5210\/51-52-CUBERLI-FILOSOFIA.pdf\" target=\"_blank\" rel=\"noreferrer noopener\">Filosof\u00eda<\/a><\/td><td class=\"has-text-align-center\" data-align=\"center\"><a href=\"https:\/\/ens7-caba.infd.edu.ar\/aula\/archivos\/repositorio\/\/5000\/5221\/53-54_Filosofia_2023.pdf\" target=\"_blank\" rel=\"noreferrer noopener\">Filosof\u00eda<\/a><\/td><td class=\"has-text-align-center\" data-align=\"center\"><a href=\"https:\/\/ens7-caba.infd.edu.ar\/aula\/archivos\/repositorio\/\/5000\/5221\/53-54_Filosofia_2023.pdf\" target=\"_blank\" rel=\"noreferrer noopener\">Filosof\u00eda<\/a><\/td><\/tr><tr><td class=\"has-text-align-center\" data-align=\"center\"><a href=\"https:\/\/ens7-caba.infd.edu.ar\/aula\/archivos\/repositorio\/\/5000\/5216\/42-51-53-54_QUIMICA_2023.pdf\" target=\"_blank\" rel=\"noreferrer noopener\">Qu\u00edmica<\/a><\/td><td class=\"has-text-align-center\" data-align=\"center\"><a href=\"https:\/\/ens7-caba.infd.edu.ar\/aula\/archivos\/repositorio\/\/5250\/5278\/52-Alcalde-_QUIMICA_ALIM._Y_SALUD.pdf\" target=\"_blank\" rel=\"noreferrer noopener\">Qu\u00edmica, Alimentaci\u00f3n&nbsp; y salud<\/a><\/td><td class=\"has-text-align-center\" data-align=\"center\"><a href=\"https:\/\/ens7-caba.infd.edu.ar\/aula\/archivos\/repositorio\/\/5000\/5216\/42-51-53-54_QUIMICA_2023.pdf\" target=\"_blank\" rel=\"noreferrer noopener\">Qu\u00edmica<\/a><\/td><td class=\"has-text-align-center\" data-align=\"center\"><a href=\"https:\/\/ens7-caba.infd.edu.ar\/aula\/archivos\/repositorio\/\/5000\/5216\/42-51-53-54_QUIMICA_2023.pdf\" target=\"_blank\" rel=\"noreferrer noopener\">Qu\u00edmica<\/a><\/td><\/tr><tr><td class=\"has-text-align-center\" data-align=\"center\"><a href=\"https:\/\/ens7-caba.infd.edu.ar\/aula\/archivos\/repositorio\/\/5000\/5214\/51-RODRIGUEZ_LUPO-Historia_Cultural_Latinoamericana.pdf\" target=\"_blank\" rel=\"noreferrer noopener\">Historia Cultural Latinoamericana<\/a><\/td><td class=\"has-text-align-center\" data-align=\"center\"><a href=\"https:\/\/ens7-caba.infd.edu.ar\/aula\/archivos\/repositorio\/\/5250\/5254\/Arte_y_Ciencia_5to_NES_2023.pdf\" target=\"_blank\" rel=\"noreferrer noopener\">Arte y Ciencia<\/a><\/td><td class=\"has-text-align-center\" data-align=\"center\"><a href=\"https:\/\/ens7-caba.infd.edu.ar\/aula\/archivos\/repositorio\/\/5000\/5222\/53-54_EDUCACION_Y_PSICOLOGIA_2023.pdf\" target=\"_blank\" rel=\"noreferrer noopener\">Educaci\u00f3n y Psicolog\u00eda<\/a><\/td><td class=\"has-text-align-center\" data-align=\"center\"><a href=\"https:\/\/ens7-caba.infd.edu.ar\/aula\/archivos\/repositorio\/\/5000\/5222\/53-54_EDUCACION_Y_PSICOLOGIA_2023.pdf\" target=\"_blank\" rel=\"noreferrer noopener\">Educaci\u00f3n y Psicolog\u00eda<\/a><\/td><\/tr><tr><td class=\"has-text-align-center\" data-align=\"center\"><a href=\"https:\/\/ens7-caba.infd.edu.ar\/aula\/archivos\/repositorio\/\/5000\/5237\/Ed_Fisica_5tos_2023.pdf\" target=\"_blank\" rel=\"noreferrer noopener\">Ed. F\u00edsica<\/a><\/td><td class=\"has-text-align-center\" data-align=\"center\"><a href=\"https:\/\/ens7-caba.infd.edu.ar\/aula\/archivos\/repositorio\/\/5000\/5237\/Ed_Fisica_5tos_2023.pdf\" target=\"_blank\" rel=\"noreferrer noopener\">Ed. F\u00edsica<\/a><\/td><td class=\"has-text-align-center\" data-align=\"center\"><a href=\"https:\/\/ens7-caba.infd.edu.ar\/aula\/archivos\/repositorio\/\/5000\/5237\/Ed_Fisica_5tos_2023.pdf\" target=\"_blank\" rel=\"noreferrer noopener\">Ed. F\u00edsica<\/a><\/td><td class=\"has-text-align-center\" data-align=\"center\"><a href=\"https:\/\/ens7-caba.infd.edu.ar\/aula\/archivos\/repositorio\/\/5000\/5237\/Ed_Fisica_5tos_2023.pdf\" target=\"_blank\" rel=\"noreferrer noopener\">Ed. F\u00edsica<\/a><\/td><\/tr><\/tbody><\/table><\/figure>\n","protected":false},"excerpt":{"rendered":"<p>5\u00ba 1\u00ba&nbsp; 5\u00ba 2\u00ba 5\u00ba 3\u00ba 5\u00ba 4\u00ba Matem\u00e1tica Matem\u00e1tica Matem\u00e1tica Matem\u00e1tica Lengua y Literatura Lengua y Literatura Lengua&nbsp;y Literatura Lengua&nbsp;y Literatura Franc\u00e9s\/Ingl\u00e9s Franc\u00e9s\/Ingl\u00e9s Franc\u00e9s\/Ingl\u00e9s Franc\u00e9s\/Ingl\u00e9s Geograf\u00eda ambiental y pol\u00edtica Ecolog\u00eda &nbsp;Educaci\u00f3n y Globalizaci\u00f3n &nbsp;Educaci\u00f3n y Globalizaci\u00f3n Proyecto de Investigaci\u00f3n en Cs. Sociales Energ\u00eda, radiaci\u00f3n y Vida Educaci\u00f3n y cultura Educaci\u00f3n y cultura Sociedad y &#8230; <a title=\"Programas 5\u00ba A\u00f1o 2023\" class=\"read-more\" href=\"https:\/\/ens7-caba.infd.edu.ar\/sitio\/programas-5o-ano-2023\/\" aria-label=\"More on Programas 5\u00ba A\u00f1o 2023\">[+]<\/a><\/p>\n","protected":false},"author":2274,"featured_media":0,"parent":0,"menu_order":0,"comment_status":"closed","ping_status":"closed","template":"","meta":[],"acf":[],"_links":{"self":[{"href":"https:\/\/ens7-caba.infd.edu.ar\/sitio\/wp-json\/wp\/v2\/pages\/3589"}],"collection":[{"href":"https:\/\/ens7-caba.infd.edu.ar\/sitio\/wp-json\/wp\/v2\/pages"}],"about":[{"href":"https:\/\/ens7-caba.infd.edu.ar\/sitio\/wp-json\/wp\/v2\/types\/page"}],"author":[{"embeddable":true,"href":"https:\/\/ens7-caba.infd.edu.ar\/sitio\/wp-json\/wp\/v2\/users\/2274"}],"replies":[{"embeddable":true,"href":"https:\/\/ens7-caba.infd.edu.ar\/sitio\/wp-json\/wp\/v2\/comments?post=3589"}],"version-history":[{"count":11,"href":"https:\/\/ens7-caba.infd.edu.ar\/sitio\/wp-json\/wp\/v2\/pages\/3589\/revisions"}],"predecessor-version":[{"id":3708,"href":"https:\/\/ens7-caba.infd.edu.ar\/sitio\/wp-json\/wp\/v2\/pages\/3589\/revisions\/3708"}],"wp:attachment":[{"href":"https:\/\/ens7-caba.infd.edu.ar\/sitio\/wp-json\/wp\/v2\/media?parent=3589"}],"curies":[{"name":"wp","href":"https:\/\/api.w.org\/{rel}","templated":true}]}}