{"id":866,"date":"2018-06-28T16:31:52","date_gmt":"2018-06-28T19:31:52","guid":{"rendered":"https:\/\/ens7-caba.infd.edu.ar\/sitio\/tramites-de-estudiantes\/"},"modified":"2024-02-28T00:57:34","modified_gmt":"2024-02-28T03:57:34","slug":"tramites-de-estudiantes","status":"publish","type":"page","link":"https:\/\/ens7-caba.infd.edu.ar\/sitio\/tramites-de-estudiantes\/","title":{"rendered":"Tr\u00e1mites de estudiantes"},"content":{"rendered":"<table style=\"height: 1318px;\" border=\"0\" width=\"1002\">\n<tbody>\n<tr style=\"background-color: rgba(45, 42, 103,70%); color: white;\">\n<td style=\"text-align: center;\"><span style=\"font-size: 16pt;\" data-mce-mark=\"1\">Gu\u00eda de tr\u00e1mites de Estudiantes<\/span><\/td>\n<\/tr>\n<tr style=\"background-color: rgba(87, 85, 133,30%);\">\n<td style=\"text-align: center;\"><span style=\"color: #000000;\">&nbsp;Mail de bedel\u00eda para consultas: ens7_bedelia@bue.edu.ar<\/span><\/td>\n<\/tr>\n<tr>\n<td><span style=\"font-size: 12pt;\" data-mce-mark=\"1\"><a title=\"Tr\u00e1mites Libreta\" href=\"https:\/\/ens7-caba.infd.edu.ar\/sitio\/tramites-libreta\/\">Libreta de Estudiante<\/a><\/span><\/td>\n<\/tr>\n<tr>\n<td><span style=\"font-size: 12pt;\" data-mce-mark=\"1\"><a title=\"Tr\u00e1mites Constancia de alumno regular\" href=\"https:\/\/ens7-caba.infd.edu.ar\/sitio\/tramites-constancia-de-alumno-regular\/\">Constancia de Estudiante regular<\/a><\/span><\/td>\n<\/tr>\n<tr>\n<td><span style=\"font-size: 12pt;\" data-mce-mark=\"1\"><a title=\"Tr\u00e1mites Cons examen parcial\" href=\"https:\/\/ens7-caba.infd.edu.ar\/sitio\/tramites-cons-examen-parcial\/\">Constancia de Examen Parcial o Final<\/a><\/span><\/td>\n<\/tr>\n<tr>\n<td><span style=\"font-size: 12pt;\" data-mce-mark=\"1\"><a title=\"Tr\u00e1mites Cons Porc mat aprob\" href=\"https:\/\/ens7-caba.infd.edu.ar\/sitio\/tramites-cons-porc-mat-aprob\/\">Porcentaje de Materias Aprobadas<\/a><\/span><\/td>\n<\/tr>\n<tr>\n<td><span style=\"font-size: 12pt;\" data-mce-mark=\"1\"><a title=\"Tr\u00e1mites solicitud de equivalencias\" href=\"https:\/\/ens7-caba.infd.edu.ar\/sitio\/tramites-solicitud-de-equivalencias\/\">Solicitud de Equivalencias<\/a><\/span><\/td>\n<\/tr>\n<tr>\n<td><span style=\"font-size: 12pt;\" data-mce-mark=\"1\"><a title=\"Tr\u00e1mites Observaciones\" href=\"https:\/\/ens7-caba.infd.edu.ar\/sitio\/tramites-observaciones\/\">Autorizaciones para realizar Observaciones<\/a><\/span><\/td>\n<\/tr>\n<tr>\n<td><span style=\"font-size: 12pt;\" data-mce-mark=\"1\"><a title=\"Tr\u00e1mite Cons Asist a Practicas\" href=\"https:\/\/ens7-caba.infd.edu.ar\/sitio\/tramite-cons-asist-a-practicas\/\">Constancia de Asistencia a las Pr\u00e1cticas Docentes<\/a><\/span><\/td>\n<\/tr>\n<tr>\n<td><span style=\"font-size: 12pt;\" data-mce-mark=\"1\"><a title=\"Tr\u00e1mite Solicitud de Estudiante Volante\" href=\"https:\/\/ens7-caba.infd.edu.ar\/sitio\/tramite-solicitud-de-estudiante-volante\/\">Autorizaci\u00f3n para ser Estudiante Volante<\/a><\/span><\/td>\n<\/tr>\n<tr>\n<td><span style=\"font-size: 12pt;\" data-mce-mark=\"1\"><a title=\"Tr\u00e1mites T\u00edtulo en Tramite\" href=\"https:\/\/ens7-caba.infd.edu.ar\/sitio\/tramites-titulo-en-tramite\/\">Constancia de T\u00edtulo en Tr\u00e1mite<\/a><\/span><\/td>\n<\/tr>\n<tr>\n<td><span style=\"font-size: 12pt;\" data-mce-mark=\"1\"><a title=\"Tramites pase en tramite\" href=\"https:\/\/ens7-caba.infd.edu.ar\/sitio\/tramites-pase-en-tramite\/\">Constancia de Pase en tr\u00e1mite<\/a><\/span><\/td>\n<\/tr>\n<tr>\n<td><span style=\"font-size: 12pt;\" data-mce-mark=\"1\"><a title=\"Tr\u00e1mites sol Programas Legalizados\" href=\"https:\/\/ens7-caba.infd.edu.ar\/sitio\/tramites-sol-programas-legalizados\/\">Solicitud de Programas Legalizados<\/a><\/span><\/td>\n<\/tr>\n<tr>\n<td><span style=\"font-size: 12pt;\" data-mce-mark=\"1\"><a title=\"Tr\u00e1mites Const res 10814\" href=\"https:\/\/ens7-caba.infd.edu.ar\/sitio\/tramites-const-res-10814\/\">Constancia Resoluci\u00f3n 10814\/2011 para estudiantes de PEP<\/a><\/span><\/td>\n<\/tr>\n<tr>\n<td><span style=\"font-size: 12pt;\"><a title=\"Tramites equiv plan anterior\" href=\"https:\/\/ens7-caba.infd.edu.ar\/sitio\/tramites-equiv-plan-anterior\/\">Equivalencias Autom\u00e1ticas para estudiantes de los planes actuales del<\/a>&nbsp;<\/span><a style=\"font-size: 12pt;\" title=\"Tramites equiv plan anterior\" href=\"index.cgi?wid_item=89&amp;wid_seccion=26\">Profesorado Educaci\u00f3n Primaria y Profesorado Educaci\u00f3n Inicial<\/a><\/td>\n<\/tr>\n<tr>\n<td><span style=\"font-size: 12pt;\" data-mce-mark=\"1\"><a title=\"Tr\u00e1mite por duplicado de t\u00edtulo por extrav\u00edo\" href=\"https:\/\/ens7-caba.infd.edu.ar\/sitio\/tramite-por-duplicado-de-titulo-por-extravio\/\">Tramitaci\u00f3n de duplicado de t\u00edtulo por extrav\u00edo<\/a><\/span><\/td>\n<\/tr>\n<tr>\n<td><span style=\"font-size: 12pt;\" data-mce-mark=\"1\"><a title=\"Tramite cert analitico\" href=\"https:\/\/ens7-caba.infd.edu.ar\/sitio\/tramite-cert-analitico\/\">Tramitaci\u00f3n de certificado anal\u00edtico<\/a><\/span><\/td>\n<\/tr>\n<tr>\n<td><span style=\"font-size: 12pt;\" data-mce-mark=\"1\"><a title=\"Tramite cond examen final\" href=\"https:\/\/ens7-caba.infd.edu.ar\/sitio\/tramite-cond-examen-final\/\">Condiciones para Rendir Examen Final<\/a>&nbsp;<\/span><\/td>\n<\/tr>\n<\/tbody>\n<\/table>\n","protected":false},"excerpt":{"rendered":"<p>Gu\u00eda de tr\u00e1mites de Estudiantes &nbsp;Mail de bedel\u00eda para consultas: ens7_bedelia@bue.edu.ar Libreta de Estudiante Constancia de Estudiante regular Constancia de Examen Parcial o Final Porcentaje de Materias Aprobadas Solicitud de Equivalencias Autorizaciones para realizar Observaciones Constancia de Asistencia a las Pr\u00e1cticas Docentes Autorizaci\u00f3n para ser Estudiante Volante Constancia de T\u00edtulo en Tr\u00e1mite Constancia de Pase &#8230; <a title=\"Tr\u00e1mites de estudiantes\" class=\"read-more\" href=\"https:\/\/ens7-caba.infd.edu.ar\/sitio\/tramites-de-estudiantes\/\" aria-label=\"More on Tr\u00e1mites de estudiantes\">[+]<\/a><\/p>\n","protected":false},"author":2274,"featured_media":0,"parent":0,"menu_order":0,"comment_status":"closed","ping_status":"closed","template":"","meta":[],"acf":[],"_links":{"self":[{"href":"https:\/\/ens7-caba.infd.edu.ar\/sitio\/wp-json\/wp\/v2\/pages\/866"}],"collection":[{"href":"https:\/\/ens7-caba.infd.edu.ar\/sitio\/wp-json\/wp\/v2\/pages"}],"about":[{"href":"https:\/\/ens7-caba.infd.edu.ar\/sitio\/wp-json\/wp\/v2\/types\/page"}],"author":[{"embeddable":true,"href":"https:\/\/ens7-caba.infd.edu.ar\/sitio\/wp-json\/wp\/v2\/users\/2274"}],"replies":[{"embeddable":true,"href":"https:\/\/ens7-caba.infd.edu.ar\/sitio\/wp-json\/wp\/v2\/comments?post=866"}],"version-history":[{"count":6,"href":"https:\/\/ens7-caba.infd.edu.ar\/sitio\/wp-json\/wp\/v2\/pages\/866\/revisions"}],"predecessor-version":[{"id":4115,"href":"https:\/\/ens7-caba.infd.edu.ar\/sitio\/wp-json\/wp\/v2\/pages\/866\/revisions\/4115"}],"wp:attachment":[{"href":"https:\/\/ens7-caba.infd.edu.ar\/sitio\/wp-json\/wp\/v2\/media?parent=866"}],"curies":[{"name":"wp","href":"https:\/\/api.w.org\/{rel}","templated":true}]}}