{"id":902,"date":"2018-07-03T17:10:14","date_gmt":"2018-07-03T20:10:14","guid":{"rendered":"https:\/\/ens7-caba.infd.edu.ar\/sitio\/?page_id=902"},"modified":"2022-07-14T09:20:57","modified_gmt":"2022-07-14T12:20:57","slug":"tramites-libreta","status":"publish","type":"page","link":"https:\/\/ens7-caba.infd.edu.ar\/sitio\/tramites-libreta\/","title":{"rendered":"Tr\u00e1mites Libreta"},"content":{"rendered":"<p style=\"text-align: center;\">\n<div id=\"m_-9122958071648971785yiv5387754127gmail-m_987943407352034165yui_3_16_0_ym19_1_1478550229765_76341\" style=\"text-align: center;\"><strong><em><span style=\"font-family: 'comic sans ms', sans-serif; font-size: 12pt; color: #800000;\">Con el fin de gestionar de forma m\u00e1s eficiente las distintas constancias solicitadas por ustedes, as\u00ed como para asegurarles un mayor control durante el trayecto formativo, les recordamos que es obligatorio el uso de la libreta estudiantil. La misma les ser\u00e1 requerida en todas las mesas de ex\u00e1menes y en el inicio de todo tr\u00e1mite acad\u00e9mico.\u00a0<\/span><\/em><\/strong><\/div>\n<div id=\"m_-9122958071648971785yiv5387754127gmail-m_987943407352034165yui_3_16_0_ym19_1_1478550229765_76341\" style=\"text-align: center;\"><strong><em><span style=\"font-family: 'comic sans ms', sans-serif; font-size: 12pt; color: #800000;\">Pueden adquirirla en Bedel\u00eda, de lunes a viernes en los siguientes horarios:<\/span><\/em><\/strong><\/div>\n<div id=\"m_-9122958071648971785yiv5387754127gmail-m_987943407352034165yui_3_16_0_ym19_1_1478550229765_76341\" style=\"text-align: center;\"><strong><em><span style=\"font-family: 'comic sans ms', sans-serif; font-size: 12pt; color: #800000;\">TM: 8.30 a 11.30 hs.<\/span><\/em><\/strong><\/div>\n<div id=\"m_-9122958071648971785yiv5387754127gmail-m_987943407352034165yui_3_16_0_ym19_1_1478550229765_76341\" style=\"text-align: center;\"><strong><em><span style=\"font-family: 'comic sans ms', sans-serif; font-size: 12pt; color: #800000;\">TV: 18.30 a 21.30 hs.\u00a0<\/span><\/em><\/strong><\/div>\n<p style=\"text-align: center;\">\n<ul>\n<li><span style=\"font-size: 12pt; font-family: 'comic sans ms', sans-serif; color: #800000;\">Para obtenerla LIBRETA DE ESTUDIANTE debe acreditar la condici\u00f3n de estudiante regular, estando inscripto en al menos una instancia curricular y haber asistido al menos tres semanas a la misma.<\/span><\/li>\n<\/ul>\n<p><span style=\"color: #800000; font-family: 'comic sans ms', sans-serif;\"><span style=\"font-size: 15.555556297302246px;\">\u00a0<\/span><\/span><\/p>\n<ul>\n<li><span style=\"font-size: 12pt; font-family: 'comic sans ms', sans-serif; color: #800000;\">Completar con los datos solicitados y dejar en bedel\u00eda.<\/span><\/li>\n<\/ul>\n<p><span style=\"color: #800000; font-family: 'comic sans ms', sans-serif;\"><span style=\"font-size: 15.555556297302246px;\">\u00a0<\/span><\/span><\/p>\n<ul>\n<li><span style=\"font-size: 12pt; font-family: 'comic sans ms', sans-serif; color: #800000;\">Duraci\u00f3n del tr\u00e1mite: 48 hs.<\/span><\/li>\n<\/ul>\n<p><span style=\"font-size: 12pt; font-family: 'comic sans ms', sans-serif; color: #800000;\"><strong>\u00a0<\/strong><\/span><\/p>\n","protected":false},"excerpt":{"rendered":"<p>Con el fin de gestionar de forma m\u00e1s eficiente las distintas constancias solicitadas por ustedes, as\u00ed como para asegurarles un mayor control durante el trayecto formativo, les recordamos que es obligatorio el uso de la libreta estudiantil. La misma les ser\u00e1 requerida en todas las mesas de ex\u00e1menes y en el inicio de todo tr\u00e1mite &#8230; <a title=\"Tr\u00e1mites Libreta\" class=\"read-more\" href=\"https:\/\/ens7-caba.infd.edu.ar\/sitio\/tramites-libreta\/\" aria-label=\"More on Tr\u00e1mites Libreta\">[+]<\/a><\/p>\n","protected":false},"author":2274,"featured_media":0,"parent":0,"menu_order":0,"comment_status":"closed","ping_status":"closed","template":"","meta":[],"acf":[],"_links":{"self":[{"href":"https:\/\/ens7-caba.infd.edu.ar\/sitio\/wp-json\/wp\/v2\/pages\/902"}],"collection":[{"href":"https:\/\/ens7-caba.infd.edu.ar\/sitio\/wp-json\/wp\/v2\/pages"}],"about":[{"href":"https:\/\/ens7-caba.infd.edu.ar\/sitio\/wp-json\/wp\/v2\/types\/page"}],"author":[{"embeddable":true,"href":"https:\/\/ens7-caba.infd.edu.ar\/sitio\/wp-json\/wp\/v2\/users\/2274"}],"replies":[{"embeddable":true,"href":"https:\/\/ens7-caba.infd.edu.ar\/sitio\/wp-json\/wp\/v2\/comments?post=902"}],"version-history":[{"count":2,"href":"https:\/\/ens7-caba.infd.edu.ar\/sitio\/wp-json\/wp\/v2\/pages\/902\/revisions"}],"predecessor-version":[{"id":3272,"href":"https:\/\/ens7-caba.infd.edu.ar\/sitio\/wp-json\/wp\/v2\/pages\/902\/revisions\/3272"}],"wp:attachment":[{"href":"https:\/\/ens7-caba.infd.edu.ar\/sitio\/wp-json\/wp\/v2\/media?parent=902"}],"curies":[{"name":"wp","href":"https:\/\/api.w.org\/{rel}","templated":true}]}}