{"id":907,"date":"2018-07-03T17:30:51","date_gmt":"2018-07-03T20:30:51","guid":{"rendered":"https:\/\/ens7-caba.infd.edu.ar\/sitio\/?page_id=907"},"modified":"2018-07-10T12:52:21","modified_gmt":"2018-07-10T15:52:21","slug":"tramites-const-res-10814","status":"publish","type":"page","link":"https:\/\/ens7-caba.infd.edu.ar\/sitio\/tramites-const-res-10814\/","title":{"rendered":"Tr\u00e1mites Const res 10814"},"content":{"rendered":"<p>&nbsp;<\/p>\n<ul>\n<li><span style=\"color: #800000; font-family: 'comic sans ms', sans-serif; font-size: 12pt;\">Solicitar en bedel\u00eda.<\/span><\/li>\n<\/ul>\n<p><span style=\"color: #800000; font-family: 'comic sans ms', sans-serif; font-size: 12pt;\">\u00a0<\/span><\/p>\n<ul>\n<li><span style=\"color: #800000; font-family: 'comic sans ms', sans-serif; font-size: 12pt;\">Duraci\u00f3n del tr\u00e1mite: 7 d\u00edas.\u00a0<\/span><\/li>\n<\/ul>\n<p><span style=\"color: #800000; font-family: 'comic sans ms', sans-serif; font-size: 12pt;\"><strong>\u00a0<\/strong><\/span><\/p>\n<p><span style=\"text-decoration: underline;\"><span style=\"color: #800000; font-family: 'comic sans ms', sans-serif; font-size: 12pt;\"><strong>Tener en cuenta que:<\/strong><\/span><\/span><\/p>\n<p><span style=\"color: #800000; font-family: 'comic sans ms', sans-serif; font-size: 12pt;\">&#8211; Una vez retirado el tr\u00e1mite de bedel\u00eda, se presenta la constancia en Direcci\u00f3n del \u00c1rea de Educaci\u00f3n Primaria &#8211; Esmeralda 55 6\u00ba piso de lunes a viernes de 8.30 a 18.00 hs. \u2013 Tel: 4339-1810\/11\/31.<\/span><\/p>\n","protected":false},"excerpt":{"rendered":"<p>&nbsp; Solicitar en bedel\u00eda. \u00a0 Duraci\u00f3n del tr\u00e1mite: 7 d\u00edas.\u00a0 \u00a0 Tener en cuenta que: &#8211; Una vez retirado el tr\u00e1mite de bedel\u00eda, se presenta la constancia en Direcci\u00f3n del \u00c1rea de Educaci\u00f3n Primaria &#8211; Esmeralda 55 6\u00ba piso de lunes a viernes de 8.30 a 18.00 hs. \u2013 Tel: 4339-1810\/11\/31.<\/p>\n","protected":false},"author":2274,"featured_media":0,"parent":0,"menu_order":0,"comment_status":"closed","ping_status":"closed","template":"","meta":[],"acf":[],"_links":{"self":[{"href":"https:\/\/ens7-caba.infd.edu.ar\/sitio\/wp-json\/wp\/v2\/pages\/907"}],"collection":[{"href":"https:\/\/ens7-caba.infd.edu.ar\/sitio\/wp-json\/wp\/v2\/pages"}],"about":[{"href":"https:\/\/ens7-caba.infd.edu.ar\/sitio\/wp-json\/wp\/v2\/types\/page"}],"author":[{"embeddable":true,"href":"https:\/\/ens7-caba.infd.edu.ar\/sitio\/wp-json\/wp\/v2\/users\/2274"}],"replies":[{"embeddable":true,"href":"https:\/\/ens7-caba.infd.edu.ar\/sitio\/wp-json\/wp\/v2\/comments?post=907"}],"version-history":[{"count":1,"href":"https:\/\/ens7-caba.infd.edu.ar\/sitio\/wp-json\/wp\/v2\/pages\/907\/revisions"}],"predecessor-version":[{"id":1278,"href":"https:\/\/ens7-caba.infd.edu.ar\/sitio\/wp-json\/wp\/v2\/pages\/907\/revisions\/1278"}],"wp:attachment":[{"href":"https:\/\/ens7-caba.infd.edu.ar\/sitio\/wp-json\/wp\/v2\/media?parent=907"}],"curies":[{"name":"wp","href":"https:\/\/api.w.org\/{rel}","templated":true}]}}