{"id":970,"date":"2018-06-28T16:32:46","date_gmt":"2018-06-28T19:32:46","guid":{"rendered":"https:\/\/ens7-caba.infd.edu.ar\/sitio\/datos-del-nivel\/"},"modified":"2024-08-21T22:12:44","modified_gmt":"2024-08-22T01:12:44","slug":"datos-del-nivel","status":"publish","type":"page","link":"https:\/\/ens7-caba.infd.edu.ar\/sitio\/datos-del-nivel\/","title":{"rendered":"Datos del Nivel"},"content":{"rendered":"<div style=\"visibility: visible; width: 540px; margin: auto; text-align: center;\">\n<table style=\"width: 515px; height: 234px;\" border=\"0\">\n<tbody>\n<tr>\n<td><img decoding=\"async\" loading=\"lazy\" src=\"https:\/\/ens7-caba.infd.edu.ar\/aula\/archivos\/repositorio\/1750\/1949\/datos_del_nivel_2.jpg\" alt=\"\" width=\"289\" height=\"217\" border=\"0\" \/><\/td>\n<\/tr>\n<\/tbody>\n<\/table>\n<p style=\"text-align: left;\">\u00a0<span style=\"font-family: tahoma, arial, helvetica, sans-serif; font-size: 12pt; color: #800000;\">Tiene su entrada por la calle\u00a0Humahuaca 4260. \u00a0<\/span><\/p>\n<p><span style=\"color: #800000;\"><em><span style=\"font-family: tahoma, arial, helvetica, sans-serif; font-size: 12pt;\"><strong>Horario<\/strong><\/span><\/em><\/span><\/p>\n<div class=\"ecxgmail_default\"><span style=\"font-family: tahoma, arial, helvetica, sans-serif; font-size: 12pt; color: #800000;\"><strong>Turno Ma\u00f1ana: <\/strong>De\u00a08.30 a 11.45 hs.<\/span><\/div>\n<div class=\"ecxgmail_default\"><span style=\"font-family: tahoma, arial, helvetica, sans-serif; font-size: 12pt; color: #800000;\"><strong>Turno Tarde:<\/strong>\u00a0<span style=\"font-family: tahoma, arial, helvetica, sans-serif; font-size: 12pt;\">De 13.00 a 16.15 hs.<\/span><br \/>\nLa escuela ofrece salas de 2, 3, 4 y 5 a\u00f1os en ambos turnos<\/span><\/div>\n<\/div>\n<p><span style=\"color: #800000;\"><em><span style=\"font-family: tahoma, arial, helvetica, sans-serif; font-size: 12pt;\"><strong>\u200b\u200b<\/strong><strong>Autoridades:<\/strong>\u00a0<\/span><\/em><\/span><\/p>\n<p><span style=\"font-family: tahoma, arial, helvetica, sans-serif; font-size: 12pt; color: #800000;\"><em><strong>Directora:\u00a0<\/strong><\/em> Prof.\u00a0Roxana Costa\u00a0<\/span><\/p>\n<p><span style=\"color: #800000;\"><strong style=\"font-family: tahoma, arial, helvetica, sans-serif; font-size: 12pt;\"><em>Maestra secretaria<\/em>:<\/strong><span style=\"font-family: tahoma, arial, helvetica, sans-serif; font-size: 12pt;\"> Prof. Laura Arismendi Ca\u00f1al<\/span><\/span><\/p>\n<p><span style=\"color: #800000;\">\u00a0<\/span><\/p>\n<p><span style=\"color: #800000;\"><em><strong><span style=\"font-family: tahoma, arial, helvetica, sans-serif; font-size: 12pt;\">Docentes:<\/span><\/strong><\/em><\/span><\/p>\n<table style=\"height: 1102px;\" width=\"667\">\n<tbody>\n<tr>\n<td width=\"241\">\n<p style=\"text-align: center;\"><span style=\"color: #800000;\"><strong>Turno Ma\u00f1ana<\/strong><\/span><\/p>\n<\/td>\n<td style=\"text-align: center;\" width=\"241\"><span style=\"color: #800000;\"><strong>Turno Tarde<\/strong><\/span><\/td>\n<\/tr>\n<tr>\n<td width=\"241\">\n<p style=\"text-align: center;\"><span style=\"color: #800000;\"><strong><em>Sala 2 a\u00f1os<\/em><\/strong><\/span><\/p>\n<\/td>\n<td style=\"text-align: center;\" width=\"241\"><span style=\"color: #800000;\"><strong><em>Sala 2 a\u00f1os<\/em><\/strong><\/span><\/td>\n<\/tr>\n<tr>\n<td width=\"241\">\n<p style=\"text-align: center;\"><span style=\"color: #800000;\">Carmen D\u00edaz<\/span><\/p>\n<p style=\"text-align: center;\"><span style=\"color: #800000;\"><strong>Maestra Auxiliar<\/strong><\/span><\/p>\n<p style=\"text-align: center;\"><span style=\"color: #800000;\">Lucila Marmurek<\/span><\/p>\n<\/td>\n<td width=\"241\">\n<p style=\"text-align: center;\"><span style=\"color: #800000;\">Emilce Sofr\u00e1<\/span><\/p>\n<p style=\"text-align: center;\"><span style=\"color: #800000;\"><strong>Maestra Auxiliar<\/strong><\/span><\/p>\n<p style=\"text-align: center;\"><span style=\"color: #800000;\">Mar\u00eda Celeste Lavandeira<\/span><\/p>\n<\/td>\n<\/tr>\n<tr>\n<td width=\"241\">\n<p style=\"text-align: center;\"><span style=\"color: #800000;\"><strong><em>Sala 3 a\u00f1os<\/em><\/strong><\/span><\/p>\n<\/td>\n<td width=\"241\">\n<p style=\"text-align: center;\"><span style=\"color: #800000;\"><strong><em>Sala 3 a\u00f1os<\/em><\/strong><\/span><\/p>\n<\/td>\n<\/tr>\n<tr>\n<td width=\"241\">\n<p style=\"text-align: center;\"><span style=\"color: #800000;\">Alejandra Gils<\/span><\/p>\n<p style=\"text-align: center;\"><span style=\"color: #800000;\"><strong>Maestra auxiliar<\/strong><\/span><\/p>\n<p style=\"text-align: center;\"><span style=\"color: #800000;\">Leila Haiek<\/span><\/p>\n<\/td>\n<td width=\"241\">\n<p style=\"text-align: center;\"><span style=\"color: #800000;\">Mail\u00e9n Accareddu<\/span><\/p>\n<p style=\"text-align: center;\"><span style=\"color: #800000;\"><strong>Maestra auxiliar<\/strong><\/span><\/p>\n<p style=\"text-align: center;\"><span style=\"color: #800000;\">Carina N\u00e1poli<\/span><\/p>\n<\/td>\n<\/tr>\n<tr>\n<td width=\"241\">\n<p style=\"text-align: center;\"><span style=\"color: #800000;\"><strong><em>Sala 4 a\u00f1os<\/em><\/strong><\/span><\/p>\n<\/td>\n<td width=\"241\">\n<p style=\"text-align: center;\"><span style=\"color: #800000;\"><strong><em>Sala 4 a\u00f1os<\/em><\/strong><\/span><\/p>\n<\/td>\n<\/tr>\n<tr>\n<td width=\"241\">\n<p style=\"text-align: center;\"><span style=\"color: #800000;\">Mariana Fern\u00e1ndez<\/span><\/p>\n<\/td>\n<td width=\"241\">\n<p style=\"text-align: center;\"><span style=\"color: #800000;\">Cecilia de Arteaga<\/span><\/p>\n<\/td>\n<\/tr>\n<tr>\n<td width=\"241\">\n<p style=\"text-align: center;\"><span style=\"color: #800000;\"><strong><em>Sala 5 a\u00f1os<\/em><\/strong><\/span><\/p>\n<\/td>\n<td width=\"241\">\n<p style=\"text-align: center;\"><span style=\"color: #800000;\"><strong><em>Sala 5 a\u00f1os<\/em><\/strong><\/span><\/p>\n<\/td>\n<\/tr>\n<tr>\n<td width=\"241\">\n<p style=\"text-align: center;\"><span style=\"color: #800000;\">Valeria Joubert<\/span><\/p>\n<\/td>\n<td width=\"241\">\n<p style=\"text-align: center;\"><span style=\"color: #800000;\">Claudia Romano<\/span><\/p>\n<\/td>\n<\/tr>\n<tr>\n<td width=\"241\">\n<p style=\"text-align: center;\"><span style=\"color: #800000;\"><strong>Maestra Auxiliar Salas 4 y 5<\/strong><\/span><\/p>\n<p style=\"text-align: center;\"><span style=\"color: #800000;\">Mar\u00eda Bel\u00e9n \u00c1lvarez<\/span><\/p>\n<\/td>\n<td width=\"241\">\n<p style=\"text-align: center;\"><span style=\"color: #800000;\"><strong>Maestra Auxiliar Salas 4 y5<\/strong><\/span><\/p>\n<p style=\"text-align: center;\"><span style=\"color: #800000;\">Valeria Joubert<\/span><\/p>\n<\/td>\n<\/tr>\n<tr>\n<td width=\"241\">\n<p style=\"text-align: center;\"><span style=\"color: #800000;\"><strong>Prof. M\u00fasica TM y TT<\/strong><\/span><\/p>\n<\/td>\n<td width=\"241\">\n<p style=\"text-align: center;\"><span style=\"color: #800000;\">Mar\u00eda Soledad Dumon<\/span><\/p>\n<\/td>\n<\/tr>\n<tr>\n<td width=\"241\">\n<p style=\"text-align: center;\"><span style=\"color: #800000;\"><strong>Prof. Educaci\u00f3n F\u00edsica TM<\/strong><\/span><\/p>\n<\/td>\n<td width=\"241\">\n<p style=\"text-align: center;\"><span style=\"color: #800000;\">Dalia Plaun<\/span><\/p>\n<\/td>\n<\/tr>\n<tr>\n<td style=\"text-align: center;\" width=\"241\"><span style=\"color: #800000;\"><strong>Prof. Educaci\u00f3n F\u00edsica TT<\/strong><\/span><\/td>\n<td width=\"241\">\n<p style=\"text-align: center;\"><span style=\"color: #800000;\">Camila Aiello<\/span><\/p>\n<\/td>\n<\/tr>\n<\/tbody>\n<\/table>\n","protected":false},"excerpt":{"rendered":"<p>\u00a0Tiene su entrada por la calle\u00a0Humahuaca 4260. \u00a0 Horario Turno Ma\u00f1ana: De\u00a08.30 a 11.45 hs. Turno Tarde:\u00a0De 13.00 a 16.15 hs. La escuela ofrece salas de 2, 3, 4 y 5 a\u00f1os en ambos turnos \u200b\u200bAutoridades:\u00a0 Directora:\u00a0 Prof.\u00a0Roxana Costa\u00a0 Maestra secretaria: Prof. Laura Arismendi Ca\u00f1al \u00a0 Docentes: Turno Ma\u00f1ana Turno Tarde Sala 2 a\u00f1os Sala &#8230; <a title=\"Datos del Nivel\" class=\"read-more\" href=\"https:\/\/ens7-caba.infd.edu.ar\/sitio\/datos-del-nivel\/\" aria-label=\"More on Datos del Nivel\">[+]<\/a><\/p>\n","protected":false},"author":2274,"featured_media":0,"parent":0,"menu_order":0,"comment_status":"closed","ping_status":"closed","template":"","meta":[],"acf":[],"_links":{"self":[{"href":"https:\/\/ens7-caba.infd.edu.ar\/sitio\/wp-json\/wp\/v2\/pages\/970"}],"collection":[{"href":"https:\/\/ens7-caba.infd.edu.ar\/sitio\/wp-json\/wp\/v2\/pages"}],"about":[{"href":"https:\/\/ens7-caba.infd.edu.ar\/sitio\/wp-json\/wp\/v2\/types\/page"}],"author":[{"embeddable":true,"href":"https:\/\/ens7-caba.infd.edu.ar\/sitio\/wp-json\/wp\/v2\/users\/2274"}],"replies":[{"embeddable":true,"href":"https:\/\/ens7-caba.infd.edu.ar\/sitio\/wp-json\/wp\/v2\/comments?post=970"}],"version-history":[{"count":6,"href":"https:\/\/ens7-caba.infd.edu.ar\/sitio\/wp-json\/wp\/v2\/pages\/970\/revisions"}],"predecessor-version":[{"id":4361,"href":"https:\/\/ens7-caba.infd.edu.ar\/sitio\/wp-json\/wp\/v2\/pages\/970\/revisions\/4361"}],"wp:attachment":[{"href":"https:\/\/ens7-caba.infd.edu.ar\/sitio\/wp-json\/wp\/v2\/media?parent=970"}],"curies":[{"name":"wp","href":"https:\/\/api.w.org\/{rel}","templated":true}]}}

<div style="visibility: visible; width: 540px; margin: auto; text-align: center;">
<table style="width: 515px; height: 234px;" border="0">
<tbody>
<tr>
<td><img decoding="async" loading="lazy" src="https://ens7-caba.infd.edu.ar/aula/archivos/repositorio/1750/1949/datos_del_nivel_2.jpg" alt="" width="289" height="217" border="0" /></td>
</tr>
</tbody>
</table>
<p style="text-align: left;"> <span style="font-family: tahoma, arial, helvetica, sans-serif; font-size: 12pt; color: #800000;">Tiene su entrada por la calle Humahuaca 4260.  </span></p>
<p><span style="color: #800000;"><em><span style="font-family: tahoma, arial, helvetica, sans-serif; font-size: 12pt;"><strong>Horario</strong></span></em></span></p>
<div class="ecxgmail_default"><span style="font-family: tahoma, arial, helvetica, sans-serif; font-size: 12pt; color: #800000;"><strong>Turno Mañana: </strong>De 8.30 a 11.45 hs.</span></div>
<div class="ecxgmail_default"><span style="font-family: tahoma, arial, helvetica, sans-serif; font-size: 12pt; color: #800000;"><strong>Turno Tarde:</strong> <span style="font-family: tahoma, arial, helvetica, sans-serif; font-size: 12pt;">De 13.00 a 16.15 hs.</span><br />
La escuela ofrece salas de 2, 3, 4 y 5 años en ambos turnos</span></div>
</div>
<p><span style="color: #800000;"><em><span style="font-family: tahoma, arial, helvetica, sans-serif; font-size: 12pt;"><strong>​​</strong><strong>Autoridades:</strong> </span></em></span></p>
<p><span style="font-family: tahoma, arial, helvetica, sans-serif; font-size: 12pt; color: #800000;"><em><strong>Directora: </strong></em> Prof. Roxana Costa </span></p>
<p><span style="color: #800000;"><strong style="font-family: tahoma, arial, helvetica, sans-serif; font-size: 12pt;"><em>Maestra secretaria</em>:</strong><span style="font-family: tahoma, arial, helvetica, sans-serif; font-size: 12pt;"> Prof. Laura Arismendi Cañal</span></span></p>
<p><span style="color: #800000;"> </span></p>
<p><span style="color: #800000;"><em><strong><span style="font-family: tahoma, arial, helvetica, sans-serif; font-size: 12pt;">Docentes:</span></strong></em></span></p>
<table style="height: 1102px;" width="667">
<tbody>
<tr>
<td width="241">
<p style="text-align: center;"><span style="color: #800000;"><strong>Turno Mañana</strong></span></p>
</td>
<td style="text-align: center;" width="241"><span style="color: #800000;"><strong>Turno Tarde</strong></span></td>
</tr>
<tr>
<td width="241">
<p style="text-align: center;"><span style="color: #800000;"><strong><em>Sala 2 años</em></strong></span></p>
</td>
<td style="text-align: center;" width="241"><span style="color: #800000;"><strong><em>Sala 2 años</em></strong></span></td>
</tr>
<tr>
<td width="241">
<p style="text-align: center;"><span style="color: #800000;">Carmen Díaz</span></p>
<p style="text-align: center;"><span style="color: #800000;"><strong>Maestra Auxiliar</strong></span></p>
<p style="text-align: center;"><span style="color: #800000;">Lucila Marmurek</span></p>
</td>
<td width="241">
<p style="text-align: center;"><span style="color: #800000;">Emilce Sofrá</span></p>
<p style="text-align: center;"><span style="color: #800000;"><strong>Maestra Auxiliar</strong></span></p>
<p style="text-align: center;"><span style="color: #800000;">María Celeste Lavandeira</span></p>
</td>
</tr>
<tr>
<td width="241">
<p style="text-align: center;"><span style="color: #800000;"><strong><em>Sala 3 años</em></strong></span></p>
</td>
<td width="241">
<p style="text-align: center;"><span style="color: #800000;"><strong><em>Sala 3 años</em></strong></span></p>
</td>
</tr>
<tr>
<td width="241">
<p style="text-align: center;"><span style="color: #800000;">Alejandra Gils</span></p>
<p style="text-align: center;"><span style="color: #800000;"><strong>Maestra auxiliar</strong></span></p>
<p style="text-align: center;"><span style="color: #800000;">Leila Haiek</span></p>
</td>
<td width="241">
<p style="text-align: center;"><span style="color: #800000;">Mailén Accareddu</span></p>
<p style="text-align: center;"><span style="color: #800000;"><strong>Maestra auxiliar</strong></span></p>
<p style="text-align: center;"><span style="color: #800000;">Carina Nápoli</span></p>
</td>
</tr>
<tr>
<td width="241">
<p style="text-align: center;"><span style="color: #800000;"><strong><em>Sala 4 años</em></strong></span></p>
</td>
<td width="241">
<p style="text-align: center;"><span style="color: #800000;"><strong><em>Sala 4 años</em></strong></span></p>
</td>
</tr>
<tr>
<td width="241">
<p style="text-align: center;"><span style="color: #800000;">Mariana Fernández</span></p>
</td>
<td width="241">
<p style="text-align: center;"><span style="color: #800000;">Cecilia de Arteaga</span></p>
</td>
</tr>
<tr>
<td width="241">
<p style="text-align: center;"><span style="color: #800000;"><strong><em>Sala 5 años</em></strong></span></p>
</td>
<td width="241">
<p style="text-align: center;"><span style="color: #800000;"><strong><em>Sala 5 años</em></strong></span></p>
</td>
</tr>
<tr>
<td width="241">
<p style="text-align: center;"><span style="color: #800000;">Valeria Joubert</span></p>
</td>
<td width="241">
<p style="text-align: center;"><span style="color: #800000;">Claudia Romano</span></p>
</td>
</tr>
<tr>
<td width="241">
<p style="text-align: center;"><span style="color: #800000;"><strong>Maestra Auxiliar Salas 4 y 5</strong></span></p>
<p style="text-align: center;"><span style="color: #800000;">María Belén Álvarez</span></p>
</td>
<td width="241">
<p style="text-align: center;"><span style="color: #800000;"><strong>Maestra Auxiliar Salas 4 y5</strong></span></p>
<p style="text-align: center;"><span style="color: #800000;">Valeria Joubert</span></p>
</td>
</tr>
<tr>
<td width="241">
<p style="text-align: center;"><span style="color: #800000;"><strong>Prof. Música TM y TT</strong></span></p>
</td>
<td width="241">
<p style="text-align: center;"><span style="color: #800000;">María Soledad Dumon</span></p>
</td>
</tr>
<tr>
<td width="241">
<p style="text-align: center;"><span style="color: #800000;"><strong>Prof. Educación Física TM</strong></span></p>
</td>
<td width="241">
<p style="text-align: center;"><span style="color: #800000;">Dalia Plaun</span></p>
</td>
</tr>
<tr>
<td style="text-align: center;" width="241"><span style="color: #800000;"><strong>Prof. Educación Física TT</strong></span></td>
<td width="241">
<p style="text-align: center;"><span style="color: #800000;">Camila Aiello</span></p>
</td>
</tr>
</tbody>
</table>

<p> Tiene su entrada por la calle Humahuaca 4260.   Horario Turno Mañana: De 8.30 a 11.45 hs. Turno Tarde: De 13.00 a 16.15 hs. La escuela ofrece salas de 2, 3, 4 y 5 años en ambos turnos ​​Autoridades:  Directora:  Prof. Roxana Costa  Maestra secretaria: Prof. Laura Arismendi Cañal   Docentes: Turno Mañana Turno Tarde Sala 2 años Sala &#8230; <a title="Datos del Nivel" class="read-more" href="https://ens7-caba.infd.edu.ar/sitio/datos-del-nivel/" aria-label="More on Datos del Nivel">[+]</a></p>
