{"id":996,"date":"2018-06-28T16:32:59","date_gmt":"2018-06-28T19:32:59","guid":{"rendered":"https:\/\/ens7-caba.infd.edu.ar\/sitio\/consejo-consultivo\/"},"modified":"2026-03-24T16:44:53","modified_gmt":"2026-03-24T19:44:53","slug":"consejo-consultivo","status":"publish","type":"page","link":"https:\/\/ens7-caba.infd.edu.ar\/sitio\/consejo-consultivo\/","title":{"rendered":"Consejo Consultivo"},"content":{"rendered":"<figure class=\"wp-block-table\">\n<table>\n<tbody>\n<tr style=\"background-color: #2d2a67;\">\n<td class=\"has-text-align-center\" colspan=\"2\" data-align=\"center\"><strong><span style=\"color: #ffffff;\">Consejo Consultivo<\/span><\/strong><\/td>\n<\/tr>\n<tr>\n<td class=\"has-text-align-left\" style=\"width: 25%;\" data-align=\"left\"><strong>Rectora<\/strong><\/td>\n<td>Mar\u00eda Patricia Frontini<\/td>\n<\/tr>\n<tr>\n<td class=\"has-text-align-left\" data-align=\"left\"><strong>Vicerrectora<\/strong><\/td>\n<td>Silvina Lofeudo<\/td>\n<\/tr>\n<tr>\n<td class=\"has-text-align-left\" data-align=\"left\"><strong>Directora<\/strong><\/td>\n<td>\u00c1ngeles Aguirre<\/td>\n<\/tr>\n<tr>\n<td class=\"has-text-align-left\" data-align=\"left\"><strong>Vicedirectora<\/strong><\/td>\n<td>Cristina Romero Lamas<\/td>\n<\/tr>\n<tr>\n<td class=\"has-text-align-left\" data-align=\"left\"><strong>Asesora pedag\u00f3gica<\/strong><\/td>\n<td>Adriana Frutos<\/td>\n<\/tr>\n<\/tbody>\n<\/table>\n<\/figure>\n<figure class=\"wp-block-table\">\n<table>\n<tbody>\n<tr>\n<td style=\"background-color: #2d2a67; text-align: center;\" colspan=\"2\"><span style=\"color: #ffffff;\"><strong>Coordinadores de \u00c1rea<\/strong><\/span><\/td>\n<\/tr>\n<tr>\n<td style=\"width: 50%;\"><strong>Ciencias Sociales<\/strong><\/td>\n<td>Gabriela Di Benedetto<\/td>\n<\/tr>\n<tr>\n<td><strong>Expresi\u00f3n<\/strong><\/td>\n<td>M\u00f3nica Scarfone<\/td>\n<\/tr>\n<tr>\n<td><strong>Ciencias Exactas y Naturales<\/strong><\/td>\n<td>Silvia Benitez<\/td>\n<\/tr>\n<tr>\n<td><strong>Comunicaci\u00f3n<\/strong><\/td>\n<td>Claudio Occhi<\/td>\n<\/tr>\n<tr>\n<td><strong>Bachiller con Orientaci\u00f3n en Cs. Sociales y Humanidades<\/strong><\/td>\n<td>Soledad Giusti<\/td>\n<\/tr>\n<tr>\n<td><strong><strong>Bachiller con Orientaci\u00f3n en Educaci\u00f3n<\/strong><\/strong><\/td>\n<td>M\u00f3nica Vallejos Ortigoza<\/td>\n<\/tr>\n<tr>\n<td><strong>Bachiller con Orientaci\u00f3n en Cs. Naturales<\/strong><\/td>\n<td>Melisa Ayala<\/td>\n<\/tr>\n<\/tbody>\n<\/table>\n<\/figure>\n<figure class=\"wp-block-table\">\n<table>\n<tbody>\n<tr>\n<td style=\"background-color: #2d2a67; text-align: center;\" colspan=\"2\"><span style=\"color: #ffffff;\"><strong>Jefatura<\/strong><\/span><\/td>\n<\/tr>\n<tr>\n<td style=\"width: 25%;\"><strong>Jefa de Preceptores<\/strong><\/td>\n<td>Patricia Tejeda<\/td>\n<\/tr>\n<tr>\n<td><strong>Subjefa de Preceptores<\/strong><\/td>\n<td>Claudia Garc\u00eda<\/td>\n<\/tr>\n<\/tbody>\n<\/table>\n<\/figure>\n<figure class=\"wp-block-table\">\n<table>\n<tbody>\n<tr>\n<td style=\"background-color: #2d2a67; text-align: center;\" colspan=\"2\"><span style=\"color: #ffffff;\"><strong>Departamento de Orientaci\u00f3n<\/strong><\/span><\/td>\n<\/tr>\n<tr>\n<td style=\"width: 25%;\"><strong>Psicopedagoga<\/strong><\/td>\n<td>Roc\u00edo P\u00e9rez<\/td>\n<\/tr>\n<tr>\n<td><strong>Psic\u00f3logo<\/strong><\/td>\n<td>Pablo Habif<\/td>\n<\/tr>\n<\/tbody>\n<\/table>\n<\/figure>\n","protected":false},"excerpt":{"rendered":"<p>Consejo Consultivo Rectora Mar\u00eda Patricia Frontini Vicerrectora Silvina Lofeudo Directora \u00c1ngeles Aguirre Vicedirectora Cristina Romero Lamas Asesora pedag\u00f3gica Adriana Frutos Coordinadores de \u00c1rea Ciencias Sociales Gabriela Di Benedetto Expresi\u00f3n M\u00f3nica Scarfone Ciencias Exactas y Naturales Silvia Benitez Comunicaci\u00f3n Claudio Occhi Bachiller con Orientaci\u00f3n en Cs. Sociales y Humanidades Soledad Giusti Bachiller con Orientaci\u00f3n en Educaci\u00f3n &#8230; <a title=\"Consejo Consultivo\" class=\"read-more\" href=\"https:\/\/ens7-caba.infd.edu.ar\/sitio\/consejo-consultivo\/\" aria-label=\"More on Consejo Consultivo\">[+]<\/a><\/p>\n","protected":false},"author":2274,"featured_media":0,"parent":0,"menu_order":0,"comment_status":"closed","ping_status":"closed","template":"","meta":[],"acf":[],"_links":{"self":[{"href":"https:\/\/ens7-caba.infd.edu.ar\/sitio\/wp-json\/wp\/v2\/pages\/996"}],"collection":[{"href":"https:\/\/ens7-caba.infd.edu.ar\/sitio\/wp-json\/wp\/v2\/pages"}],"about":[{"href":"https:\/\/ens7-caba.infd.edu.ar\/sitio\/wp-json\/wp\/v2\/types\/page"}],"author":[{"embeddable":true,"href":"https:\/\/ens7-caba.infd.edu.ar\/sitio\/wp-json\/wp\/v2\/users\/2274"}],"replies":[{"embeddable":true,"href":"https:\/\/ens7-caba.infd.edu.ar\/sitio\/wp-json\/wp\/v2\/comments?post=996"}],"version-history":[{"count":19,"href":"https:\/\/ens7-caba.infd.edu.ar\/sitio\/wp-json\/wp\/v2\/pages\/996\/revisions"}],"predecessor-version":[{"id":4868,"href":"https:\/\/ens7-caba.infd.edu.ar\/sitio\/wp-json\/wp\/v2\/pages\/996\/revisions\/4868"}],"wp:attachment":[{"href":"https:\/\/ens7-caba.infd.edu.ar\/sitio\/wp-json\/wp\/v2\/media?parent=996"}],"curies":[{"name":"wp","href":"https:\/\/api.w.org\/{rel}","templated":true}]}}